460
CXUS54 KEWX 011010
CF6SSF
PRELIMINARY LOCAL CLIMATOLOGICAL DATA (WS FORM: F-6)
STATION: SAN ANTONIO STINSON FIELD
MONTH: MARCH
YEAR: 2021
LATITUDE: 29 19 N
LONGITUDE: 98 29 W
TEMPERATURE IN F: :PCPN: SNOW: WIND :SUNSHINE: SKY :PK WND
================================================================================
1 2 3 4 5 6A 6B 7 8 9 10 11 12 13 14 15 16 17 18
12Z AVG MX 2MIN
DY MAX MIN AVG DEP HDD CDD WTR SNW DPTH SPD SPD DIR MIN PSBL S-S WX SPD DR
================================================================================
1 71 52 62 3 3 0 0.01 M M 15.1 29 20 M M 10 43 20
2 67 44 56 -4 9 0 0.00 M M 7.2 16 40 M M 1 24 60
3 71 36 54 -6 11 0 0.00 M M 3.3 15 140 M M 0 21 140
4 76 42 59 -1 6 0 0.00 M M 6.6 17 140 M M 0 24 180
5 80 58 69 9 0 4 0.00 M M 8.8 25 350 M M 5 43 360
6 68 48 58 -2 7 0 0.00 M M 10.1 20 350 M M 2 29 340
7 69 42 56 -5 9 0 0.00 M M 4.6 15 120 M M 2 20 110
8 72 49 61 0 4 0 0.00 M M 8.0 18 120 M M 7 24 120
9 77 54 66 5 0 1 0.00 M M 10.7 24 170 M M 8 12 32 170
10 83 62 73 11 0 8 0.00 M M 14.5 26 140 M M 6 39 140
11 79 64 72 10 0 7 0.00 M M 12.5 23 140 M M 9 33 170
12 80 67 74 12 0 9 0.01 M M 13.0 24 130 M M 9 1 35 140
13 79 66 73 11 0 8 0.07 M M 14.2 29 140 M M 9 1 41 130
14 76 53 65 3 0 0 0.16 M M 6.6 23 150 M M 6 1 33 150
15 82 M M M M M 0.00 M M 5.6 13 160 M M 0 18 150
16 84 M M M M M 0.00 M M 9.0 20 120 M M 8 18 27 160
17 82 61 72 9 0 7 0.01 M M 13.7 28 290 M M 6 18 42 320
18 76 51 64 1 1 0 0.00 M M 10.4 23 360 M M 0 32 20
19 74 48 61 -3 4 0 0.00 M M 7.1 15 40 M M 0 22 30
20 72 42 57 -7 8 0 0.00 M M 5.0 14 110 M M 0 21 110
21 77 44 61 -3 4 0 0.00 M M 8.3 21 140 M M 1 1 27 130
22 75 55 65 1 0 0 0.00 M M 9.8 24 130 M M 9 33 130
23 83 51 67 2 0 2 0.45 M M 3.1 25 300 M M 3 138 37 310
24 80 51 66 1 0 1 0.01 M M 8.0 21 140 M M 6 1 30 140
25 79 59 69 4 0 4 0.01 M M 8.7 25 350 M M 3 44 330
26 87 49 68 3 0 3 0.00 M M 6.1 18 130 M M 0 23 130
27 90 65 78 12 0 13 0.00 M M 5.5 16 160 M M 6 18 21 170
28 76 54 65 -1 0 0 0.15 M M 12.5 29 10 M M 6 3 46 20
29 77 46 62 -4 3 0 M M M 7.1 13 140 M M 6 22 130
30 83 62 73 7 0 8 T M M 6.5 15 170 M M 7 12 24 170
31 76 62 69 2 0 4 T M M 10.9 23 30 M M 9 18 36 10
================================================================================
SM 2401 1537 69 79 0.88 M 272.5 M 144
================================================================================
AV 77.5 53.0 8.8 FASTST M M 5 MAX(MPH)
MISC ----> # 29 20 46 20
================================================================================
NOTES:
# LAST OF SEVERAL OCCURRENCES
COLUMN 17 PEAK WIND IN M.P.H.
PRELIMINARY LOCAL CLIMATOLOGICAL DATA (WS FORM: F-6) , PAGE 2
STATION: SAN ANTONIO STINSON FIELD
MONTH: MARCH
YEAR: 2021
LATITUDE: 29 19 N
LONGITUDE: 98 29 W
[TEMPERATURE DATA] [PRECIPITATION DATA] SYMBOLS USED IN COLUMN 16
AVERAGE MONTHLY: 65.2 TOTAL FOR MONTH: 0.88 1 = FOG OR MIST
DPTR FM NORMAL: 2.2 DPTR FM NORMAL: -1.43 2 = FOG REDUCING VISIBILITY
HIGHEST: 90 ON 27 GRTST 24HR 0.45 ON 23-23 TO 1/4 MILE OR LESS
LOWEST: 36 ON 3 3 = THUNDER
SNOW, ICE PELLETS, HAIL 4 = ICE PELLETS
TOTAL MONTH: M 5 = HAIL
GRTST 24HR M ON M 6 = FREEZING RAIN OR DRIZZLE
GRTST DEPTH: M ON M 7 = DUSTSTORM OR SANDSTORM:
VSBY 1/2 MILE OR LESS
8 = SMOKE OR HAZE
[NO. OF DAYS WITH] [WEATHER - DAYS WITH] 9 = BLOWING SNOW
X = TORNADO
MAX 32 OR BELOW: 0 0.01 INCH OR MORE: 9
MAX 90 OR ABOVE: 1 0.10 INCH OR MORE: 3
MIN 32 OR BELOW: 0 0.50 INCH OR MORE: 0
MIN 0 OR BELOW: 0 1.00 INCH OR MORE: 0
[HDD (BASE 65) ]
TOTAL THIS MO. 69 CLEAR (SCALE 0-3) 13
DPTR FM NORMAL -66 PTCLDY (SCALE 4-7) 12
TOTAL FM JUL 1 1384 CLOUDY (SCALE 8-10) 6
DPTR FM NORMAL 4
[CDD (BASE 65) ]
TOTAL THIS MO. 79
DPTR FM NORMAL 7 [PRESSURE DATA]
TOTAL FM JAN 1 100 HIGHEST SLP 30.41 ON 8
DPTR FM NORMAL -2 LOWEST SLP 29.51 ON 25
[REMARKS]
#FINAL-03-21#