000
CXUS54 KEWX 011010
CF6SSF
PRELIMINARY LOCAL CLIMATOLOGICAL DATA (WS FORM: F-6)
STATION: SAN ANTONIO STINSON FIELD
MONTH: SEPTEMBER
YEAR: 2023
LATITUDE: 29 19 N
LONGITUDE: 98 29 W
TEMPERATURE IN F: :PCPN: SNOW: WIND :SUNSHINE: SKY :PK WND
================================================================================
1 2 3 4 5 6A 6B 7 8 9 10 11 12 13 14 15 16 17 18
12Z AVG MX 2MIN
DY MAX MIN AVG DEP HDD CDD WTR SNW DPTH SPD SPD DIR MIN PSBL S-S WX SPD DR
================================================================================
1 102 73 88 4 0 23 0.00 M M 4.7 14 150 M M 0 21 160
2 102 73 88 4 0 23 0.00 M M 3.8 15 160 M M 0 21 70
3 102 73 88 4 0 23 0.00 M M 5.9 18 150 M M 0 27 150
4 104 80 92 8 0 27 0.00 M M 9.0 22 150 M M 4 32 150
5 104 80 92 8 0 27 0.00 M M 11.3 20 150 M M 3 28 150
6 103 79 91 7 0 26 0.00 M M 5.5 15 160 M M 2 22 150
7 104 80 92 9 0 27 0.00 M M 6.1 15 120 M M 1 24 160
8 106 77 92 9 0 27 0.00 M M 4.9 15 160 M M 0 20 170
9 103 76 90 7 0 25 0.03 M M 6.3 30 360 M M 1 3 43 10
10 103 75 89 6 0 24 T M M 5.2 15 300 M M 0 23 50
11 100 78 89 7 0 24 0.00 M M 6.5 15 160 M M 3 21 140
12 98 77 88 6 0 23 T M M 7.2 16 360 M M 1 23 330
13 95 78 87 5 0 22 0.00 M M 5.8 18 50 M M 0 26 60
14 102 76 89 7 0 24 T M M 7.5 23 60 M M 2 34 50
15 98 72 85 4 0 20 0.81 M M 6.9 33 160 M M 3 13 43 150
16 96 76 86 5 0 21 0.00 M M 6.1 18 40 M M 2 27 60
17 96 71 84 3 0 19 0.00 M M 4.8 13 80 M M 1 19 60
18 98 72 85 4 0 20 0.00 M M 3.5 16 160 M M 2 27 160
19 98 72 85 5 0 20 0.00 M M 6.4 20 140 M M 0 27 150
20 99 71 85 5 0 20 0.00 M M 6.8 22 130 M M 0 30 130
21 99 76 88 8 0 23 0.00 M M 6.2 16 140 M M 2 21 150
22 100 74 87 7 0 22 0.00 M M 7.3 16 130 M M 3 22 160
23 101 79 90 10 0 25 0.00 M M 8.3 17 160 M M 2 26 150
24 103 77 90 11 0 25 0.00 M M 7.9 21 150 M M 1 30 160
25 98 78 88 9 0 23 0.09 M M 5.6 22 270 M M 2 3 28 270
26 99 73 86 7 0 21 T M M 3.5 13 120 M M 1 21 90
27 98 74 86 8 0 21 0.00 M M 4.0 17 340 M M 1 3 27 350
28 97 73 85 7 0 20 0.00 M M 5.7 15 140 M M 2 22 140
29 97 72 85 7 0 20 0.00 M M 5.8 21 120 M M 1 29 110
30 98 76 87 9 0 22 0.00 M M 7.5 23 160 M M 3 32 150
================================================================================
SM 3003 2261 0 687 0.93 M 186.0 M 43
================================================================================
AV100.1 75.4 6.2 FASTST M M 1 MAX(MPH)
MISC ----> 33 160 # 43 10
================================================================================
NOTES:
# LAST OF SEVERAL OCCURRENCES
COLUMN 17 PEAK WIND IN M.P.H.
PRELIMINARY LOCAL CLIMATOLOGICAL DATA (WS FORM: F-6) , PAGE 2
STATION: SAN ANTONIO STINSON FIELD
MONTH: SEPTEMBER
YEAR: 2023
LATITUDE: 29 19 N
LONGITUDE: 98 29 W
[TEMPERATURE DATA] [PRECIPITATION DATA] SYMBOLS USED IN COLUMN 16
AVERAGE MONTHLY: 87.7 TOTAL FOR MONTH: 0.93 1 = FOG OR MIST
DPTR FM NORMAL: 6.4 DPTR FM NORMAL: -2.22 2 = FOG REDUCING VISIBILITY
HIGHEST: 106 ON 8 GRTST 24HR 0.81 ON 14-15 TO 1/4 MILE OR LESS
LOWEST: 71 ON 20,17 3 = THUNDER
SNOW, ICE PELLETS, HAIL 4 = ICE PELLETS
TOTAL MONTH: M 5 = HAIL
GRTST 24HR M ON M 6 = FREEZING RAIN OR DRIZZLE
GRTST DEPTH: M ON M 7 = DUSTSTORM OR SANDSTORM:
VSBY 1/2 MILE OR LESS
8 = SMOKE OR HAZE
[NO. OF DAYS WITH] [WEATHER - DAYS WITH] 9 = BLOWING SNOW
X = TORNADO
MAX 32 OR BELOW: 0 0.01 INCH OR MORE: 3
MAX 90 OR ABOVE: 30 0.10 INCH OR MORE: 1
MIN 32 OR BELOW: 0 0.50 INCH OR MORE: 1
MIN 0 OR BELOW: 0 1.00 INCH OR MORE: 0
[HDD (BASE 65) ]
TOTAL THIS MO. 0 CLEAR (SCALE 0-3) 29
DPTR FM NORMAL 0 PTCLDY (SCALE 4-7) 1
TOTAL FM JUL 1 0 CLOUDY (SCALE 8-10) 0
DPTR FM NORMAL 0
[CDD (BASE 65) ]
TOTAL THIS MO. 687
DPTR FM NORMAL 199 [PRESSURE DATA]
TOTAL FM JAN 1 3715 HIGHEST SLP 30.04 ON 17
DPTR FM NORMAL 595 LOWEST SLP 29.68 ON 4
[REMARKS]
#FINAL-09-23#