000
CXUS52 KJAX 011502
CF6SSI
PRELIMINARY LOCAL CLIMATOLOGICAL DATA (WS FORM: F-6)
STATION: ST SIMONS ISLAND
MONTH: JUNE
YEAR: 2022
LATITUDE: 31 9 N
LONGITUDE: 81 23 W
TEMPERATURE IN F: :PCPN: SNOW: WIND :SUNSHINE: SKY :PK WND
================================================================================
1 2 3 4 5 6A 6B 7 8 9 10 11 12 13 14 15 16 17 18
12Z AVG MX 2MIN
DY MAX MIN AVG DEP HDD CDD WTR SNW DPTH SPD SPD DIR MIN PSBL S-S WX SPD DR
================================================================================
1 86 71 79 0 0 14 0.00 0.0 0 5.1 13 120 M M 1 19 120
2 88 73 81 2 0 16 0.00 0.0 0 8.7 15 140 M M 0 22 160
3 91 75 83 4 0 18 0.00 0.0 0 9.6 20 150 M M 1 30 150
4 87 75 81 2 0 16 0.00 0.0 0 7.4 17 60 M M 2 27 70
5 86 74 80 0 0 15 0.02 0.0 0 10.8 18 70 M M 4 3 25 70
6 87 76 82 2 0 17 1.13 0.0 0 9.9 22 40 M M 5 13 31 50
7 88 74 81 1 0 16 0.00 0.0 0 5.0 14 130 M M 3 19 140
8 93 78 86 6 0 21 0.00 0.0 0 8.9 15 170 M M 1 3 23 170
9 94 75 85 5 0 20 0.53 0.0 0 10.0 22 230 M M 1 3 37 280
10 93 74 84 4 0 19 0.00 0.0 0 7.5 15 130 M M 1 21 160
11 93 78 86 6 0 21 0.00 0.0 0 8.1 18 180 M M 2 3 29 190
12 88 76 82 1 0 17 0.34 0.0 0 8.1 16 150 M M 3 1 23 130
13 93 79 86 5 0 21 0.00 0.0 0 8.9 17 160 M M 4 24 180
14 95 75 85 4 0 20 0.02 0.0 0 7.6 25 340 M M 1 13 41 340
15 92 75 84 3 0 19 0.00 0.0 0 6.4 13 140 M M 0 1 17 140
16 91 79 85 4 0 20 0.00 0.0 0 7.9 17 70 M M 4 24 60
17 94 78 86 5 0 21 T 0.0 0 7.0 15 290 M M 1 3 24 290
18 98 72 85 4 0 20 0.66 0.0 0 10.4 25 230 M M 3 13 39 360
19 87 77 82 0 0 17 0.14 0.0 0 12.3 22 40 M M 4 13 31 40
20 87 70 79 -3 0 14 0.00 0.0 0 7.8 14 70 M M 0 20 60
21 88 72 80 -2 0 15 0.00 0.0 0 6.5 14 150 M M 0 20 140
22 89 77 83 1 0 18 0.00 0.0 0 7.8 14 150 M M 0 21 170
23 103 78 91 9 0 26 0.00 0.0 0 9.9 16 100 M M 0 3 22 30
24 90 83 87 5 0 22 T 0.0 0 12.1 21 70 M M 3 28 70
25 90 81 86 4 0 21 0.00 0.0 0 10.5 17 100 M M 2 24 100
26 89 79 84 2 0 19 0.01 0.0 0 9.5 17 100 M M 2 24 110
27 89 74 82 0 0 17 0.00 0.0 0 7.3 15 100 M M 1 21 100
28 91 78 85 3 0 20 0.00 0.0 0 8.2 16 130 M M 3 3 25 120
29 91 77 84 1 0 19 0.15 0.0 0 5.9 16 90 M M 4 13 22 90
30 90 76 83 0 0 18 T 0.0 0 9.2 22 130 M M 4 1 31 120
================================================================================
SM 2721 2279 0 557 3.00 0.0 254.3 M 60
================================================================================
AV 90.7 76.0 8.5 FASTST M M 2 MAX(MPH)
MISC ----> # 25 340 41 340
================================================================================
NOTES:
# LAST OF SEVERAL OCCURRENCES
COLUMN 17 PEAK WIND IN M.P.H.
PRELIMINARY LOCAL CLIMATOLOGICAL DATA (WS FORM: F-6) , PAGE 2
STATION: ST SIMONS ISLAND
MONTH: JUNE
YEAR: 2022
LATITUDE: 31 9 N
LONGITUDE: 81 23 W
[TEMPERATURE DATA] [PRECIPITATION DATA] SYMBOLS USED IN COLUMN 16
AVERAGE MONTHLY: 83.3 TOTAL FOR MONTH: 3.00 1 = FOG OR MIST
DPTR FM NORMAL: 2.3 DPTR FM NORMAL: -2.76 2 = FOG REDUCING VISIBILITY
HIGHEST: 103 ON 23 GRTST 24HR 1.13 ON 6- 6 TO 1/4 MILE OR LESS
LOWEST: 70 ON 20 3 = THUNDER
SNOW, ICE PELLETS, HAIL 4 = ICE PELLETS
TOTAL MONTH: 0.0 INCH 5 = HAIL
GRTST 24HR 0.0 6 = FREEZING RAIN OR DRIZZLE
GRTST DEPTH: 0 7 = DUSTSTORM OR SANDSTORM:
VSBY 1/2 MILE OR LESS
8 = SMOKE OR HAZE
[NO. OF DAYS WITH] [WEATHER - DAYS WITH] 9 = BLOWING SNOW
X = TORNADO
MAX 32 OR BELOW: 0 0.01 INCH OR MORE: 9
MAX 90 OR ABOVE: 17 0.10 INCH OR MORE: 6
MIN 32 OR BELOW: 0 0.50 INCH OR MORE: 3
MIN 0 OR BELOW: 0 1.00 INCH OR MORE: 1
[HDD (BASE 65) ]
TOTAL THIS MO. 0 CLEAR (SCALE 0-3) 22
DPTR FM NORMAL 0 PTCLDY (SCALE 4-7) 8
TOTAL FM JUL 1 984 CLOUDY (SCALE 8-10) 0
DPTR FM NORMAL -326
[CDD (BASE 65) ]
TOTAL THIS MO. 557
DPTR FM NORMAL 79 [PRESSURE DATA]
TOTAL FM JAN 1 1243 HIGHEST SLP 30.24 ON 20
DPTR FM NORMAL 234 LOWEST SLP 29.71 ON 5
[REMARKS]
#FINAL-06-22#