000
CXUS53 KGRB 280725
CF6STE
PRELIMINARY LOCAL CLIMATOLOGICAL DATA (WS FORM: F-6)
STATION: STEVENS POINT WI
MONTH: OCTOBER
YEAR: 2019
LATITUDE: 44 32 N
LONGITUDE: 89 32 W
TEMPERATURE IN F: :PCPN: SNOW: WIND :SUNSHINE: SKY :PK WND
================================================================================
1 2 3 4 5 6A 6B 7 8 9 10 11 12 13 14 15 16 17 18
12Z AVG MX 2MIN
DY MAX MIN AVG DEP HDD CDD WTR SNW DPTH SPD SPD DIR MIN PSBL S-S WX SPD DR
================================================================================
1 75 52 64 M 1 0 1.10 0.0 0 7.2 14 40 M M 9 3 20 10
2 52 44 48 M 17 0 0.36 M 0 11.7 16 30 M M 10 20 70
3 54 40 47 M 18 0 0.12 M 0 7.5 14 280 M M 9 21 280
4 49 33 41 M 24 0 0.00 0.0 0 5.3 9 70 M M 9 M M
5 53 40 47 M 18 0 0.50 M 0 8.8 16 240 M M 9 23 250
6 63 43 53 M 12 0 0.00 0.0 0 10.5 20 240 M M 3 29 240
7 62 36 49 M 16 0 0.00 0.0 0 5.4 15 280 M M 1 23 280
8 67 33 50 M 15 0 0.03 M 0 5.5 15 190 M M 0 21 200
9 68 37 53 M 12 0 0.00 0.0 0 6.3 16 180 M M 0 23 180
10 65 48 57 M 8 0 0.05 M 0 8.6 14 130 M M 5 22 150
11 62 35 49 M 16 0 0.08 M 0 12.8 18 230 M M 10 1 32 230
12 38 30 34 M 31 0 0.00 0.0 0 15.0 22 240 M M 8 32 240
13 39 32 36 M 29 0 0.03 M 0 9.3 15 250 M M 9 21 250
14 47 30 39 M 26 0 0.00 0.0 0 4.7 8 250 M M 5 16 250
15 47 33 40 M 25 0 0.01 M 0 6.1 13 310 M M 10 13 22 310
16 48 37 43 M 22 0 0.00 0.0 0 9.4 16 340 M M 10 24 310
17 47 28 38 M 27 0 0.00 0.0 0 1.1 5 270 M M 7 1 M M
18 56 26 41 M 24 0 0.00 0.0 0 7.0 15 150 M M 0 23 150
19 53 39 46 M 19 0 0.09 M 0 4.7 10 190 M M 6 M M
20 61 42 52 M 13 0 0.00 0.0 0 1.2 5 250 M M 4 1 M M
21 59 43 51 M 14 0 0.29 M 0 13.0 20 100 M M 8 31 200
22 46 38 42 M 23 0 0.14 M 0 12.2 18 260 M M 10 28 240
23 47 37 42 M 23 0 0.00 0.0 0 7.7 17 270 M M 7 23 260
24 38 28 33 M 32 0 0.00 0.0 0 4.7 8 250 M M 7 21 290
25 45 19 32 M 33 0 0.00 0.0 0 3.4 12 210 M M 0 M M
26 46 22 34 M 31 0 0.00 0.0 0 4.2 10 150 M M 0 M M
27 55 26 41 M 24 0 0.00 0.0 0 4.5 10 290 M M 1 1 18 270
================================================================================
SM 1442 951 553 0 2.80 0.0 197.8 M 157
================================================================================
AV 53.4 35.2 7.3 FASTST M M 6 MAX(MPH)
MISC ----> # 22 240 # 32 230
================================================================================
NOTES:
# LAST OF SEVERAL OCCURRENCES
COLUMN 17 PEAK WIND IN M.P.H.
PRELIMINARY LOCAL CLIMATOLOGICAL DATA (WS FORM: F-6) , PAGE 2
STATION: STEVENS POINT WI
MONTH: OCTOBER
YEAR: 2019
LATITUDE: 44 32 N
LONGITUDE: 89 32 W
[TEMPERATURE DATA] [PRECIPITATION DATA] SYMBOLS USED IN COLUMN 16
AVERAGE MONTHLY: 44.3 TOTAL FOR MONTH: 2.80 1 = FOG OR MIST
DPTR FM NORMAL: M DPTR FM NORMAL: M 2 = FOG REDUCING VISIBILITY
HIGHEST: 75 ON 1 GRTST 24HR 1.10 ON 1- 1 TO 1/4 MILE OR LESS
LOWEST: 19 ON 25 3 = THUNDER
SNOW, ICE PELLETS, HAIL 4 = ICE PELLETS
TOTAL MONTH: 0.0 INCH 5 = HAIL
GRTST 24HR 0.0 6 = FREEZING RAIN OR DRIZZLE
GRTST DEPTH: 0 7 = DUSTSTORM OR SANDSTORM:
VSBY 1/2 MILE OR LESS
8 = SMOKE OR HAZE
[NO. OF DAYS WITH] [WEATHER - DAYS WITH] 9 = BLOWING SNOW
X = TORNADO
MAX 32 OR BELOW: 0 0.01 INCH OR MORE: 12
MAX 90 OR ABOVE: 0 0.10 INCH OR MORE: 6
MIN 32 OR BELOW: 9 0.50 INCH OR MORE: 2
MIN 0 OR BELOW: 0 1.00 INCH OR MORE: 1
[HDD (BASE 65) ]
TOTAL THIS MO. 553 CLEAR (SCALE 0-3) 7
DPTR FM NORMAL M PTCLDY (SCALE 4-7) 9
TOTAL FM JUL 1 813 CLOUDY (SCALE 8-10) 11
DPTR FM NORMAL M
[CDD (BASE 65) ]
TOTAL THIS MO. 0
DPTR FM NORMAL M [PRESSURE DATA]
TOTAL FM JAN 1 240 HIGHEST SLP M ON M
DPTR FM NORMAL 240 LOWEST SLP M ON M
[REMARKS]