000
CXUS53 KLSX 012239
CF6STL
PRELIMINARY LOCAL CLIMATOLOGICAL DATA (WS FORM: F-6)
STATION: ST. LOUIS
MONTH: NOVEMBER
YEAR: 2022
LATITUDE: 38 45 N
LONGITUDE: 90 23 W
TEMPERATURE IN F: :PCPN: SNOW: WIND :SUNSHINE: SKY :PK WND
================================================================================
1 2 3 4 5 6A 6B 7 8 9 10 11 12 13 14 15 16 17 18
12Z AVG MX 2MIN
DY MAX MIN AVG DEP HDD CDD WTR SNW DPTH SPD SPD DIR MIN PSBL S-S WX SPD DR
================================================================================
1 76 44 60 8 5 0 0.00 0.0 0 2.3 9 240 M M 1 1 13 210
2 77 49 63 11 2 0 0.00 0.0 0 5.7 13 210 M M 3 18 210
3 80 57 69 17 0 4 0.00 0.0 0 10.7 21 180 M M 4 30 150
4 83 64 74 23 0 9 0.81 0.0 0 15.0 32 180 M M 8 1 44 170
5 67 50 59 8 6 0 0.27 0.0 0 17.2 35 230 M M 6 1 46 220
6 72 45 59 9 6 0 0.00 0.0 0 7.1 14 20 M M 4 22 30
7 61 49 55 5 10 0 0.00 0.0 0 9.3 16 60 M M 6 24 40
8 64 47 56 6 9 0 0.00 0.0 0 8.1 13 110 M M 8 19 80
9 82 54 68 19 0 3 0.00 0.0 0 8.0 16 160 M M 3 22 160
10 77 59 68 19 0 3 0.00 0.0 0 10.5 20 180 M M 2 28 180
11 60 31 46 -2 19 0 0.00 0.0 0 14.3 22 310 M M 6 30 330
12 32 31 32 -16 33 0 T T 0 11.6 21 280 M M 10 27 310
13 41 27 34 -13 31 0 0.00 0.0 0 5.6 15 130 M M 6 18 130
14 44 24 34 -13 31 0 0.02 T 0 7.1 16 130 M M 4 22 120
15 40 34 37 -9 28 0 0.18 0.8 1 8.7 21 280 M M 10 1 27 290
16 36 30 33 -13 32 0 T T 0 14.5 24 280 M M 8 31 280
17 44 25 35 -11 30 0 T T 0 12.0 24 290 M M 7 37 290
18 34 23 29 -16 36 0 0.00 0.0 0 12.8 23 280 M M 3 30 290
19 39 21 30 -15 35 0 0.00 0.0 0 13.3 24 270 M M 2 36 280
20 43 20 32 -12 33 0 0.00 0.0 0 6.9 13 180 M M 0 20 220
21 59 28 44 0 21 0 0.00 0.0 0 7.6 20 250 M M 1 26 250
22 62 35 49 5 16 0 0.00 0.0 0 4.9 16 220 M M 1 20 250
23 64 34 49 6 16 0 0.00 0.0 0 4.8 17 170 M M 5 21 170
24 53 44 49 6 16 0 0.36 0.0 0 4.6 13 130 M M 10 1 15 130
25 53 34 44 1 21 0 0.00 0.0 0 5.1 12 340 M M 4 12 16 330
26 51 29 40 -2 25 0 0.45 0.0 0 6.2 15 70 M M 6 1238 21 160
27 51 45 48 6 17 0 0.36 0.0 0 8.9 20 310 M M 10 1 28 330
28 52 43 48 6 17 0 0.00 0.0 0 7.3 13 130 M M 7 M M
29 63 35 49 8 16 0 T 0.0 0 15.0 30 280 M M 7 40 310
30 40 25 33 -8 32 0 0.00 0.0 0 13.8 29 290 M M 1 40 290
================================================================================
SM 1700 1136 543 19 2.45 0.8 278.9 M 153
================================================================================
AV 56.7 37.9 9.3 FASTST M M 5 MAX(MPH)
MISC ----> 35 230 46 220
================================================================================
NOTES:
# LAST OF SEVERAL OCCURRENCES
COLUMN 17 PEAK WIND IN M.P.H.
PRELIMINARY LOCAL CLIMATOLOGICAL DATA (WS FORM: F-6) , PAGE 2
STATION: ST. LOUIS
MONTH: NOVEMBER
YEAR: 2022
LATITUDE: 38 45 N
LONGITUDE: 90 23 W
[TEMPERATURE DATA] [PRECIPITATION DATA] SYMBOLS USED IN COLUMN 16
AVERAGE MONTHLY: 47.3 TOTAL FOR MONTH: 2.45 1 = FOG OR MIST
DPTR FM NORMAL: 0.8 DPTR FM NORMAL: -0.97 2 = FOG REDUCING VISIBILITY
HIGHEST: 83 ON 4 GRTST 24HR 1.08 ON 4- 5 TO 1/4 MILE OR LESS
LOWEST: 20 ON 20 3 = THUNDER
SNOW, ICE PELLETS, HAIL 4 = ICE PELLETS
TOTAL MONTH: 0.8 INCH 5 = HAIL
GRTST 24HR 0.8 ON 15-15 6 = FREEZING RAIN OR DRIZZLE
GRTST DEPTH: 1 ON 15 7 = DUSTSTORM OR SANDSTORM:
VSBY 1/2 MILE OR LESS
8 = SMOKE OR HAZE
[NO. OF DAYS WITH] [WEATHER - DAYS WITH] 9 = BLOWING SNOW
X = TORNADO
MAX 32 OR BELOW: 1 0.01 INCH OR MORE: 7
MAX 90 OR ABOVE: 0 0.10 INCH OR MORE: 6
MIN 32 OR BELOW: 12 0.50 INCH OR MORE: 1
MIN 0 OR BELOW: 0 1.00 INCH OR MORE: 0
[HDD (BASE 65) ]
TOTAL THIS MO. 543 CLEAR (SCALE 0-3) 9
DPTR FM NORMAL -17 PTCLDY (SCALE 4-7) 15
TOTAL FM JUL 1 793 CLOUDY (SCALE 8-10) 6
DPTR FM NORMAL -27
[CDD (BASE 65) ]
TOTAL THIS MO. 19
DPTR FM NORMAL 16 [PRESSURE DATA]
TOTAL FM JAN 1 1977 HIGHEST SLP 30.54 ON 20
DPTR FM NORMAL 264 LOWEST SLP 29.36 ON 27
[REMARKS]
#FINAL-11-22#