000
CXUS55 KSTO 011300
CF6STO
PRELIMINARY LOCAL CLIMATOLOGICAL DATA (WS FORM: F-6)
STATION: SACRAMENTO CITY
MONTH: SEPTEMBER
YEAR: 2022
LATITUDE: 38 36 N
LONGITUDE: 121 23 W
TEMPERATURE IN F: :PCPN: SNOW: WIND :SUNSHINE: SKY :PK WND
================================================================================
1 2 3 4 5 6A 6B 7 8 9 10 11 12 13 14 15 16 17 18
12Z AVG MX 2MIN
DY MAX MIN AVG DEP HDD CDD WTR SNW DPTH SPD SPD DIR MIN PSBL S-S WX SPD DR
================================================================================
1 107 63 85 9 0 20 0.00 M M M M M M M M M M
2 105 69 87 11 0 22 0.00 M M M M M M M M M M
3 103 66 85 9 0 20 0.00 M M M M M M M M M M
4 106 66 86 10 0 21 0.00 M M M M M M M M M M
5 113 72 93 17 0 28 0.00 M M M M M M M M M M
6 116 77 97 21 0 32 0.00 M M M M M M M M M M
7 109 80 95 19 0 30 0.00 0.0 M M M M M M M M M
8 113 73 93 17 0 28 0.00 0.0 M M M M M M M M M
9 107 74 91 16 0 26 0.00 M M M M M M M M M M
10 89 71 80 5 0 15 0.00 M M M M M M M M M M
11 94 69 82 7 0 17 0.00 M M M M M M M M M M
12 95 68 82 7 0 17 0.00 M M M M M M M M M M
13 83 61 72 -3 0 7 0.00 M M M M M M M M M M
14 82 58 70 -5 0 5 0.00 M M M M M M M M M M
15 80 58 69 -5 0 4 0.00 M M M M M M M M M M
16 86 58 72 -2 0 7 0.00 M M M M M M M M M M
17 80 59 70 -4 0 5 0.00 M M M M M M M M M M
18 77 61 69 -5 0 4 0.05 M M M M M M M M M M
19 76 61 69 -5 0 4 0.37 M M M M M M M M M M
20 78 60 69 -4 0 4 0.00 M M M M M M M M M M
21 79 61 70 -3 0 5 0.07 0.0 M M M M M M M M M
22 82 58 70 -3 0 5 0.00 M M M M M M M M M M
23 89 59 74 1 0 9 0.00 0.0 M M M M M M M M M
24 95 59 77 5 0 12 0.00 0.0 M M M M M M M M M
25 96 62 79 7 0 14 0.00 0.0 M M M M M M M M M
26 95 60 78 6 0 13 0.00 0.0 M M M M M M M M M
27 86 56 71 -1 0 6 0.00 0.0 M M M M M M M M M
28 89 59 74 2 0 9 0.00 0.0 M M M M M M M M M
29 88 60 74 3 0 9 0.00 0.0 M M M M M M M M M
30 91 57 74 3 0 9 0.00 0.0 M M M M M M M M M
================================================================================
SM 2789 1915 0 407 0.49 0.0 M M M
================================================================================
AV 93.0 63.8 M FASTST M M M MAX(MPH)
MISC ----> M M M M
================================================================================
NOTES:
# LAST OF SEVERAL OCCURRENCES
COLUMN 17 PEAK WIND IN M.P.H.
PRELIMINARY LOCAL CLIMATOLOGICAL DATA (WS FORM: F-6) , PAGE 2
STATION: SACRAMENTO CITY
MONTH: SEPTEMBER
YEAR: 2022
LATITUDE: 38 36 N
LONGITUDE: 121 23 W
[TEMPERATURE DATA] [PRECIPITATION DATA] SYMBOLS USED IN COLUMN 16
AVERAGE MONTHLY: 78.4 TOTAL FOR MONTH: 0.49 1 = FOG OR MIST
DPTR FM NORMAL: 4.4 DPTR FM NORMAL: 0.34 2 = FOG REDUCING VISIBILITY
HIGHEST: 116 ON 6 GRTST 24HR 0.37 ON 19-19 TO 1/4 MILE OR LESS
LOWEST: 56 ON 27 3 = THUNDER
SNOW, ICE PELLETS, HAIL 4 = ICE PELLETS
TOTAL MONTH: 0.0 INCH 5 = HAIL
GRTST 24HR 0.0 6 = FREEZING RAIN OR DRIZZLE
GRTST DEPTH: M ON M 7 = DUSTSTORM OR SANDSTORM:
VSBY 1/2 MILE OR LESS
8 = SMOKE OR HAZE
[NO. OF DAYS WITH] [WEATHER - DAYS WITH] 9 = BLOWING SNOW
X = TORNADO
MAX 32 OR BELOW: 0 0.01 INCH OR MORE: 3
MAX 90 OR ABOVE: 15 0.10 INCH OR MORE: 1
MIN 32 OR BELOW: 0 0.50 INCH OR MORE: 0
MIN 0 OR BELOW: 0 1.00 INCH OR MORE: 0
[HDD (BASE 65) ]
TOTAL THIS MO. 0 CLEAR (SCALE 0-3) 0
DPTR FM NORMAL -3 PTCLDY (SCALE 4-7) 0
TOTAL FM JUL 1 0 CLOUDY (SCALE 8-10) 30
DPTR FM NORMAL 0
[CDD (BASE 65) ]
TOTAL THIS MO. 407
DPTR FM NORMAL 132 [PRESSURE DATA]
TOTAL FM JAN 1 1923 HIGHEST SLP M ON M
DPTR FM NORMAL 434 LOWEST SLP M ON M
[REMARKS]
#FINAL-09-22#