000
CXUS54 KEPZ 011130
CF6SVC
PRELIMINARY LOCAL CLIMATOLOGICAL DATA (WS FORM: F-6)
STATION: SILVER CITY
MONTH: OCTOBER
YEAR: 2020
LATITUDE: 32 37 N
LONGITUDE: 108 10 W
TEMPERATURE IN F: :PCPN: SNOW: WIND :SUNSHINE: SKY :PK WND
================================================================================
1 2 3 4 5 6A 6B 7 8 9 10 11 12 13 14 15 16 17 18
12Z AVG MX 2MIN
DY MAX MIN AVG DEP HDD CDD WTR SNW DPTH SPD SPD DIR MIN PSBL S-S WX SPD DR
================================================================================
1 85 47 66 M 0 1 0.00 M M 7.9 12 120 M M 1 17 150
2 85 44 65 M 0 0 0.00 M M 7.2 14 190 M M 5 21 190
3 88 48 68 M 0 3 0.00 M M 8.4 16 110 M M 4 22 250
4 81 43 62 M 3 0 0.00 M M 7.0 10 350 M M 5 17 160
5 87 49 68 M 0 3 0.00 M M 10.7 17 280 M M 5 28 290
6 87 52 70 M 0 5 0.00 M M 7.8 13 190 M M 6 10 290
7 86 50 68 M 0 3 0.00 M M 6.9 12 360 M M 8 18 210
8 87 50 69 M 0 4 0.00 M M 9.1 18 290 M M 9 22 290
9 85 52 69 M 0 4 0.00 M M 9.9 16 280 M M 4 22 240
10 81 48 65 M 0 0 0.00 M M 10.2 18 280 M M 3 24 280
11 81 46 64 M 1 0 0.00 M M 12.5 23 270 M M 2 29 270
12 81 43 62 M 3 0 0.00 M M 7.1 14 200 M M 0 17 200
13 86 45 66 M 0 1 0.00 M M 7.0 12 280 M M 2 M M
14 87 50 69 M 0 4 0.00 M M 13.8 24 270 M M 1 30 270
15 85 49 67 M 0 2 0.00 M M 10.3 16 160 M M 0 21 160
16 74 39 57 M 8 0 0.00 M M 6.7 13 150 M M 2 20 140
17 85 43 64 M 1 0 0.00 M M 11.8 24 270 M M 0 30 290
18 83 43 63 M 2 0 0.00 M M 12.0 21 280 M M 1 29 280
19 84 47 66 M 0 1 0.00 M M 10.1 16 310 M M 1 22 260
20 84 47 66 M 0 1 0.00 M M 8.2 14 320 M M 5 18 260
21 83 47 65 M 0 0 0.00 M M 8.7 13 360 M M 5 21 240
22 78 45 62 M 3 0 0.00 M M 9.9 17 280 M M 3 24 280
23 79 45 62 M 3 0 0.00 M M 8.5 13 330 M M 2 17 230
24 78 43 61 M 4 0 0.00 M M 9.9 20 280 M M 2 23 280
25 75 49 62 M 3 0 0.00 M M 12.4 24 270 M M 3 32 250
26 66 35 51 M 14 0 0.35 M M 10.2 22 270 M M 6 29 270
27 37 29 33 M 32 0 0.09 M M 8.3 17 120 M M 10 22 120
28 54 28 41 M 24 0 0.00 M M 10.1 18 290 M M 1 18 270
29 59 29 44 M 21 0 0.00 M M 6.8 13 140 M M 0 17 130
30 65 32 49 M 16 0 0.00 M M 6.5 9 350 M M 0 M M
31 75 38 57 M 8 0 0.00 M M 7.2 10 170 M M 1 M M
================================================================================
SM 2431 1355 146 32 0.44 M 283.2 M 97
================================================================================
AV 78.4 43.7 9.1 FASTST M M 3 MAX(MPH)
MISC ----> # 24 270 32 250
================================================================================
NOTES:
# LAST OF SEVERAL OCCURRENCES
COLUMN 17 PEAK WIND IN M.P.H.
PRELIMINARY LOCAL CLIMATOLOGICAL DATA (WS FORM: F-6) , PAGE 2
STATION: SILVER CITY
MONTH: OCTOBER
YEAR: 2020
LATITUDE: 32 37 N
LONGITUDE: 108 10 W
[TEMPERATURE DATA] [PRECIPITATION DATA] SYMBOLS USED IN COLUMN 16
AVERAGE MONTHLY: 61.1 TOTAL FOR MONTH: 0.44 1 = FOG OR MIST
DPTR FM NORMAL: 0.0 DPTR FM NORMAL: M 2 = FOG REDUCING VISIBILITY
HIGHEST: 88 ON 3 GRTST 24HR 0.35 ON 26-26 TO 1/4 MILE OR LESS
LOWEST: 28 ON 28 3 = THUNDER
SNOW, ICE PELLETS, HAIL 4 = ICE PELLETS
TOTAL MONTH: M 5 = HAIL
GRTST 24HR M ON M 6 = FREEZING RAIN OR DRIZZLE
GRTST DEPTH: M ON M 7 = DUSTSTORM OR SANDSTORM:
VSBY 1/2 MILE OR LESS
8 = SMOKE OR HAZE
[NO. OF DAYS WITH] [WEATHER - DAYS WITH] 9 = BLOWING SNOW
X = TORNADO
MAX 32 OR BELOW: 0 0.01 INCH OR MORE: 2
MAX 90 OR ABOVE: 0 0.10 INCH OR MORE: 1
MIN 32 OR BELOW: 4 0.50 INCH OR MORE: 0
MIN 0 OR BELOW: 0 1.00 INCH OR MORE: 0
[HDD (BASE 65) ]
TOTAL THIS MO. 146 CLEAR (SCALE 0-3) 18
DPTR FM NORMAL M PTCLDY (SCALE 4-7) 11
TOTAL FM JUL 1 196 CLOUDY (SCALE 8-10) 2
DPTR FM NORMAL M
[CDD (BASE 65) ]
TOTAL THIS MO. 32
DPTR FM NORMAL M [PRESSURE DATA]
TOTAL FM JAN 1 1369 HIGHEST SLP M ON M
DPTR FM NORMAL M LOWEST SLP M ON M
[REMARKS]
#FINAL-10-20#