000
CXUS51 KBGM 011820 CCA
CLMSYR
CLIMATE REPORT...CORRECTED
NATIONAL WEATHER SERVICE BINGHAMTON,NY
122 PM EST THU FEB 01 2024
...................................
...THE SYRACUSE NY CLIMATE SUMMARY FOR THE MONTH OF JANUARY 2024...
CLIMATE NORMAL PERIOD 1991 TO 2020
CLIMATE RECORD PERIOD 1902 TO 2024
WEATHER OBSERVED NORMAL DEPART LAST YEAR`S
VALUE DATE(S) VALUE FROM VALUE DATE(S)
NORMAL
................................................................
TEMPERATURE (F)
RECORD
HIGH 70 01/08/2008
01/25/1967
01/08/1998
LOW -26 01/26/1966
HIGHEST 47 01/26 31 16 50 01/01
LOWEST 7 01/20 15 -8 13 01/15
AVG. MAXIMUM 34.2 31.7 2.5 37.4
AVG. MINIMUM 24.9 16.5 8.4 27.1
MEAN 29.6 24.1 5.5 32.3
DAYS MAX >= 90 0 0.0 0.0 0
DAYS MAX <= 32 11 16.0 -5.0 4
DAYS MIN <= 32 25 27.7 -2.7 25
DAYS MIN <= 0 0 4.1 -4.1 0
PRECIPITATION (INCHES)
RECORD
MAXIMUM 5.77 1978
MINIMUM 1.02 1970
TOTALS 4.20 2.58 1.62 4.07
DAILY AVG. 0.14 0.08 0.06 0.13
DAYS >= .01 20 18.9 1.1 21
DAYS >= .10 8 7.0 1.0 12
DAYS >= .50 3 1.3 1.7 4
DAYS >= 1.00 1 0.3 0.7 0
GREATEST
24 HR. TOTAL 1.08 01/26 TO 01/26
SNOWFALL (INCHES)
RECORDS
TOTAL 78.1 2004
24 HR TOTAL 22.0 01/31/1966 TO 01/31/1966
SNOW DEPTH 39 01/31/1966
TOTALS 17.6 34.0 -16.4 10.2
SINCE 7/1 27.9 74.6 -46.7 30.3
SNOWDEPTH AVG. 2 1
DAYS >= TRACE 24 17.8 6.2 22
DAYS >= 1.0 5 9.4 -4.4 4
GREATEST
SNOW DEPTH 10 01/07 4 01/27
24 HR TOTAL 10.1 01/06 TO 01/07
DEGREE DAYS
HEATING TOTAL 1092 1268 -176 1009
SINCE 7/1 2998 3655 -657 3101
COOLING TOTAL 0 0 0 0
SINCE 1/1 0 0 0 0
................................................................
WIND (MPH)
AVERAGE WIND SPEED 9.0
RESULTANT WIND SPEED/DIRECTION 3/250
HIGHEST WIND SPEED/DIRECTION 38/260 DATE 01/14
HIGHEST GUST SPEED/DIRECTION 49/240 DATE 01/14
SKY COVER
POSSIBLE SUNSHINE (PERCENT) MM
AVERAGE SKY COVER 0.94
NUMBER OF DAYS FAIR 0
NUMBER OF DAYS PC 1
NUMBER OF DAYS CLOUDY 30
AVERAGE RH (PERCENT) 74
WEATHER CONDITIONS. NUMBER OF DAYS WITH
THUNDERSTORM 1 MIXED PRECIP 1
HEAVY RAIN 1 RAIN 3
LIGHT RAIN 11 FREEZING RAIN 0
LT FREEZING RAIN 0 HAIL 1
HEAVY SNOW 1 SNOW 3
LIGHT SNOW 24 SLEET 1
FOG 19 FOG W/VIS <= 1/4 MILE 3
HAZE 4
- INDICATES NEGATIVE NUMBERS.
R INDICATES RECORD WAS SET OR TIED.
MM INDICATES DATA IS MISSING.
T INDICATES TRACE AMOUNT.
&&
CORRECTED GREATEST SNOW DEPTH
CORRECTED GREATEST 24 HOUR SNOWFALL
CORRECTED MISSING 2023 DATA WITH ACTUAL
$$
TAC