598
CXUS51 KBGM 011615
CLSSYR
CLIMATE REPORT
NATIONAL WEATHER SERVICE BINGHAMTON NY
1153 AM EDT MON JUN 1 2020
...................................
...THE SYRACUSE NY CLIMATE SUMMARY FOR THE SEASON, FROM
3/1/2020 TO 5/31/2020...
CLIMATE NORMAL PERIOD 1981 TO 2010
CLIMATE RECORD PERIOD 1902 TO 2020
WEATHER OBSERVED NORMAL DEPART LAST YEAR`S
VALUE DATE(S) VALUE FROM VALUE DATE(S)
NORMAL
................................................................
TEMPERATURE (F)
RECORD
HIGH 96 05/21/1977
LOW -16 03/04/1950
HIGHEST 93 05/26 56 37 89 05/19
LOWEST 10 03/01 36 -26 7 03/09
AVG. MAXIMUM 57.0 56.4 0.6 55.6
AVG. MINIMUM 37.3 36.0 1.3 36.1
MEAN 47.1 46.2 0.9 45.8
DAYS MAX >= 90 1 0.3 0.7 0
DAYS MAX <= 32 0 5.5 -5.5 6
DAYS MIN <= 32 37 32.6 4.4 34
DAYS MIN <= 0 0 0.4 -0.4 0
PRECIPITATION (INCHES)
RECORD
MAXIMUM 20.15 1976
MINIMUM 5.66 1981
TOTALS 10.13 9.36 0.77 11.55
DAILY AVG. 0.11 0.10 0.01 0.13
DAYS >= .01 52 42.7 9.3 51
DAYS >= .10 27 23.3 3.7 25
DAYS >= .50 6 5.8 0.2 6
DAYS >= 1.00 1 0.8 0.2 2
GREATEST
24 HR. TOTAL 1.22 04/30 TO 04/30
SNOWFALL (INCHES)
RECORDS
TOTAL 66.7 1993
24 HR TOTAL 22.1 03/13/1993 TO 03/13/1993
SNOW DEPTH 35 03/15/1993
TOTALS 11.5 21.9 -10.4 17.3
SINCE 7/1 87.6 123.8 -36.2 115.0
SNOWDEPTH AVG. 0 MM MM 1
DAYS >= TRACE 22 12.6 9.4 23
DAYS >= 1.0 3 6.3 -3.3 8
GREATEST
SNOW DEPTH 6 03/24 8 03/07
03/23
24 HR TOTAL 6.6 03/23 TO 03/24
DEGREE_DAYS
HEATING TOTAL 1685 1759 -74 1757
SINCE 7/1 6138 6590 -452 6724
COOLING TOTAL 72 30 42 13
SINCE 1/1 72 30 42 13
FREEZE DATES
RECORD
EARLIEST 09/23/1963
LATEST 05/24/1963
EARLIEST 10/14
LATEST 04/29
.................................................................
WIND (MPH)
AVERAGE WIND SPEED 9.2
RESULTANT WIND SPEED/DIRECTION 3/274
HIGHEST WIND SPEED/DIRECTION 43/260 DATE 04/13
HIGHEST GUST SPEED/DIRECTION 52/260 DATE 04/13
SKY COVER
POSSIBLE SUNSHINE (PERCENT) MM
AVERAGE SKY COVER 0.80
AVERAGE RH (PERCENT) 63
WEATHER CONDITIONS. NUMBER OF DAYS WITH
THUNDERSTORM 4 MIXED PRECIP 0
HEAVY RAIN 8 RAIN 18
LIGHT RAIN 54 FREEZING RAIN 0
LT FREEZING RAIN 0 HAIL 7
HEAVY SNOW 3 SNOW 7
LIGHT SNOW 21 SLEET 3
FOG 44 FOG W/VIS <= 1/4 MILE 3
HAZE 3
- INDICATES NEGATIVE NUMBERS.
R INDICATES RECORD WAS SET OR TIED.
MM INDICATES DATA IS MISSING.
T INDICATES TRACE AMOUNT.
$$