000
CXUS55 KPUB 231633
CF6TAD
PRELIMINARY LOCAL CLIMATOLOGICAL DATA (WS FORM: F-6)
STATION: TRINIDAD CO
MONTH: AUGUST
YEAR: 2022
LATITUDE: 37 16 N
LONGITUDE: 104 20 W
TEMPERATURE IN F: :PCPN: SNOW: WIND :SUNSHINE: SKY :PK WND
================================================================================
1 2 3 4 5 6A 6B 7 8 9 10 11 12 13 14 15 16 17 18
12Z AVG MX 2MIN
DY MAX MIN AVG DEP HDD CDD WTR SNW DPTH SPD SPD DIR MIN PSBL S-S WX SPD DR
================================================================================
1 93 59 76 2 0 11 0.00 M M 8.8 17 340 M M 0 26 320
2 94 60 77 3 0 12 0.00 M M 8.7 17 310 M M 1 22 330
3 89 61 75 1 0 10 0.00 M M 7.9 15 260 M M 1 3 24 80
4 92 62 77 3 0 12 0.19 M M 8.7 36 210 M M 1 3 43 210
5 94 63 79 5 0 14 0.00 M M 10.3 22 200 M M 2 3 29 280
6 91 62 77 3 0 12 0.08 M M 8.5 24 300 M M 1 3 33 300
7 91 57 74 0 0 9 0.90 M M 8.6 31 40 M M 3 138 42 50
8 81 60 71 -3 0 6 0.02 M M 7.7 17 250 M M 4 3 25 250
9 88 57 73 -1 0 8 0.00 M M 8.8 18 250 M M 0 24 250
10 87 59 73 -1 0 8 0.00 M M 7.5 16 190 M M 1 19 190
11 87 58 73 0 0 8 0.00 M M 6.9 16 190 M M 0 26 160
12 M M M M M M 0.00 M M 6.9 18 210 M M 0 29 210
13 M M M M M M 0.00 M M 8.5 18 230 M M 0 26 250
14 M M M M M M 0.00 M M 9.2 25 210 M M 0 39 210
15 91 62 77 4 0 12 0.46 M M 8.2 21 350 M M 2 13 31 340
16 80 59 70 -3 0 5 0.91 M M 5.0 22 270 M M 5 123 29 270
17 76 59 68 -5 0 3 0.01 M M 5.1 13 320 M M 8 15 330
18 83 56 70 -3 0 5 0.00 M M 7.9 15 250 M M 0 22 250
19 85 58 72 0 0 7 0.00 M M 8.7 25 20 M M 1 34 20
20 69 56 63 -9 2 0 0.15 M M 5.5 13 260 M M 4 1 17 260
21 72 52 62 -10 3 0 0.00 M M 8.2 21 150 M M 3 29 140
22 79 52 66 -6 0 1 0.00 M M 6.6 15 100 M M 2 25 60
23 81 52 67 -5 0 2 0.00 M M 6.8 15 140 M M 1 20 140
24 84 53 69 -3 0 4 0.00 M M 6.9 15 260 M M 0 20 250
25 86 56 71 -1 0 6 0.00 M M 7.0 15 240 M M 0 21 120
26 83 60 72 0 0 7 0.03 M M 9.4 32 270 M M 2 13 43 270
27 87 56 72 1 0 7 0.00 M M 9.5 18 20 M M 1 25 40
28 90 54 72 1 0 7 0.02 M M 11.4 37 330 M M 1 3 50 330
29 88 53 71 0 0 6 0.00 M M 9.5 18 240 M M 0 25 240
30 86 55 71 0 0 6 0.00 M M 6.9 14 240 M M 0 19 140
31 92 59 76 5 0 11 0.02 M M 9.0 31 350 M M 2 3 47 350
================================================================================
SM 2399 1610 5 199 2.79 M 248.6 M 46
================================================================================
AV 85.7 57.5 8.0 FASTST M M 1 MAX(MPH)
MISC ----> 37 330 50 330
================================================================================
NOTES:
# LAST OF SEVERAL OCCURRENCES
COLUMN 17 PEAK WIND IN M.P.H.
PRELIMINARY LOCAL CLIMATOLOGICAL DATA (WS FORM: F-6) , PAGE 2
STATION: TRINIDAD CO
MONTH: AUGUST
YEAR: 2022
LATITUDE: 37 16 N
LONGITUDE: 104 20 W
[TEMPERATURE DATA] [PRECIPITATION DATA] SYMBOLS USED IN COLUMN 16
AVERAGE MONTHLY: 71.6 TOTAL FOR MONTH: 2.79 1 = FOG OR MIST
DPTR FM NORMAL: -1.2 DPTR FM NORMAL: 0.87 2 = FOG REDUCING VISIBILITY
HIGHEST: 94 ON 5, 2 GRTST 24HR 0.92 ON 7- 8 TO 1/4 MILE OR LESS
LOWEST: 52 ON 23,22 3 = THUNDER
SNOW, ICE PELLETS, HAIL 4 = ICE PELLETS
TOTAL MONTH: M 5 = HAIL
GRTST 24HR M ON M 6 = FREEZING RAIN OR DRIZZLE
GRTST DEPTH: M ON M 7 = DUSTSTORM OR SANDSTORM:
VSBY 1/2 MILE OR LESS
8 = SMOKE OR HAZE
[NO. OF DAYS WITH] [WEATHER - DAYS WITH] 9 = BLOWING SNOW
X = TORNADO
MAX 32 OR BELOW: 0 0.01 INCH OR MORE: 11
MAX 90 OR ABOVE: 9 0.10 INCH OR MORE: 5
MIN 32 OR BELOW: 0 0.50 INCH OR MORE: 2
MIN 0 OR BELOW: 0 1.00 INCH OR MORE: 0
[HDD (BASE 65) ]
TOTAL THIS MO. 5 CLEAR (SCALE 0-3) 27
DPTR FM NORMAL 0 PTCLDY (SCALE 4-7) 4
TOTAL FM JUL 1 5 CLOUDY (SCALE 8-10) 0
DPTR FM NORMAL 3
[CDD (BASE 65) ]
TOTAL THIS MO. 199
DPTR FM NORMAL -47 [PRESSURE DATA]
TOTAL FM JAN 1 820 HIGHEST SLP 30.21 ON 30
DPTR FM NORMAL 52 LOWEST SLP 29.69 ON 28
[REMARKS]
#FINAL-08-22#