000
CXUS52 KTBW 021826
CF6TBW
PRELIMINARY LOCAL CLIMATOLOGICAL DATA (WS FORM: F-6)
STATION: RUSKIN WFO
MONTH: MAY
YEAR: 2021
LATITUDE: 27 42 N
LONGITUDE: 82 24 W
TEMPERATURE IN F: :PCPN: SNOW: WIND :SUNSHINE: SKY :PK WND
================================================================================
1 2 3 4 5 6A 6B 7 8 9 10 11 12 13 14 15 16 17 18
12Z AVG MX 2MIN
DY MAX MIN AVG DEP HDD CDD WTR SNW DPTH SPD SPD DIR MIN PSBL S-S WX SPD DR
================================================================================
1 89 72 81 6 0 16 0.00 0.0 0 M M M M M M M M
2 89 71 80 5 0 15 0.00 0.0 0 M M M M M M M M
3 93 70 82 7 0 17 0.00 0.0 0 M M M M M M M M
4 94 71 83 8 0 18 0.00 0.0 0 M M M M M M M M
5 91 72 82 6 0 17 0.00 0.0 0 M M M M M M 1 M M
6 89 74 82 6 0 17 0.00 0.0 0 M M M M M M M M
7 84 72 78 2 0 13 0.00 0.0 0 M M M M M M M M
8 90 62 76 0 0 11 0.00 0.0 0 M M M M M M M M
9 92 66 79 3 0 14 0.00 0.0 0 M M M M M M M M
10 92 70 81 5 0 16 0.00 0.0 0 M M M M M M M M
11 91 71 81 5 0 16 0.00 0.0 0 M M M M M M M M
12 89 72 81 4 0 16 0.00 0.0 0 M M M M M M M M
13 83 70 77 0 0 12 0.00 0.0 0 M M M M M M M M
14 88 65 77 0 0 12 0.00 0.0 0 M M M M M M M M
15 88 64 76 -1 0 11 0.00 0.0 0 M M M M M M M M
16 89 63 76 -1 0 11 0.00 0.0 0 M M M M M M M M
17 91 63 77 0 0 12 0.00 0.0 0 M M M M M M M M
18 90 67 79 1 0 14 0.00 0.0 0 M M M M M M M M
19 90 68 79 1 0 14 0.00 0.0 0 M M M M M M M M
20 89 70 80 2 0 15 0.00 0.0 0 M M M M M M M M
21 90 68 79 1 0 14 0.00 0.0 0 M M M M M M M M
22 90 65 78 0 0 13 0.00 0.0 0 M M M M M M M M
23 91 65 78 0 0 13 0.00 0.0 0 M M M M M M M M
24 92 63 78 0 0 13 0.00 0.0 0 M M M M M M M M
25 93 64 79 0 0 14 0.00 0.0 0 M M M M M M M M
26 90 67 79 0 0 14 0.00 0.0 0 M M M M M M M M
27 89 68 79 0 0 14 0.00 0.0 0 M M M M M M M M
28 89 69 79 0 0 14 0.00 0.0 0 M M M M M M M M
29 89 69 79 0 0 14 0.00 0.0 0 M M M M M M M M
30 89 69 79 0 0 14 0.08 0.0 0 M M M M M M 3 M M
31 94 67 81 2 0 16 0.00 0.0 0 M M M M M M M M
================================================================================
SM 2787 2107 0 440 0.08 0.0 M M M
================================================================================
AV 89.9 68.0 M FASTST M M M MAX(MPH)
MISC ----> M M M M
================================================================================
NOTES:
# LAST OF SEVERAL OCCURRENCES
COLUMN 17 PEAK WIND IN M.P.H.
PRELIMINARY LOCAL CLIMATOLOGICAL DATA (WS FORM: F-6) , PAGE 2
STATION: RUSKIN WFO
MONTH: MAY
YEAR: 2021
LATITUDE: 27 42 N
LONGITUDE: 82 24 W
[TEMPERATURE DATA] [PRECIPITATION DATA] SYMBOLS USED IN COLUMN 16
AVERAGE MONTHLY: 78.9 TOTAL FOR MONTH: 0.08 1 = FOG OR MIST
DPTR FM NORMAL: 1.7 DPTR FM NORMAL: -2.93 2 = FOG REDUCING VISIBILITY
HIGHEST: 94 ON 31, 4 GRTST 24HR 0.08 ON 30-30 TO 1/4 MILE OR LESS
LOWEST: 62 ON 8 3 = THUNDER
SNOW, ICE PELLETS, HAIL 4 = ICE PELLETS
TOTAL MONTH: 0.0 INCH 5 = HAIL
GRTST 24HR 0.0 6 = FREEZING RAIN OR DRIZZLE
GRTST DEPTH: 0 7 = DUSTSTORM OR SANDSTORM:
VSBY 1/2 MILE OR LESS
8 = SMOKE OR HAZE
[NO. OF DAYS WITH] [WEATHER - DAYS WITH] 9 = BLOWING SNOW
X = TORNADO
MAX 32 OR BELOW: 0 0.01 INCH OR MORE: 1
MAX 90 OR ABOVE: 17 0.10 INCH OR MORE: 0
MIN 32 OR BELOW: 0 0.50 INCH OR MORE: 0
MIN 0 OR BELOW: 0 1.00 INCH OR MORE: 0
[HDD (BASE 65) ]
TOTAL THIS MO. 0 CLEAR (SCALE 0-3) 0
DPTR FM NORMAL 0 PTCLDY (SCALE 4-7) 0
TOTAL FM JUL 1 401 CLOUDY (SCALE 8-10) 31
DPTR FM NORMAL -99
[CDD (BASE 65) ]
TOTAL THIS MO. 440
DPTR FM NORMAL 61 [PRESSURE DATA]
TOTAL FM JAN 1 1054 HIGHEST SLP M ON M
DPTR FM NORMAL 195 LOWEST SLP M ON M
[REMARKS]
#FINAL-05-21#