000
CXUS54 KEPZ 011030
CF6TCS
PRELIMINARY LOCAL CLIMATOLOGICAL DATA (WS FORM: F-6)
STATION: TRUTH OR CONSEQUENCES
MONTH: MARCH
YEAR: 2022
LATITUDE: 33 13 N
LONGITUDE: 107 16 W
TEMPERATURE IN F: :PCPN: SNOW: WIND :SUNSHINE: SKY :PK WND
================================================================================
1 2 3 4 5 6A 6B 7 8 9 10 11 12 13 14 15 16 17 18
12Z AVG MX 2MIN
DY MAX MIN AVG DEP HDD CDD WTR SNW DPTH SPD SPD DIR MIN PSBL S-S WX SPD DR
================================================================================
1 70 37 54 4 11 0 0.00 M M 5.8 12 90 M M 0 15 110
2 75 37 56 6 9 0 0.00 M M 6.0 16 290 M M 0 24 280
3 73 41 57 6 8 0 T M M 8.4 30 190 M M 2 42 190
4 71 45 58 7 7 0 T M M 17.8 41 210 M M 2 59 200
5 68 36 52 1 13 0 0.00 M M 10.2 26 220 M M 0 43 210
6 56 36 46 -5 19 0 0.00 M M 14.1 31 270 M M 0 47 290
7 59 26 43 -9 22 0 0.00 M M 10.9 29 170 M M 0 39 160
8 54 30 42 -10 23 0 0.00 M M 4.8 16 310 M M 0 23 320
9 65 25 45 -7 20 0 0.00 M M 9.0 24 280 M M 0 33 270
10 65 32 49 -3 16 0 0.00 M M 11.3 29 260 M M 0 40 260
11 49 29 39 -14 26 0 0.03 M M 10.0 23 20 M M 4 31 20
12 60 24 42 -11 23 0 0.00 M M 6.0 16 180 M M 0 21 160
13 72 27 50 -3 15 0 0.00 M M 9.2 26 230 M M 0 37 220
14 67 41 54 1 11 0 0.00 M M 9.7 30 310 M M 0 45 310
15 72 33 53 -1 12 0 0.00 M M 9.6 21 180 M M 0 29 200
16 80 41 61 7 4 0 0.00 M M 13.0 32 240 M M 0 48 230
17 63 41 52 -2 13 0 0.00 M M 14.2 30 320 M M 1 48 320
18 64 33 49 -5 16 0 0.00 M M 7.1 18 170 M M 0 25 180
19 70 35 53 -2 12 0 0.00 M M 6.9 20 170 M M 0 8 26 160
20 75 36 56 1 9 0 0.00 M M 12.6 31 220 M M 0 47 170
21 60 40 50 -5 15 0 0.02 M M 10.8 26 320 M M 7 42 310
22 54 35 45 -11 20 0 0.01 M M 7.6 20 20 M M 8 26 20
23 58 32 45 -11 20 0 0.03 M M 6.2 17 20 M M 4 25 10
24 73 32 53 -3 12 0 0.00 M M 6.1 16 190 M M 0 21 200
25 78 46 62 6 3 0 0.00 M M 6.9 14 100 M M 0 21 90
26 82 47 65 9 0 0 0.00 M M 7.4 17 190 M M 0 24 200
27 85 51 68 11 0 3 0.00 M M 10.2 28 190 M M 0 38 200
28 79 49 64 7 1 0 0.00 M M 11.5 30 220 M M 1 38 220
29 66 45 56 -1 9 0 T M M 17.6 45 290 M M 2 18 72 290
30 67 44 56 -2 9 0 T M M 10.9 36 300 M M 4 45 310
31 70 45 58 0 7 0 0.00 M M 8.7 23 180 M M 0 33 180
================================================================================
SM 2100 1151 385 3 0.09 M 300.5 M 35
================================================================================
AV 67.7 37.1 9.7 FASTST M M 1 MAX(MPH)
MISC ----> 45 290 72 290
================================================================================
NOTES:
# LAST OF SEVERAL OCCURRENCES
COLUMN 17 PEAK WIND IN M.P.H.
PRELIMINARY LOCAL CLIMATOLOGICAL DATA (WS FORM: F-6) , PAGE 2
STATION: TRUTH OR CONSEQUENCES
MONTH: MARCH
YEAR: 2022
LATITUDE: 33 13 N
LONGITUDE: 107 16 W
[TEMPERATURE DATA] [PRECIPITATION DATA] SYMBOLS USED IN COLUMN 16
AVERAGE MONTHLY: 52.4 TOTAL FOR MONTH: 0.09 1 = FOG OR MIST
DPTR FM NORMAL: -1.5 DPTR FM NORMAL: -0.15 2 = FOG REDUCING VISIBILITY
HIGHEST: 85 ON 27 GRTST 24HR 0.04 ON 22-23 TO 1/4 MILE OR LESS
LOWEST: 24 ON 12 3 = THUNDER
SNOW, ICE PELLETS, HAIL 4 = ICE PELLETS
TOTAL MONTH: M 5 = HAIL
GRTST 24HR M ON M 6 = FREEZING RAIN OR DRIZZLE
GRTST DEPTH: M ON M 7 = DUSTSTORM OR SANDSTORM:
VSBY 1/2 MILE OR LESS
8 = SMOKE OR HAZE
[NO. OF DAYS WITH] [WEATHER - DAYS WITH] 9 = BLOWING SNOW
X = TORNADO
MAX 32 OR BELOW: 0 0.01 INCH OR MORE: 4
MAX 90 OR ABOVE: 0 0.10 INCH OR MORE: 0
MIN 32 OR BELOW: 9 0.50 INCH OR MORE: 0
MIN 0 OR BELOW: 0 1.00 INCH OR MORE: 0
[HDD (BASE 65) ]
TOTAL THIS MO. 385 CLEAR (SCALE 0-3) 26
DPTR FM NORMAL 39 PTCLDY (SCALE 4-7) 5
TOTAL FM JUL 1 2601 CLOUDY (SCALE 8-10) 0
DPTR FM NORMAL -264
[CDD (BASE 65) ]
TOTAL THIS MO. 3
DPTR FM NORMAL -1 [PRESSURE DATA]
TOTAL FM JAN 1 3 HIGHEST SLP 30.35 ON 12
DPTR FM NORMAL -1 LOWEST SLP 29.51 ON 21
[REMARKS]
#FINAL-03-22#