000
CXUS54 KFWD 010732
CF6TKI
PRELIMINARY LOCAL CLIMATOLOGICAL DATA (WS FORM: F-6)
STATION: MCKINNEY
MONTH: MAY
YEAR: 2023
LATITUDE: 33 10 N
LONGITUDE: 96 35 W
TEMPERATURE IN F: :PCPN: SNOW: WIND :SUNSHINE: SKY :PK WND
================================================================================
1 2 3 4 5 6A 6B 7 8 9 10 11 12 13 14 15 16 17 18
12Z AVG MX 2MIN
DY MAX MIN AVG DEP HDD CDD WTR SNW DPTH SPD SPD DIR MIN PSBL S-S WX SPD DR
================================================================================
1 74 47 61 -7 4 0 0.00 M M 4.2 13 30 M M 0 18 70
2 78 46 62 -6 3 0 0.00 M M 4.2 10 120 M M 0 16 120
3 79 60 70 2 0 5 0.00 M M 5.0 16 30 M M 3 22 20
4 80 56 68 -1 0 3 0.01 M M 9.2 21 170 M M 2 13 27 170
5 91 67 79 10 0 14 T M M 11.1 22 150 M M 4 1 28 150
6 87 64 76 7 0 11 0.21 M M 12.7 31 330 M M 2 13 39 330
7 85 66 76 6 0 11 0.04 M M 13.8 24 110 M M 4 3 30 160
8 86 70 78 8 0 13 T M M 12.1 23 180 M M 1 13 30 190
9 83 67 75 5 0 10 0.00 M M 8.5 20 180 M M 2 25 150
10 74 66 70 -1 0 5 0.63 M M 4.5 18 140 M M 5 13 22 140
11 86 65 76 5 0 11 T M M 9.4 22 170 M M 7 18 31 190
12 86 75 81 10 0 16 T M M 13.4 23 160 M M 7 18 33 150
13 86 73 80 8 0 15 T M M 7.3 18 180 M M 4 1 25 170
14 77 68 73 1 0 8 0.33 M M 3.3 10 180 M M 7 13 13 150
15 85 66 76 4 0 11 0.01 M M 5.6 26 180 M M 6 13 34 170
16 77 61 69 -4 0 4 0.00 M M 7.5 17 330 M M 5 23 330
17 81 57 69 -4 0 4 0.00 M M 5.2 14 40 M M 0 1 18 30
18 85 60 73 0 0 8 0.00 M M 3.7 12 10 M M 2 16 140
19 91 68 80 6 0 15 0.22 M M 8.6 31 300 M M 3 13 40 300
20 77 59 68 -6 0 3 0.00 M M 10.8 21 340 M M 3 8 30 350
21 75 55 65 -9 0 0 0.00 M M 3.4 9 50 M M 2 14 70
22 82 58 70 -5 0 5 0.00 M M 3.3 10 70 M M 2 1 17 100
23 83 62 73 -2 0 8 0.00 M M 5.1 13 150 M M 1 18 90
24 85 66 76 1 0 11 0.00 M M 6.4 16 270 M M 1 20 120
25 82 61 72 -4 0 7 0.00 M M 3.7 14 160 M M 2 18 110
26 86 62 74 -2 0 9 0.00 M M 4.6 16 60 M M 0 23 60
27 84 66 75 -1 0 10 0.00 M M 5.0 13 170 M M 2 17 110
28 86 63 75 -1 0 10 0.03 M M 5.8 16 220 M M 3 20 140
29 88 67 78 1 0 13 0.38 M M 6.8 23 350 M M 3 13 32 350
30 83 65 74 -3 0 9 0.03 M M 3.9 13 130 M M 2 3 17 160
31 87 65 76 -1 0 11 0.00 M M 5.1 15 150 M M 0 1 21 180
================================================================================
SM 2569 1951 7 260 1.89 M 213.2 M 85
================================================================================
AV 82.9 62.9 6.9 FASTST M M 3 MAX(MPH)
MISC ----> # 31 330 40 300
================================================================================
NOTES:
# LAST OF SEVERAL OCCURRENCES
COLUMN 17 PEAK WIND IN M.P.H.
PRELIMINARY LOCAL CLIMATOLOGICAL DATA (WS FORM: F-6) , PAGE 2
STATION: MCKINNEY
MONTH: MAY
YEAR: 2023
LATITUDE: 33 10 N
LONGITUDE: 96 35 W
[TEMPERATURE DATA] [PRECIPITATION DATA] SYMBOLS USED IN COLUMN 16
AVERAGE MONTHLY: 72.9 TOTAL FOR MONTH: 1.89 1 = FOG OR MIST
DPTR FM NORMAL: 0.3 DPTR FM NORMAL: -2.88 2 = FOG REDUCING VISIBILITY
HIGHEST: 91 ON 19, 5 GRTST 24HR 0.63 ON 10-10 TO 1/4 MILE OR LESS
LOWEST: 46 ON 2 3 = THUNDER
SNOW, ICE PELLETS, HAIL 4 = ICE PELLETS
TOTAL MONTH: M 5 = HAIL
GRTST 24HR M ON M 6 = FREEZING RAIN OR DRIZZLE
GRTST DEPTH: M ON M 7 = DUSTSTORM OR SANDSTORM:
VSBY 1/2 MILE OR LESS
8 = SMOKE OR HAZE
[NO. OF DAYS WITH] [WEATHER - DAYS WITH] 9 = BLOWING SNOW
X = TORNADO
MAX 32 OR BELOW: 0 0.01 INCH OR MORE: 10
MAX 90 OR ABOVE: 2 0.10 INCH OR MORE: 5
MIN 32 OR BELOW: 0 0.50 INCH OR MORE: 1
MIN 0 OR BELOW: 0 1.00 INCH OR MORE: 0
[HDD (BASE 65) ]
TOTAL THIS MO. 7 CLEAR (SCALE 0-3) 19
DPTR FM NORMAL -8 PTCLDY (SCALE 4-7) 12
TOTAL FM JUL 1 2256 CLOUDY (SCALE 8-10) 0
DPTR FM NORMAL -238
[CDD (BASE 65) ]
TOTAL THIS MO. 260
DPTR FM NORMAL 9 [PRESSURE DATA]
TOTAL FM JAN 1 357 HIGHEST SLP M ON M
DPTR FM NORMAL -4 LOWEST SLP 29.72 ON 11
[REMARKS]
#FINAL-05-23#