000
CXUS54 KFWD 010730
CF6TKI
PRELIMINARY LOCAL CLIMATOLOGICAL DATA (WS FORM: F-6)
STATION: MCKINNEY
MONTH: MAY
YEAR: 2022
LATITUDE: 33 10 N
LONGITUDE: 96 35 W
TEMPERATURE IN F: :PCPN: SNOW: WIND :SUNSHINE: SKY :PK WND
================================================================================
1 2 3 4 5 6A 6B 7 8 9 10 11 12 13 14 15 16 17 18
12Z AVG MX 2MIN
DY MAX MIN AVG DEP HDD CDD WTR SNW DPTH SPD SPD DIR MIN PSBL S-S WX SPD DR
================================================================================
1 82 49 66 -2 0 1 T M M 6.3 16 150 M M 1 3 23 100
2 84 63 74 6 0 9 1.19 M M 16.6 31 140 M M 7 13 41 180
3 68 53 61 -7 4 0 1.20 M M 9.0 16 350 M M 10 13 21 340
4 83 58 71 2 0 6 T M M 9.5 28 170 M M 7 128 36 170
5 77 57 67 -2 0 2 0.18 M M 9.7 22 310 M M 5 13 31 310
6 80 52 66 -3 0 1 0.00 M M 5.1 12 340 M M 0 15 360
7 85 62 74 4 0 9 0.00 M M 9.2 16 150 M M 4 24 140
8 90 74 82 12 0 17 0.00 M M 17.2 28 170 M M 3 18 35 190
9 90 75 83 13 0 18 0.00 M M 19.4 28 180 M M 5 37 180
10 88 76 82 11 0 17 0.00 M M 15.5 23 170 M M 5 32 170
11 87 69 78 7 0 13 0.00 M M 11.9 20 170 M M 1 29 180
12 88 69 79 8 0 14 0.00 M M 12.0 21 140 M M 0 28 150
13 88 67 78 6 0 13 0.00 M M 11.8 23 180 M M 0 29 180
14 91 67 79 7 0 14 0.00 M M 6.1 16 170 M M 0 23 170
15 92 64 78 6 0 13 0.27 M M 10.0 38 10 M M 0 13 54 20
16 86 65 76 3 0 11 0.27 M M 6.7 20 210 M M 1 13 25 280
17 90 71 81 8 0 16 0.00 M M 10.9 23 180 M M 0 29 180
18 92 71 82 9 0 17 0.00 M M 13.8 25 200 M M 0 8 34 190
19 91 72 82 8 0 17 T M M 18.5 29 180 M M 1 3 42 200
20 93 73 83 9 0 18 0.00 M M 21.1 31 190 M M 3 8 42 200
21 89 62 76 2 0 11 T M M 14.9 24 360 M M 7 18 36 10
22 66 58 62 -13 3 0 0.00 M M 11.5 24 10 M M 9 1 34 360
23 76 59 68 -7 0 3 T M M 8.0 18 110 M M 9 18 29 110
24 73 61 67 -8 0 2 1.98 M M 10.6 32 340 M M 9 13 45 340
25 70 60 65 -11 0 0 0.63 M M 12.7 25 250 M M 8 1 35 250
26 84 58 71 -5 0 6 0.00 M M 9.1 25 310 M M 0 34 290
27 87 52 70 -6 0 5 0.00 M M 4.0 9 100 M M 0 16 40
28 90 62 76 0 0 11 0.00 M M 13.1 25 150 M M 0 33 160
29 90 70 80 3 0 15 0.00 M M 17.9 28 170 M M 1 36 170
30 90 73 82 5 0 17 0.00 M M 20.0 32 170 M M 5 45 160
31 91 74 83 6 0 18 0.00 M M 15.0 24 180 M M 3 30 180
================================================================================
SM 2631 1996 7 314 5.72 M 377.1 M 104
================================================================================
AV 84.9 64.4 12.2 FASTST M M 3 MAX(MPH)
MISC ----> 38 10 54 20
================================================================================
NOTES:
# LAST OF SEVERAL OCCURRENCES
COLUMN 17 PEAK WIND IN M.P.H.
PRELIMINARY LOCAL CLIMATOLOGICAL DATA (WS FORM: F-6) , PAGE 2
STATION: MCKINNEY
MONTH: MAY
YEAR: 2022
LATITUDE: 33 10 N
LONGITUDE: 96 35 W
[TEMPERATURE DATA] [PRECIPITATION DATA] SYMBOLS USED IN COLUMN 16
AVERAGE MONTHLY: 74.6 TOTAL FOR MONTH: 5.72 1 = FOG OR MIST
DPTR FM NORMAL: 2.0 DPTR FM NORMAL: 0.95 2 = FOG REDUCING VISIBILITY
HIGHEST: 93 ON 20 GRTST 24HR 2.61 ON 24-25 TO 1/4 MILE OR LESS
LOWEST: 49 ON 1 3 = THUNDER
SNOW, ICE PELLETS, HAIL 4 = ICE PELLETS
TOTAL MONTH: M 5 = HAIL
GRTST 24HR M ON M 6 = FREEZING RAIN OR DRIZZLE
GRTST DEPTH: M ON M 7 = DUSTSTORM OR SANDSTORM:
VSBY 1/2 MILE OR LESS
8 = SMOKE OR HAZE
[NO. OF DAYS WITH] [WEATHER - DAYS WITH] 9 = BLOWING SNOW
X = TORNADO
MAX 32 OR BELOW: 0 0.01 INCH OR MORE: 7
MAX 90 OR ABOVE: 12 0.10 INCH OR MORE: 7
MIN 32 OR BELOW: 0 0.50 INCH OR MORE: 4
MIN 0 OR BELOW: 0 1.00 INCH OR MORE: 3
[HDD (BASE 65) ]
TOTAL THIS MO. 7 CLEAR (SCALE 0-3) 16
DPTR FM NORMAL -8 PTCLDY (SCALE 4-7) 11
TOTAL FM JUL 1 2144 CLOUDY (SCALE 8-10) 4
DPTR FM NORMAL -350
[CDD (BASE 65) ]
TOTAL THIS MO. 314
DPTR FM NORMAL 63 [PRESSURE DATA]
TOTAL FM JAN 1 446 HIGHEST SLP M ON M
DPTR FM NORMAL 85 LOWEST SLP 29.53 ON 19
[REMARKS]
#FINAL-05-22#