000
CXUS52 KTAE 010900
CF6TLH
PRELIMINARY LOCAL CLIMATOLOGICAL DATA (WS FORM: F-6)
STATION: TALLAHASSEE
MONTH: DECEMBER
YEAR: 2023
LATITUDE: 30 22 N
LONGITUDE: 84 22 W
TEMPERATURE IN F: :PCPN: SNOW: WIND :SUNSHINE: SKY :PK WND
================================================================================
1 2 3 4 5 6A 6B 7 8 9 10 11 12 13 14 15 16 17 18
12Z AVG MX 2MIN
DY MAX MIN AVG DEP HDD CDD WTR SNW DPTH SPD SPD DIR MIN PSBL S-S WX SPD DR
================================================================================
1 77 49 63 6 2 0 0.11 0.0 0 7.4 21 150 M M 6 1 31 150
2 69 65 67 11 0 2 4.30 M M 5.9 14 80 M M 9 13 22 70
3 73 66 70 14 0 5 0.86 M M 3.2 18 290 M M 9 123 23 280
4 71 49 60 4 5 0 0.00 M M 4.0 13 260 M M 4 12 17 270
5 69 41 55 -1 10 0 0.00 0.0 0 3.3 14 300 M M 1 20 310
6 62 36 49 -7 16 0 0.00 0.0 M 7.6 16 10 M M 0 24 40
7 65 31 48 -8 17 0 0.00 M M 0.8 7 70 M M 3 10 10
8 70 46 58 2 7 0 0.00 0.0 M 3.5 13 130 M M 5 16 200
9 78 50 64 9 1 0 0.00 0.0 M 4.8 18 160 M M 4 1 24 160
10 70 49 60 5 5 0 2.25 0.0 0 7.9 28 300 M M 10 123 38 300
11 63 37 50 -5 15 0 0.00 0.0 0 5.3 15 340 M M 0 20 340
12 63 34 49 -6 16 0 0.00 0.0 0 5.1 15 70 M M 1 20 80
13 65 48 57 2 8 0 0.00 0.0 0 8.1 15 50 M M 2 22 60
14 70 53 62 7 3 0 0.00 0.0 0 11.5 17 50 M M 4 27 60
15 68 49 59 5 6 0 0.00 0.0 0 9.1 17 60 M M 2 25 60
16 64 54 59 5 6 0 0.78 0.0 0 8.7 16 50 M M 9 1 28 70
17 63 57 60 6 5 0 2.18 0.0 0 14.0 23 20 M M 10 1 33 50
18 63 43 53 -1 12 0 0.00 0.0 0 9.7 16 310 M M 0 21 270
19 55 39 47 -7 18 0 0.00 0.0 M 6.5 13 30 M M 0 17 350
20 58 29 44 -10 21 0 0.00 0.0 M 4.7 13 70 M M 1 17 90
21 67 42 55 1 10 0 0.00 0.0 M 4.6 12 80 M M 1 16 50
22 71 41 56 2 9 0 0.00 0.0 M 2.3 7 20 M M 4 11 20
23 75 43 59 6 6 0 0.00 0.0 M 3.5 13 90 M M 2 1 20 160
24 71 48 60 7 5 0 0.05 0.0 0 8.1 20 110 M M 6 25 120
25 74 63 69 16 0 4 0.37 0.0 M 12.7 25 140 M M 9 1 39 130
26 69 57 63 10 2 0 0.00 0.0 M 5.2 14 310 M M 9 1 17 310
27 65 52 59 6 6 0 0.00 0.0 M 4.7 13 290 M M 4 15 320
28 67 48 58 5 7 0 0.00 0.0 M 4.6 18 260 M M 3 24 260
29 55 33 44 -9 21 0 0.00 0.0 M 6.7 18 290 M M 0 26 280
30 60 31 46 -7 19 0 0.00 0.0 M 3.9 21 270 M M 1 28 280
31 63 28 46 -6 19 0 0.00 0.0 0 1.7 12 260 M M 1 1 17 250
================================================================================
SM 2073 1411 277 11 10.90 0.0 189.1 M 120
================================================================================
AV 66.9 45.5 6.1 FASTST M M 4 MAX(MPH)
MISC ----> 28 300 39 130
================================================================================
NOTES:
# LAST OF SEVERAL OCCURRENCES
COLUMN 17 PEAK WIND IN M.P.H.
PRELIMINARY LOCAL CLIMATOLOGICAL DATA (WS FORM: F-6) , PAGE 2
STATION: TALLAHASSEE
MONTH: DECEMBER
YEAR: 2023
LATITUDE: 30 22 N
LONGITUDE: 84 22 W
[TEMPERATURE DATA] [PRECIPITATION DATA] SYMBOLS USED IN COLUMN 16
AVERAGE MONTHLY: 56.2 TOTAL FOR MONTH: 10.90 1 = FOG OR MIST
DPTR FM NORMAL: 1.8 DPTR FM NORMAL: 6.66 2 = FOG REDUCING VISIBILITY
HIGHEST: 78 ON 9 GRTST 24HR 4.73 ON 2- 3 TO 1/4 MILE OR LESS
LOWEST: 28 ON 31 3 = THUNDER
SNOW, ICE PELLETS, HAIL 4 = ICE PELLETS
TOTAL MONTH: 0.0 INCH 5 = HAIL
GRTST 24HR 0.0 6 = FREEZING RAIN OR DRIZZLE
GRTST DEPTH: 0 7 = DUSTSTORM OR SANDSTORM:
VSBY 1/2 MILE OR LESS
8 = SMOKE OR HAZE
[NO. OF DAYS WITH] [WEATHER - DAYS WITH] 9 = BLOWING SNOW
X = TORNADO
MAX 32 OR BELOW: 0 0.01 INCH OR MORE: 8
MAX 90 OR ABOVE: 0 0.10 INCH OR MORE: 7
MIN 32 OR BELOW: 4 0.50 INCH OR MORE: 5
MIN 0 OR BELOW: 0 1.00 INCH OR MORE: 3
[HDD (BASE 65) ]
TOTAL THIS MO. 277 CLEAR (SCALE 0-3) 14
DPTR FM NORMAL -68 PTCLDY (SCALE 4-7) 10
TOTAL FM JUL 1 435 CLOUDY (SCALE 8-10) 7
DPTR FM NORMAL -139
[CDD (BASE 65) ]
TOTAL THIS MO. 11
DPTR FM NORMAL -5 [PRESSURE DATA]
TOTAL FM JAN 1 3256 HIGHEST SLP 30.52 ON 14
DPTR FM NORMAL 498 LOWEST SLP 29.62 ON 17
[REMARKS]
#FINAL-12-23#