000
CXUS54 KBMX 011010
CF6TOI
PRELIMINARY LOCAL CLIMATOLOGICAL DATA (WS FORM: F-6)
STATION: TROY
MONTH: APRIL
YEAR: 2023
LATITUDE: 31 51 N
LONGITUDE: 86 1 W
TEMPERATURE IN F: :PCPN: SNOW: WIND :SUNSHINE: SKY :PK WND
================================================================================
1 2 3 4 5 6A 6B 7 8 9 10 11 12 13 14 15 16 17 18
12Z AVG MX 2MIN
DY MAX MIN AVG DEP HDD CDD WTR SNW DPTH SPD SPD DIR MIN PSBL S-S WX SPD DR
================================================================================
1 87 56 72 11 0 7 0.09 0.0 0 8.4 24 290 M M 5 3 30 300
2 75 48 62 1 3 0 T 0.0 0 2.3 12 220 M M 0 14 40
3 82 55 69 7 0 4 2.76 0.0 M 4.5 14 60 M M 5 13 17 300
4 90 68 79 17 0 14 0.00 0.0 0 5.1 15 180 M M 6 12 20 150
5 91 67 79 17 0 14 0.00 0.0 0 6.1 18 200 M M 3 1 26 220
6 90 62 76 14 0 11 T 0.0 0 2.0 13 270 M M 4 12 19 260
7 83 65 74 12 0 9 0.01 0.0 0 2.9 10 320 M M 6 18 15 340
8 70 49 60 -2 5 0 0.88 0.0 0 8.9 16 100 M M 10 18 24 50
9 67 48 58 -5 7 0 0.00 0.0 0 7.4 16 50 M M 8 18 25 30
10 75 52 64 1 1 0 T 0.0 0 7.7 18 60 M M 7 28 60
11 79 53 66 3 0 1 0.00 0.0 0 5.0 14 70 M M 2 21 60
12 77 50 64 1 1 0 0.00 0.0 0 4.8 16 100 M M 1 21 90
13 82 61 72 9 0 7 0.26 0.0 0 10.4 26 130 M M 6 1 38 130
14 80 58 69 5 0 4 0.00 0.0 0 3.5 14 230 M M 3 20 250
15 85 54 70 6 0 5 0.35 0.0 0 3.2 13 270 M M 1 13 20 260
16 78 55 67 3 0 2 0.00 0.0 0 5.9 17 320 M M 6 25 290
17 76 43 60 -4 5 0 0.00 0.0 0 5.1 18 340 M M 0 29 290
18 84 41 63 -1 2 0 0.00 0.0 0 2.2 10 40 M M 0 14 60
19 87 47 67 2 0 2 0.00 0.0 0 3.1 16 130 M M 0 23 160
20 87 49 68 3 0 3 0.00 0.0 0 3.4 15 100 M M 0 22 120
21 85 54 70 5 0 5 0.00 0.0 0 4.6 13 180 M M 1 1 21 130
22 78 50 64 -1 1 0 0.01 0.0 0 8.0 20 350 M M 3 29 350
23 81 44 63 -3 2 0 T 0.0 0 4.8 15 350 M M 1 21 360
24 73 53 63 -3 2 0 0.00 0.0 0 5.4 15 20 M M 4 21 10
25 83 47 65 -1 0 0 0.00 0.0 M 2.5 10 10 M M 1 16 20
26 85 57 71 5 0 6 1.11 0.0 0 5.3 31 200 M M 3 1238 42 200
27 69 61 65 -2 0 0 0.79 0.0 0 4.5 16 120 M M 5 13 24 140
28 84 60 72 5 0 7 0.00 0.0 0 5.0 14 240 M M 5 1 21 250
29 79 54 67 0 0 2 0.39 0.0 0 3.0 17 280 M M 4 18 28 290
30 79 51 65 -2 0 0 0.25 0.0 0 9.2 21 260 M M 4 1 34 290
================================================================================
SM 2421 1612 29 103 6.90 0.0 154.2 M 104
================================================================================
AV 80.7 53.7 5.1 FASTST M M 3 MAX(MPH)
MISC ----> 31 200 42 200
================================================================================
NOTES:
# LAST OF SEVERAL OCCURRENCES
COLUMN 17 PEAK WIND IN M.P.H.
PRELIMINARY LOCAL CLIMATOLOGICAL DATA (WS FORM: F-6) , PAGE 2
STATION: TROY
MONTH: APRIL
YEAR: 2023
LATITUDE: 31 51 N
LONGITUDE: 86 1 W
[TEMPERATURE DATA] [PRECIPITATION DATA] SYMBOLS USED IN COLUMN 16
AVERAGE MONTHLY: 67.2 TOTAL FOR MONTH: 6.90 1 = FOG OR MIST
DPTR FM NORMAL: 3.1 DPTR FM NORMAL: 2.42 2 = FOG REDUCING VISIBILITY
HIGHEST: 91 ON 5 GRTST 24HR 2.76 ON 2- 3 TO 1/4 MILE OR LESS
LOWEST: 41 ON 18 3 = THUNDER
SNOW, ICE PELLETS, HAIL 4 = ICE PELLETS
TOTAL MONTH: 0.0 INCH 5 = HAIL
GRTST 24HR 0.0 6 = FREEZING RAIN OR DRIZZLE
GRTST DEPTH: 0 7 = DUSTSTORM OR SANDSTORM:
VSBY 1/2 MILE OR LESS
8 = SMOKE OR HAZE
[NO. OF DAYS WITH] [WEATHER - DAYS WITH] 9 = BLOWING SNOW
X = TORNADO
MAX 32 OR BELOW: 0 0.01 INCH OR MORE: 11
MAX 90 OR ABOVE: 3 0.10 INCH OR MORE: 8
MIN 32 OR BELOW: 0 0.50 INCH OR MORE: 4
MIN 0 OR BELOW: 0 1.00 INCH OR MORE: 2
[HDD (BASE 65) ]
TOTAL THIS MO. 29 CLEAR (SCALE 0-3) 13
DPTR FM NORMAL -68 PTCLDY (SCALE 4-7) 16
TOTAL FM JUL 1 1295 CLOUDY (SCALE 8-10) 1
DPTR FM NORMAL -870
[CDD (BASE 65) ]
TOTAL THIS MO. 103
DPTR FM NORMAL 35 [PRESSURE DATA]
TOTAL FM JAN 1 313 HIGHEST SLP 30.35 ON 10
DPTR FM NORMAL 208 LOWEST SLP 29.52 ON 30
[REMARKS]
#FINAL-04-23#