000
CXUS54 KBMX 011110
CF6TOI
PRELIMINARY LOCAL CLIMATOLOGICAL DATA (WS FORM: F-6)
STATION: TROY
MONTH: NOVEMBER
YEAR: 2022
LATITUDE: 31 51 N
LONGITUDE: 86 1 W
TEMPERATURE IN F: :PCPN: SNOW: WIND :SUNSHINE: SKY :PK WND
================================================================================
1 2 3 4 5 6A 6B 7 8 9 10 11 12 13 14 15 16 17 18
12Z AVG MX 2MIN
DY MAX MIN AVG DEP HDD CDD WTR SNW DPTH SPD SPD DIR MIN PSBL S-S WX SPD DR
================================================================================
1 80 47 64 5 1 0 0.00 0.0 0 1.9 10 10 M M 0 18 17 30
2 84 52 68 9 0 3 0.00 0.0 0 1.7 10 330 M M 0 1 14 330
3 84 50 67 8 0 2 0.00 0.0 0 2.6 10 30 M M 0 1 14 40
4 82 54 68 10 0 3 0.00 0.0 0 3.9 14 90 M M 0 18 20 100
5 83 62 73 15 0 8 T 0.0 0 7.3 17 330 M M 4 23 330
6 90 62 76 18 0 11 0.00 0.0 0 1.6 9 100 M M 1 1 12 100
7 89 62 76 19 0 11 0.00 0.0 0 3.2 14 40 M M 3 12 17 20
8 89 60 75 18 0 10 0.00 0.0 0 5.3 15 40 M M 2 1 24 80
9 74 55 65 8 0 0 0.00 0.0 0 9.0 17 40 M M 0 24 70
10 76 56 66 10 0 1 0.49 0.0 0 10.4 20 10 M M 10 18 26 60
11 74 60 67 11 0 2 0.05 0.0 M 5.0 16 360 M M 10 128 21 10
12 76 46 61 5 4 0 0.00 0.0 0 7.9 21 330 M M 9 12 29 340
13 58 34 46 -10 19 0 0.00 0.0 0 8.8 18 350 M M 3 23 330
14 65 32 49 -6 16 0 0.00 0.0 0 5.4 12 110 M M 0 15 80
15 63 52 58 3 7 0 0.35 0.0 0 9.0 17 320 M M 10 1 21 330
16 58 44 51 -4 14 0 0.00 0.0 0 9.1 17 340 M M 3 23 340
17 56 30 43 -12 22 0 0.00 0.0 M 4.9 16 300 M M 0 21 320
18 60 26 43 -11 22 0 0.00 0.0 0 3.3 14 360 M M 0 20 10
19 60 34 47 -7 18 0 0.00 0.0 0 2.2 12 310 M M 2 13 330
20 51 29 40 -14 25 0 0.00 0.0 0 5.9 13 340 M M 0 18 10
21 67 26 47 -7 18 0 0.00 0.0 0 2.0 12 30 M M 0 15 80
22 66 40 53 -1 12 0 0.00 0.0 0 3.0 10 80 M M 2 15 70
23 77 49 63 10 2 0 T M M 2.2 12 30 M M 3 13 70
24 77 47 62 9 3 0 0.02 0.0 0 4.9 13 100 M M 6 16 100
25 64 55 60 7 5 0 1.00 0.0 0 4.4 14 330 M M 10 1238 18 30
26 69 52 61 8 4 0 1.61 0.0 0 6.4 15 130 M M 9 12 19 120
27 74 53 64 12 1 0 1.26 0.0 0 7.9 20 220 M M 2 1 27 230
28 73 46 60 8 5 0 0.00 0.0 M 2.4 10 310 M M 2 12 15 310
29 78 44 61 9 4 0 0.23 0.0 0 4.9 15 140 M M 10 13 22 190
30 76 46 61 9 4 0 1.72 0.0 0 8.5 22 330 M M 4 13 35 300
================================================================================
SM 2173 1405 206 51 6.73 0.0 155.0 M 105
================================================================================
AV 72.4 46.8 5.2 FASTST M M 4 MAX(MPH)
MISC ----> 22 330 35 300
================================================================================
NOTES:
# LAST OF SEVERAL OCCURRENCES
COLUMN 17 PEAK WIND IN M.P.H.
PRELIMINARY LOCAL CLIMATOLOGICAL DATA (WS FORM: F-6) , PAGE 2
STATION: TROY
MONTH: NOVEMBER
YEAR: 2022
LATITUDE: 31 51 N
LONGITUDE: 86 1 W
[TEMPERATURE DATA] [PRECIPITATION DATA] SYMBOLS USED IN COLUMN 16
AVERAGE MONTHLY: 59.6 TOTAL FOR MONTH: 6.73 1 = FOG OR MIST
DPTR FM NORMAL: 4.4 DPTR FM NORMAL: 2.31 2 = FOG REDUCING VISIBILITY
HIGHEST: 90 ON 6 GRTST 24HR 2.63 ON 26-27 TO 1/4 MILE OR LESS
LOWEST: 26 ON 21,18 3 = THUNDER
SNOW, ICE PELLETS, HAIL 4 = ICE PELLETS
TOTAL MONTH: 0.0 INCH 5 = HAIL
GRTST 24HR 0.0 6 = FREEZING RAIN OR DRIZZLE
GRTST DEPTH: 0 7 = DUSTSTORM OR SANDSTORM:
VSBY 1/2 MILE OR LESS
8 = SMOKE OR HAZE
[NO. OF DAYS WITH] [WEATHER - DAYS WITH] 9 = BLOWING SNOW
X = TORNADO
MAX 32 OR BELOW: 0 0.01 INCH OR MORE: 9
MAX 90 OR ABOVE: 1 0.10 INCH OR MORE: 7
MIN 32 OR BELOW: 5 0.50 INCH OR MORE: 4
MIN 0 OR BELOW: 0 1.00 INCH OR MORE: 4
[HDD (BASE 65) ]
TOTAL THIS MO. 206 CLEAR (SCALE 0-3) 17
DPTR FM NORMAL -103 PTCLDY (SCALE 4-7) 6
TOTAL FM JUL 1 281 CLOUDY (SCALE 8-10) 7
DPTR FM NORMAL -121
[CDD (BASE 65) ]
TOTAL THIS MO. 51
DPTR FM NORMAL 34 [PRESSURE DATA]
TOTAL FM JAN 1 2686 HIGHEST SLP 30.44 ON 20
DPTR FM NORMAL 559 LOWEST SLP 29.53 ON 11
[REMARKS]
#FINAL-11-22#