000
CXUS53 KTOP 010810
CF6TOP
PRELIMINARY LOCAL CLIMATOLOGICAL DATA (WS FORM: F-6)
STATION: TOPEKA KS
MONTH: JUNE
YEAR: 2023
LATITUDE: 39 4 N
LONGITUDE: 95 38 W
TEMPERATURE IN F: :PCPN: SNOW: WIND :SUNSHINE: SKY :PK WND
================================================================================
1 2 3 4 5 6A 6B 7 8 9 10 11 12 13 14 15 16 17 18
12Z AVG MX 2MIN
DY MAX MIN AVG DEP HDD CDD WTR SNW DPTH SPD SPD DIR MIN PSBL S-S WX SPD DR
================================================================================
1 88 68 78 6 0 13 0.00 0.0 0 5.1 21 270 M M 2 13 31 290
2 88 68 78 6 0 13 0.27 0.0 0 4.6 18 260 M M 2 13 26 120
3 90 65 78 6 0 13 0.02 0.0 0 7.1 20 140 M M 2 27 220
4 92 62 77 5 0 12 0.00 0.0 0 3.6 15 30 M M 1 1 20 50
5 91 63 77 4 0 12 T 0.0 0 3.1 33 340 M M 1 3 49 320
6 91 61 76 3 0 11 0.00 0.0 0 1.3 8 160 M M 0 1 11 160
7 93 64 79 5 0 14 0.00 0.0 0 1.5 9 270 M M 0 1 15 270
8 85 68 77 3 0 12 0.00 0.0 0 6.6 15 60 M M 1 19 90
9 87 63 75 1 0 10 0.00 0.0 0 5.7 14 110 M M 0 23 130
10 77 67 72 -2 0 7 0.31 0.0 0 3.2 21 270 M M 8 13 37 310
11 77 59 68 -7 0 3 0.19 0.0 0 8.0 23 350 M M 7 1 33 360
12 78 54 66 -9 0 1 0.00 0.0 0 2.1 10 30 M M 0 1 16 20
13 83 52 68 -7 0 3 T 0.0 0 2.8 10 180 M M 0 123 15 250
14 86 64 75 0 0 10 0.20 0.0 0 3.6 10 250 M M 3 13 14 270
15 89 60 75 -1 0 10 0.00 0.0 0 2.7 10 130 M M 0 15 160
16 91 63 77 1 0 12 0.00 0.0 0 1.8 12 20 M M 0 16 40
17 89 66 78 2 0 13 0.00 0.0 0 4.8 16 160 M M 1 23 160
18 86 64 75 -1 0 10 0.32 0.0 0 5.0 23 10 M M 4 13 30 360
19 92 62 77 0 0 12 0.00 0.0 0 3.6 14 160 M M 1 12 18 170
20 91 68 80 3 0 15 0.00 0.0 0 7.0 17 130 M M 0 22 130
21 91 67 79 2 0 14 0.00 0.0 0 5.9 16 50 M M 0 8 23 60
22 92 67 80 3 0 15 0.00 0.0 0 3.8 13 80 M M 1 19 100
23 93 71 82 5 0 17 0.00 0.0 0 6.0 14 120 M M 3 19 160
24 95 71 83 5 0 18 0.01 0.0 0 8.7 22 190 M M 3 31 190
25 91 66 79 1 0 14 0.00 0.0 0 10.1 22 300 M M 0 33 310
26 92 60 76 -2 0 11 0.00 0.0 0 5.2 15 360 M M 0 8 22 360
27 89 60 75 -3 0 10 T 0.0 0 6.5 17 150 M M 0 22 130
28 101 72 87 9 0 22 T 0.0 0 7.5 17 150 M M 1 25 150
29 101 76 89 11 0 24 T 0.0 0 6.4 18 10 M M 0 26 360
30 100 71 86 8 0 21 0.51 0.0 0 6.3 40 290 M M 2 13 62 300
================================================================================
SM 2689 1942 0 372 1.83 0.0 149.6 M 43
================================================================================
AV 89.6 64.7 5.0 FASTST M M 1 MAX(MPH)
MISC ----> 40 290 62 300
================================================================================
NOTES:
# LAST OF SEVERAL OCCURRENCES
COLUMN 17 PEAK WIND IN M.P.H.
PRELIMINARY LOCAL CLIMATOLOGICAL DATA (WS FORM: F-6) , PAGE 2
STATION: TOPEKA KS
MONTH: JUNE
YEAR: 2023
LATITUDE: 39 4 N
LONGITUDE: 95 38 W
[TEMPERATURE DATA] [PRECIPITATION DATA] SYMBOLS USED IN COLUMN 16
AVERAGE MONTHLY: 77.2 TOTAL FOR MONTH: 1.83 1 = FOG OR MIST
DPTR FM NORMAL: 1.7 DPTR FM NORMAL: -3.09 2 = FOG REDUCING VISIBILITY
HIGHEST: 101 ON 29,28 GRTST 24HR 0.51 ON 30-30 TO 1/4 MILE OR LESS
LOWEST: 52 ON 13 3 = THUNDER
SNOW, ICE PELLETS, HAIL 4 = ICE PELLETS
TOTAL MONTH: T 5 = HAIL
GRTST 24HR 0.0 6 = FREEZING RAIN OR DRIZZLE
GRTST DEPTH: 0 7 = DUSTSTORM OR SANDSTORM:
VSBY 1/2 MILE OR LESS
8 = SMOKE OR HAZE
[NO. OF DAYS WITH] [WEATHER - DAYS WITH] 9 = BLOWING SNOW
X = TORNADO
MAX 32 OR BELOW: 0 0.01 INCH OR MORE: 8
MAX 90 OR ABOVE: 17 0.10 INCH OR MORE: 6
MIN 32 OR BELOW: 0 0.50 INCH OR MORE: 1
MIN 0 OR BELOW: 0 1.00 INCH OR MORE: 0
[HDD (BASE 65) ]
TOTAL THIS MO. 0 CLEAR (SCALE 0-3) 26
DPTR FM NORMAL -5 PTCLDY (SCALE 4-7) 4
TOTAL FM JUL 1 4507 CLOUDY (SCALE 8-10) 0
DPTR FM NORMAL -350
[CDD (BASE 65) ]
TOTAL THIS MO. 372
DPTR FM NORMAL 52 [PRESSURE DATA]
TOTAL FM JAN 1 564 HIGHEST SLP M ON M
DPTR FM NORMAL 100 LOWEST SLP 29.65 ON 28
[REMARKS]
#FINAL-06-23#