000
CXUS52 KTBW 011304
CF6TPA
PRELIMINARY LOCAL CLIMATOLOGICAL DATA (WS FORM: F-6)
STATION: TAMPA
MONTH: JULY
YEAR: 2021
LATITUDE: 27 58 N
LONGITUDE: 82 32 W
TEMPERATURE IN F: :PCPN: SNOW: WIND :SUNSHINE: SKY :PK WND
================================================================================
1 2 3 4 5 6A 6B 7 8 9 10 11 12 13 14 15 16 17 18
12Z AVG MX 2MIN
DY MAX MIN AVG DEP HDD CDD WTR SNW DPTH SPD SPD DIR MIN PSBL S-S WX SPD DR
================================================================================
1 88 75 82 -2 0 17 0.05 0.0 0 3.9 16 230 M M 7 138 22 200
2 88 77 83 -1 0 18 0.48 0.0 0 7.6 22 220 M M 7 138 30 240
3 83 77 80 -4 0 15 2.63 0.0 0 7.5 22 330 M M 7 138 28 330
4 89 79 84 0 0 19 0.00 0.0 0 6.1 14 270 M M 7 8 23 270
5 95 78 87 3 0 22 0.18 0.0 0 6.4 23 140 M M 7 138 34 150
6 88 75 82 -2 0 17 0.66 0.0 0 8.4 24 110 M M 8 138 37 110
7 88 76 82 -2 0 17 0.90 0.0 0 13.6 23 180 M M 8 13 30 130
8 90 81 86 2 0 21 0.01 0.0 0 6.2 14 190 M M 6 38 18 250
9 92 78 85 1 0 20 0.00 0.0 0 5.2 14 270 M M 4 20 270
10 93 78 86 2 0 21 T 0.0 0 4.3 17 150 M M 7 3 24 140
11 90 78 84 0 0 19 T 0.0 0 4.0 12 120 M M 7 3 17 140
12 92 73 83 -1 0 18 0.30 0.0 0 5.4 23 140 M M 5 13 32 160
13 93 75 84 0 0 19 0.21 0.0 0 4.7 15 150 M M 6 138 21 150
14 92 76 84 0 0 19 0.03 0.0 0 5.5 18 110 M M 7 3 28 130
15 95 78 87 3 0 22 0.00 0.0 0 4.9 12 90 M M 6 17 70
16 97 77 87 3 0 22 0.00 0.0 0 4.5 10 130 M M 5 15 110
17 96 80 88 4 0 23 0.01 0.0 0 4.5 13 190 M M 5 3 17 170
18 93 79 86 2 0 21 0.00 0.0 0 5.5 15 290 M M 4 3 21 290
19 91 79 85 1 0 20 0.50 0.0 0 5.6 16 210 M M 6 13 21 210
20 93 78 86 2 0 21 0.00 0.0 0 5.6 14 190 M M 6 22 170
21 93 79 86 2 0 21 0.37 0.0 0 5.7 18 260 M M 6 3 23 270
22 95 80 88 4 0 23 0.09 0.0 0 6.0 16 270 M M 6 3 25 270
23 95 80 88 4 0 23 T 0.0 0 7.2 17 270 M M 6 3 25 260
24 95 80 88 4 0 23 0.04 0.0 0 5.4 17 50 M M 6 3 26 50
25 96 79 88 4 0 23 0.00 0.0 0 5.5 13 350 M M 3 21 330
26 97 81 89 5 0 24 0.00 0.0 0 4.8 13 290 M M 5 8 20 280
27 91 80 86 2 0 21 T 0.0 0 4.9 14 210 M M 7 3 20 210
28 89 78 84 0 0 19 0.09 0.0 0 4.7 22 270 M M 7 13 29 270
29 87 77 82 -2 0 17 0.46 0.0 0 3.8 22 260 M M 7 13 29 260
30 92 79 86 2 0 21 T 0.0 0 7.2 13 260 M M 5 20 280
31 93 81 87 3 0 22 0.29 0.0 0 8.4 16 230 M M 3 22 240
================================================================================
SM 2849 2421 0 628 7.30 0.0 183.0 M 186
================================================================================
AV 91.9 78.1 5.9 FASTST M M 6 MAX(MPH)
MISC ----> 24 110 37 110
================================================================================
NOTES:
# LAST OF SEVERAL OCCURRENCES
COLUMN 17 PEAK WIND IN M.P.H.
PRELIMINARY LOCAL CLIMATOLOGICAL DATA (WS FORM: F-6) , PAGE 2
STATION: TAMPA
MONTH: JULY
YEAR: 2021
LATITUDE: 27 58 N
LONGITUDE: 82 32 W
[TEMPERATURE DATA] [PRECIPITATION DATA] SYMBOLS USED IN COLUMN 16
AVERAGE MONTHLY: 85.0 TOTAL FOR MONTH: 7.30 1 = FOG OR MIST
DPTR FM NORMAL: 1.2 DPTR FM NORMAL: -0.45 2 = FOG REDUCING VISIBILITY
HIGHEST: 97 ON 26,16 GRTST 24HR 2.74 ON 2- 3 TO 1/4 MILE OR LESS
LOWEST: 73 ON 12 3 = THUNDER
SNOW, ICE PELLETS, HAIL 4 = ICE PELLETS
TOTAL MONTH: 0.0 INCH 5 = HAIL
GRTST 24HR 0.0 6 = FREEZING RAIN OR DRIZZLE
GRTST DEPTH: 0 7 = DUSTSTORM OR SANDSTORM:
VSBY 1/2 MILE OR LESS
8 = SMOKE OR HAZE
[NO. OF DAYS WITH] [WEATHER - DAYS WITH] 9 = BLOWING SNOW
X = TORNADO
MAX 32 OR BELOW: 0 0.01 INCH OR MORE: 18
MAX 90 OR ABOVE: 23 0.10 INCH OR MORE: 11
MIN 32 OR BELOW: 0 0.50 INCH OR MORE: 4
MIN 0 OR BELOW: 0 1.00 INCH OR MORE: 1
[HDD (BASE 65) ]
TOTAL THIS MO. 0 CLEAR (SCALE 0-3) 2
DPTR FM NORMAL 0 PTCLDY (SCALE 4-7) 28
TOTAL FM JUL 1 0 CLOUDY (SCALE 8-10) 1
DPTR FM NORMAL 0
[CDD (BASE 65) ]
TOTAL THIS MO. 628
DPTR FM NORMAL 45 [PRESSURE DATA]
TOTAL FM JAN 1 2363 HIGHEST SLP 30.24 ON 14
DPTR FM NORMAL 224 LOWEST SLP 29.86 ON 25
[REMARKS]
#FINAL-07-21#