593
CXUS55 KLKN 031440
CLSTPH
CLIMATE REPORT
NATIONAL WEATHER SERVICE ELKO, NV
640 AM PST WED MAR 03 2021
...................................
...THE TONOPAH AIRPORT NV CLIMATE SUMMARY FOR THE SEASON, FROM
12/1/2020 TO 2/28/2021...
CLIMATE NORMAL PERIOD 1981 TO 2010
CLIMATE RECORD PERIOD 1954 TO 2021
WEATHER OBSERVED NORMAL DEPART LAST YEAR`S
VALUE DATE(S) VALUE FROM VALUE DATE(S)
NORMAL
................................................................
TEMPERATURE (F)
RECORD
HIGH 75 02/25/1986
LOW -15 01/24/1962
01/23/1962
HIGHEST 62 01/13 64 -2 65 02/01
01/15
LOWEST 10 12/04 1 9 12 02/04
AVG. MAXIMUM 48.1 46.0 2.1 48.8
AVG. MINIMUM 20.9 21.2 -0.3 24.3
MEAN 34.5 33.6 0.9 36.6
DAYS MAX >= 90 0 0.0 0.0 0
DAYS MAX <= 32 3 5.1 -2.1 5
DAYS MIN <= 32 88 84.7 3.3 84
DAYS MIN <= 0 0 1.2 -1.2 0
PRECIPITATION (INCHES)
RECORD
MAXIMUM 3.27 1968
MINIMUM 0.14 1964
TOTALS 0.68 1.32 -0.64 1.26
DAILY AVG. 0.01 0.01 0.00 T
DAYS >= .01 8 11.8 -3.8 4
DAYS >= .10 4 4.8 -0.8 3
DAYS >= .50 0 0.1 -0.1 1
DAYS >= 1.00 0 0.0 0.0 0
GREATEST
24 HR. TOTAL 0.21 01/22 TO 01/22 0.81
DEGREE DAYS
HEATING TOTAL 2730 2824 -94 2571
SINCE 7/1 3696 4041 -345 3863
COOLING TOTAL 0 0 0 0
SINCE 1/1 0 0 0 0
................................................................
WIND (MPH)
AVERAGE WIND SPEED 9.9
HIGHEST WIND SPEED/DIRECTION 47/330 DATE 02/13
HIGHEST GUST SPEED/DIRECTION 60/330 DATE 02/13
AVERAGE RH (PERCENT) 50
WEATHER CONDITIONS. NUMBER OF DAYS WITH
THUNDERSTORM 0 MIXED PRECIP 0
HEAVY RAIN 0 RAIN 0
LIGHT RAIN 3 FREEZING RAIN 0
LT FREEZING RAIN 0 HAIL 0
HEAVY SNOW 3 SNOW 6
LIGHT SNOW 10 SLEET 0
FOG 12 FOG W/VIS <= 1/4 MILE 4
HAZE 3
- INDICATES NEGATIVE NUMBERS.
R INDICATES RECORD WAS SET OR TIED.
MM INDICATES DATA IS MISSING.
T INDICATES TRACE AMOUNT.
&&
=====================================================================
...WARMER THAN NORMAL METEOROLOGICAL WINTER IN TONOPAH...
...DRIER THAN NORMAL METEORLOGICAL WINTER IN TONOPAH...
THE AVERAGE TEMPERATURE IN TONOPAH DURING METEOROLOGICAL WINTER (DEC-
FEB) 2021 WAS 34.5 DEGREES...WHICH IS 0.9 DEGREES ABOVE THE NORMAL
33.6 DEGREES. THE TOTAL PRECIPITATION WAS 0.68 INCHES...WHICH IS
0.64 INCHES BELOW OR 52 PERCENT OF THE NORMAL OF 1.32 INCHES.
THE PERIOD OF RECORD FOR THE TONOPAH AIRPORT BEGAN IN 1954.
$$