000
CXUS56 KSGX 011245
CF6TRM
PRELIMINARY LOCAL CLIMATOLOGICAL DATA (WS FORM: F-6)
STATION: THERMAL AIRPORT CA
MONTH: MAY
YEAR: 2020
LATITUDE: 33 37 N
LONGITUDE: 116 10 W
TEMPERATURE IN F: :PCPN: SNOW: WIND :SUNSHINE: SKY :PK WND
================================================================================
1 2 3 4 5 6A 6B 7 8 9 10 11 12 13 14 15 16 17 18
12Z AVG MX 2MIN
DY MAX MIN AVG DEP HDD CDD WTR SNW DPTH SPD SPD DIR MIN PSBL S-S WX SPD DR
================================================================================
1 100 68 84 9 0 19 0.00 0.0 0 8.7 20 340 M M 0 25 340
2 99 67 83 8 0 18 0.00 0.0 0 9.3 22 340 M M 0 30 350
3 98 73 86 11 0 21 0.00 0.0 0 9.7 20 330 M M 0 30 320
4 101 74 88 12 0 23 0.00 0.0 M 7.9 16 310 M M 0 20 320
5 106 68 87 11 0 22 0.00 0.0 0 5.9 13 320 M M 0 19 330
6 108 70 89 13 0 24 0.00 0.0 0 7.3 13 150 M M 0 8 20 140
7 109 65 87 11 0 22 0.00 0.0 0 7.6 16 330 M M 0 20 310
8 104 70 87 10 0 22 0.00 0.0 0 8.0 20 130 M M 0 25 310
9 102 64 83 6 0 18 0.00 0.0 0 3.7 12 140 M M 0 20 140
10 102 72 87 10 0 22 0.00 0.0 0 7.1 22 340 M M 0 29 340
11 99 71 85 8 0 20 0.00 0.0 0 10.7 25 330 M M 0 32 320
12 93 65 79 1 0 14 0.00 0.0 0 11.1 28 270 M M 0 8 37 270
13 90 66 78 0 0 13 0.00 0.0 0 12.7 25 330 M M 0 34 330
14 94 68 81 3 0 16 0.00 0.0 0 12.1 25 330 M M 0 34 340
15 97 70 84 6 0 19 0.00 0.0 0 9.3 26 330 M M 0 32 340
16 98 67 83 5 0 18 0.00 0.0 0 7.6 15 130 M M 0 21 130
17 97 63 80 1 0 15 0.00 0.0 0 6.4 20 340 M M 0 24 330
18 95 69 82 3 0 17 0.00 0.0 0 11.6 30 340 M M 0 38 340
19 85 64 75 -4 0 10 0.00 0.0 0 13.8 26 350 M M 0 33 300
20 90 63 77 -2 0 12 0.00 0.0 0 9.3 25 330 M M 0 31 330
21 97 63 80 0 0 15 0.00 0.0 0 6.6 16 140 M M 0 22 140
22 97 59 78 -2 0 13 0.00 0.0 0 8.1 24 320 M M 0 31 330
23 95 67 81 1 0 16 0.00 0.0 0 9.6 21 320 M M 0 30 310
24 102 69 86 6 0 21 0.00 0.0 0 7.4 18 330 M M 0 24 330
25 106 64 85 5 0 20 0.00 0.0 0 4.7 14 310 M M 0 19 310
26 110 69 90 9 0 25 0.00 0.0 0 6.4 14 150 M M 0 18 120
27 109 69 89 8 0 24 0.00 0.0 0 6.3 15 130 M M 0 8 20 140
28 108 68 88 7 0 23 0.00 0.0 0 5.5 17 140 M M 0 21 140
29 105 66 86 5 0 21 0.00 0.0 0 9.0 23 340 M M 0 31 340
30 102 68 85 3 0 20 0.00 0.0 0 13.3 25 340 M M 0 32 320
31 100 74 87 5 0 22 0.00 0.0 0 9.0 21 330 M M 0 8 29 310
================================================================================
SM 3098 2093 0 585 0.00 0.0 265.7 M 0
================================================================================
AV 99.9 67.5 8.6 FASTST M M 0 MAX(MPH)
MISC ----> # 30 340 # 38 340
================================================================================
NOTES:
# LAST OF SEVERAL OCCURRENCES
COLUMN 17 PEAK WIND IN M.P.H.
PRELIMINARY LOCAL CLIMATOLOGICAL DATA (WS FORM: F-6) , PAGE 2
STATION: THERMAL AIRPORT CA
MONTH: MAY
YEAR: 2020
LATITUDE: 33 37 N
LONGITUDE: 116 10 W
[TEMPERATURE DATA] [PRECIPITATION DATA] SYMBOLS USED IN COLUMN 16
AVERAGE MONTHLY: 83.7 TOTAL FOR MONTH: 0.00 1 = FOG OR MIST
DPTR FM NORMAL: 5.3 DPTR FM NORMAL: -0.03 2 = FOG REDUCING VISIBILITY
HIGHEST: 110 ON 26 GRTST 24HR 0.00 ON 31-31 TO 1/4 MILE OR LESS
LOWEST: 59 ON 22 3 = THUNDER
SNOW, ICE PELLETS, HAIL 4 = ICE PELLETS
TOTAL MONTH: 0.0 INCH 5 = HAIL
GRTST 24HR 0.0 6 = FREEZING RAIN OR DRIZZLE
GRTST DEPTH: 0 7 = DUSTSTORM OR SANDSTORM:
VSBY 1/2 MILE OR LESS
8 = SMOKE OR HAZE
[NO. OF DAYS WITH] [WEATHER - DAYS WITH] 9 = BLOWING SNOW
X = TORNADO
MAX 32 OR BELOW: 0 0.01 INCH OR MORE: 0
MAX 90 OR ABOVE: 30 0.10 INCH OR MORE: 0
MIN 32 OR BELOW: 0 0.50 INCH OR MORE: 0
MIN 0 OR BELOW: 0 1.00 INCH OR MORE: 0
[HDD (BASE 65) ]
TOTAL THIS MO. 0 CLEAR (SCALE 0-3) 31
DPTR FM NORMAL -1 PTCLDY (SCALE 4-7) 0
TOTAL FM JUL 1 1074 CLOUDY (SCALE 8-10) 0
DPTR FM NORMAL -107
[CDD (BASE 65) ]
TOTAL THIS MO. 585
DPTR FM NORMAL 168 [PRESSURE DATA]
TOTAL FM JAN 1 888 HIGHEST SLP 30.07 ON 20
DPTR FM NORMAL 215 LOWEST SLP 29.81 ON 7
[REMARKS]
#FINAL-05-20#