000
CXUS56 KPQR 021107
CF6TTD
PRELIMINARY LOCAL CLIMATOLOGICAL DATA (WS FORM: F-6)
STATION: TROUTDALE OR
MONTH: JUNE
YEAR: 2021
LATITUDE: 45 33 N
LONGITUDE: 122 25 W
TEMPERATURE IN F: :PCPN: SNOW: WIND :SUNSHINE: SKY :PK WND
================================================================================
1 2 3 4 5 6A 6B 7 8 9 10 11 12 13 14 15 16 17 18
12Z AVG MX 2MIN
DY MAX MIN AVG DEP HDD CDD WTR SNW DPTH SPD SPD DIR MIN PSBL S-S WX SPD DR
================================================================================
1 96 56 76 15 0 11 0.00 M M 2.2 8 260 M M 0 13 260
2 91 63 77 15 0 12 0.00 M M 3.8 13 320 M M 0 18 320
3 84 58 71 9 0 6 0.00 M M 4.7 14 310 M M 2 21 320
4 78 55 67 5 0 2 0.00 M M 3.8 13 310 M M 3 21 310
5 68 48 58 -4 7 0 0.08 M M 5.8 16 250 M M 9 8 20 310
6 65 49 57 -5 8 0 0.01 M M 6.6 18 250 M M 9 26 250
7 67 49 58 -4 7 0 0.01 M M 4.2 13 210 M M 4 16 200
8 68 52 60 -2 5 0 0.01 M M 4.0 13 140 M M 9 18 310
9 70 46 58 -4 7 0 0.00 M M 3.7 10 310 M M 4 15 310
10 69 52 61 -1 4 0 T M M 4.2 13 250 M M 8 16 250
11 63 56 60 -3 5 0 0.11 M M 7.0 16 90 M M 9 1 20 90
12 80 55 68 5 0 3 0.38 M M 4.7 12 90 M M 6 1 15 280
13 69 61 65 2 0 0 0.60 M M 3.5 14 80 M M 10 13 16 90
14 72 60 66 3 0 1 0.12 M M 2.6 10 180 M M 8 18 14 180
15 71 52 62 -1 3 0 0.19 M M 4.5 20 190 M M 7 138 24 240
16 81 53 67 4 0 2 0.00 M M 3.2 8 260 M M 4 12 14 320
17 85 52 69 5 0 4 0.00 M M 3.7 9 260 M M 0 14 310
18 81 52 67 3 0 2 0.00 M M 5.2 13 320 M M 0 19 320
19 82 54 68 4 0 3 0.00 M M 3.2 10 250 M M 3 13 250
20 93 58 76 12 0 11 0.00 M M 3.8 14 80 M M 0 17 80
21 97 61 79 15 0 14 0.00 M M 3.4 9 320 M M 0 16 310
22 84 62 73 9 0 8 0.00 M M 2.4 10 310 M M 0 14 320
23 85 58 72 7 0 7 0.00 M M 3.3 9 320 M M 2 13 320
24 90 56 73 8 0 8 0.00 M M 3.2 10 320 M M 1 15 320
25 95 62 79 14 0 14 0.00 M M 3.4 10 260 M M 0 15 270
26 109 68 89 24 0 24 0.00 M M 4.3 13 40 M M 0 17 50
27 112 68 90 24 0 25 0.00 M M 5.0 16 80 M M 0 22 70
28 116 75 96 30 0 31 0.00 M M 9.6 26 230 M M 0 32 220
29 95 66 81 15 0 16 0.00 M M 4.1 12 230 M M 0 14 260
30 81 64 73 7 0 8 0.00 M M 4.0 12 250 M M 7 14 220
================================================================================
SM 2497 1721 46 212 1.51 M 127.1 M 105
================================================================================
AV 83.2 57.4 4.2 FASTST M M 4 MAX(MPH)
MISC ----> 26 230 32 220
================================================================================
NOTES:
# LAST OF SEVERAL OCCURRENCES
COLUMN 17 PEAK WIND IN M.P.H.
PRELIMINARY LOCAL CLIMATOLOGICAL DATA (WS FORM: F-6) , PAGE 2
STATION: TROUTDALE OR
MONTH: JUNE
YEAR: 2021
LATITUDE: 45 33 N
LONGITUDE: 122 25 W
[TEMPERATURE DATA] [PRECIPITATION DATA] SYMBOLS USED IN COLUMN 16
AVERAGE MONTHLY: 70.3 TOTAL FOR MONTH: 1.51 1 = FOG OR MIST
DPTR FM NORMAL: 6.8 DPTR FM NORMAL: -0.60 2 = FOG REDUCING VISIBILITY
HIGHEST: 116 ON 28 GRTST 24HR 0.93 ON 12-13 TO 1/4 MILE OR LESS
LOWEST: 46 ON 9 3 = THUNDER
SNOW, ICE PELLETS, HAIL 4 = ICE PELLETS
TOTAL MONTH: M 5 = HAIL
GRTST 24HR M ON M 6 = FREEZING RAIN OR DRIZZLE
GRTST DEPTH: M ON M 7 = DUSTSTORM OR SANDSTORM:
VSBY 1/2 MILE OR LESS
8 = SMOKE OR HAZE
[NO. OF DAYS WITH] [WEATHER - DAYS WITH] 9 = BLOWING SNOW
X = TORNADO
MAX 32 OR BELOW: 0 0.01 INCH OR MORE: 9
MAX 90 OR ABOVE: 10 0.10 INCH OR MORE: 5
MIN 32 OR BELOW: 0 0.50 INCH OR MORE: 1
MIN 0 OR BELOW: 0 1.00 INCH OR MORE: 0
[HDD (BASE 65) ]
TOTAL THIS MO. 46 CLEAR (SCALE 0-3) 16
DPTR FM NORMAL -45 PTCLDY (SCALE 4-7) 8
TOTAL FM JUL 1 3855 CLOUDY (SCALE 8-10) 6
DPTR FM NORMAL -299
[CDD (BASE 65) ]
TOTAL THIS MO. 212
DPTR FM NORMAL 166 [PRESSURE DATA]
TOTAL FM JAN 1 225 HIGHEST SLP 30.36 ON 15
DPTR FM NORMAL 157 LOWEST SLP 29.51 ON 28
[REMARKS]
#FINAL-06-21#