000
CXUS54 KMEG 050537
CF6TUP
PRELIMINARY LOCAL CLIMATOLOGICAL DATA (WS FORM: F-6)
STATION: TUPELO
MONTH: FEBRUARY
YEAR: 2022
LATITUDE: 34 16 N
LONGITUDE: 88 46 W
TEMPERATURE IN F: :PCPN: SNOW: WIND :SUNSHINE: SKY :PK WND
================================================================================
1 2 3 4 5 6A 6B 7 8 9 10 11 12 13 14 15 16 17 18
12Z AVG MX 2MIN
DY MAX MIN AVG DEP HDD CDD WTR SNW DPTH SPD SPD DIR MIN PSBL S-S WX SPD DR
================================================================================
1 70 36 53 9 12 0 T 0.0 0 9.0 21 170 M M 5 27 170
2 60 51 56 12 9 0 0.94 0.0 0 6.7 20 150 M M 10 12 28 150
3 58 32 45 0 20 0 0.53 T 0 11.5 20 20 M M 10 14 24 260
4 32 26 29 -16 36 0 0.00 0.0 0 9.2 16 340 M M 10 18 22 330
5 44 22 33 -12 32 0 0.00 0.0 0 4.6 14 20 M M 0 18 20
6 53 22 38 -7 27 0 0.00 0.0 0 2.1 8 320 M M 0 12 260
7 56 25 41 -5 24 0 0.00 0.0 0 5.0 15 10 M M 0 18 360
8 61 28 45 -1 20 0 0.00 0.0 0 2.8 12 200 M M 0 15 190
9 68 31 50 4 15 0 0.00 0.0 0 4.5 16 260 M M 0 23 230
10 71 32 52 6 13 0 0.00 0.0 0 2.7 15 250 M M 0 21 260
11 72 38 55 9 10 0 0.00 0.0 0 7.5 20 210 M M 0 26 210
12 56 31 44 -3 21 0 0.00 0.0 0 12.6 24 350 M M 4 27 350
13 50 22 36 -11 29 0 0.00 0.0 0 5.2 13 350 M M 0 17 320
14 65 26 46 -1 19 0 0.00 0.0 0 1.5 10 210 M M 0 13 230
15 70 32 51 4 14 0 0.00 0.0 0 7.6 23 190 M M 0 8 28 190
16 74 46 60 12 5 0 0.00 0.0 0 14.2 25 170 M M 5 36 180
17 75 39 57 9 8 0 0.73 0.0 0 15.5 32 180 M M 10 138 40 190
18 48 31 40 -8 25 0 0.00 0.0 0 8.4 21 360 M M 5 26 360
19 59 27 43 -5 22 0 0.00 0.0 0 2.8 14 20 M M 0 19 350
20 68 30 49 0 16 0 0.00 0.0 0 6.7 20 150 M M 1 23 160
21 60 54 57 8 8 0 1.86 0.0 0 10.2 18 150 M M 10 13 25 140
22 79 60 70 21 0 5 0.68 0.0 0 11.5 23 170 M M 8 13 30 200
23 63 39 51 2 14 0 0.66 0.0 0 12.0 20 10 M M 10 1 25 360
24 57 39 48 -2 17 0 0.02 0.0 0 6.4 14 20 M M 10 18 16 330
25 43 35 39 -11 26 0 0.16 T 0 11.2 18 350 M M 10 18 23 350
26 40 35 38 -12 27 0 1.22 0.0 0 9.0 16 20 M M 10 1 20 350
27 50 39 45 -5 20 0 0.37 0.0 0 7.0 14 360 M M 9 18 18 320
28 62 31 47 -4 18 0 0.00 0.0 0 3.7 12 360 M M 0 15 10
================================================================================
SM 1664 959 507 5 7.17 T 211.1 M 127
================================================================================
AV 59.4 34.3 7.5 FASTST M M 5 MAX(MPH)
MISC ----> 32 180 40 190
================================================================================
NOTES:
# LAST OF SEVERAL OCCURRENCES
COLUMN 17 PEAK WIND IN M.P.H.
PRELIMINARY LOCAL CLIMATOLOGICAL DATA (WS FORM: F-6) , PAGE 2
STATION: TUPELO
MONTH: FEBRUARY
YEAR: 2022
LATITUDE: 34 16 N
LONGITUDE: 88 46 W
[TEMPERATURE DATA] [PRECIPITATION DATA] SYMBOLS USED IN COLUMN 16
AVERAGE MONTHLY: 46.8 TOTAL FOR MONTH: 7.17 1 = FOG OR MIST
DPTR FM NORMAL: -0.5 DPTR FM NORMAL: 1.88 2 = FOG REDUCING VISIBILITY
HIGHEST: 79 ON 22 GRTST 24HR 1.86 ON 21-21 TO 1/4 MILE OR LESS
LOWEST: 22 ON 13, 6 3 = THUNDER
SNOW, ICE PELLETS, HAIL 4 = ICE PELLETS
TOTAL MONTH: T 5 = HAIL
GRTST 24HR T ON 3- 3 6 = FREEZING RAIN OR DRIZZLE
GRTST DEPTH: 0 7 = DUSTSTORM OR SANDSTORM:
VSBY 1/2 MILE OR LESS
8 = SMOKE OR HAZE
[NO. OF DAYS WITH] [WEATHER - DAYS WITH] 9 = BLOWING SNOW
X = TORNADO
MAX 32 OR BELOW: 1 0.01 INCH OR MORE: 10
MAX 90 OR ABOVE: 0 0.10 INCH OR MORE: 9
MIN 32 OR BELOW: 16 0.50 INCH OR MORE: 7
MIN 0 OR BELOW: 0 1.00 INCH OR MORE: 2
[HDD (BASE 65) ]
TOTAL THIS MO. 507 CLEAR (SCALE 0-3) 13
DPTR FM NORMAL 9 PTCLDY (SCALE 4-7) 4
TOTAL FM JUL 1 1965 CLOUDY (SCALE 8-10) 11
DPTR FM NORMAL -289
[CDD (BASE 65) ]
TOTAL THIS MO. 5
DPTR FM NORMAL 2 [PRESSURE DATA]
TOTAL FM JAN 1 12 HIGHEST SLP 30.56 ON 5
DPTR FM NORMAL 11 LOWEST SLP 29.64 ON 17
[REMARKS]
#FINAL-02-22#