000
CXUS54 KMEG 011554
CLMTUP
CLIMATE REPORT
NATIONAL WEATHER SERVICE MEMPHIS TN
1054 AM CDT MON MAY 01 2023
...................................
...THE TUPELO CLIMATE SUMMARY FOR THE MONTH OF APRIL 2023...
CLIMATE NORMAL PERIOD 1991 TO 2020
CLIMATE RECORD PERIOD 1930 TO 2023
WEATHER OBSERVED NORMAL DEPART LAST YEAR`S
VALUE DATE(S) VALUE FROM VALUE DATE(S)
NORMAL
................................................................
TEMPERATURE (F)
RECORD
HIGH 93 04/18/2006
LOW 29 04/08/2018
HIGHEST 90 04/04 74 16 MM
LOWEST 41 04/24 51 -10 MM
AVG. MAXIMUM 73.4 74.9 -1.5 MM
AVG. MINIMUM 51.1 51.6 -0.5 MM
MEAN 62.3 63.3 -1.0 MM
DAYS MAX >= 90 1 0.1 0.9 MM
DAYS MAX <= 32 0 0.0 0.0 MM
DAYS MIN <= 32 0 0.5 -0.5 MM
DAYS MIN <= 0 0 0.0 0.0 MM
PRECIPITATION (INCHES)
RECORD
MAXIMUM 12.16 1991
MINIMUM 0.46 1986
TOTALS 8.25 5.51 2.74 MM
DAILY AVG. 0.28 0.18 0.10 MM
DAYS >= .01 15 9.8 5.2 MM
DAYS >= .10 12 6.9 5.1 MM
DAYS >= .50 7 3.5 3.5 MM
DAYS >= 1.00 2 2.1 -0.1 MM
GREATEST
24 HR. TOTAL 1.66 04/21 TO 04/21
SNOWFALL (INCHES)
RECORDS
TOTAL 0.4 1987
TOTALS 0.0 0.0 0.0 MM
SINCE 7/1 T 1.5 -1.5 MM
SNOWDEPTH AVG. 0 MM
DAYS >= 1.0 0 0.0 0.0 MM
GREATEST
SNOW DEPTH 0 MM
24 HR TOTAL MM
DEGREE DAYS
HEATING TOTAL 113 124 -11 MM
SINCE 7/1 2147 2708 -561 MM
COOLING TOTAL 38 72 -34 MM
SINCE 1/1 114 95 19 MM
................................................................
WIND (MPH)
AVERAGE WIND SPEED 6.7
HIGHEST WIND SPEED/DIRECTION 26/130 DATE 04/13
HIGHEST GUST SPEED/DIRECTION 35/260 DATE 04/01
35/320 04/05
SKY COVER
POSSIBLE SUNSHINE (PERCENT) MM
AVERAGE SKY COVER 0.42
NUMBER OF DAYS FAIR 15
NUMBER OF DAYS PC 9
NUMBER OF DAYS CLOUDY 6
AVERAGE RH (PERCENT) 63
WEATHER CONDITIONS. NUMBER OF DAYS WITH
THUNDERSTORM 7 MIXED PRECIP 0
HEAVY RAIN 9 RAIN 9
LIGHT RAIN 16 FREEZING RAIN 0
LT FREEZING RAIN 0 HAIL 0
HEAVY SNOW 0 SNOW 0
LIGHT SNOW 0 SLEET 0
FOG 14 FOG W/VIS <= 1/4 MILE 1
HAZE 4
SOME DATA IS MISSING DUE TO EQUIPMENT FAILURE AND MAINTENANCE. THIS MAY SKEW MONTHLY TOTALS.
- INDICATES NEGATIVE NUMBERS.
R INDICATES RECORD WAS SET OR TIED.
MM INDICATES DATA IS MISSING.
T INDICATES TRACE AMOUNT.
$$