000
CXUS54 KJAN 011510
CF6TVR
PRELIMINARY LOCAL CLIMATOLOGICAL DATA (WS FORM: F-6)
STATION: VICKSBURG
MONTH: NOVEMBER
YEAR: 2021
LATITUDE: 32 20 N
LONGITUDE: 91 2 W
TEMPERATURE IN F: :PCPN: SNOW: WIND :SUNSHINE: SKY :PK WND
================================================================================
1 2 3 4 5 6A 6B 7 8 9 10 11 12 13 14 15 16 17 18
12Z AVG MX 2MIN
DY MAX MIN AVG DEP HDD CDD WTR SNW DPTH SPD SPD DIR MIN PSBL S-S WX SPD DR
================================================================================
1 76 44 60 0 5 0 0.00 0.0 0 3.1 10 10 M M 0 1 13 10
2 71 50 61 1 4 0 0.00 0.0 0 8.5 14 20 M M 0 21 20
3 58 48 53 -7 12 0 0.06 0.0 0 8.6 14 20 M M 8 1 19 10
4 59 44 52 -7 13 0 T 0.0 0 8.0 14 10 M M 4 1 20 360
5 60 40 50 -9 15 0 0.00 0.0 0 5.7 14 20 M M 5 1 22 360
6 64 39 52 -6 13 0 0.00 0.0 0 3.3 10 20 M M 6 12 14 360
7 71 37 54 -4 11 0 0.00 0.0 0 0.5 8 360 M M 3 128 12 330
8 76 37 57 -1 8 0 0.00 0.0 0 0.7 9 80 M M 2 12 12 140
9 75 41 58 0 7 0 0.00 0.0 0 1.0 8 170 M M 1 12 11 170
10 78 42 60 3 5 0 T 0.0 0 5.6 14 170 M M 3 128 19 160
11 72 47 60 3 5 0 0.13 0.0 0 3.5 18 160 M M 5 18 25 170
12 76 39 58 1 7 0 0.00 0.0 0 2.4 13 310 M M 1 12 23 270
13 58 35 47 -9 18 0 0.00 0.0 0 3.1 15 10 M M 0 21 20
14 74 33 54 -2 11 0 0.00 0.0 0 1.4 8 210 M M 0 1 15 240
15 77 42 60 4 5 0 0.00 0.0 0 3.6 12 180 M M 2 1 17 170
16 80 52 66 10 0 1 0.00 0.0 0 6.9 20 170 M M 1 12 27 170
17 83 60 72 17 0 7 0.00 0.0 0 9.4 20 180 M M 1 26 170
18 66 41 54 -1 11 0 0.13 0.0 0 9.3 24 360 M M 5 123 34 360
19 64 32 48 -7 17 0 0.00 0.0 0 5.2 16 80 M M 0 21 70
20 73 31 52 -2 13 0 0.00 0.0 0 3.1 10 150 M M 0 8 15 150
21 78 54 66 12 0 1 0.50 0.0 0 5.2 13 180 M M 6 1 18 180
22 67 41 54 0 11 0 0.00 0.0 0 8.3 18 10 M M 0 1 26 20
23 66 33 50 -4 15 0 0.00 0.0 0 2.5 10 130 M M 0 15 130
24 73 37 55 1 10 0 0.00 0.0 0 6.7 17 160 M M 0 23 180
25 65 47 56 3 9 0 0.20 0.0 0 6.9 24 10 M M 6 1 34 10
26 56 33 45 -8 20 0 0.00 0.0 0 6.0 16 10 M M 0 23 20
27 61 30 46 -7 19 0 T 0.0 0 1.7 9 170 M M 3 12 15 180
28 63 41 52 -1 13 0 0.12 0.0 0 2.1 8 330 M M 6 1 13 340
29 65 33 49 -4 16 0 0.00 0.0 0 1.1 9 130 M M 0 1 13 140
30 74 38 56 4 9 0 0.00 0.0 0 1.8 7 180 M M 0 16 240
================================================================================
SM 2079 1221 302 9 1.14 0.0 135.2 M 68
================================================================================
AV 69.3 40.7 4.5 FASTST M M 2 MAX(MPH)
MISC ----> # 24 360 # 34 360
================================================================================
NOTES:
# LAST OF SEVERAL OCCURRENCES
COLUMN 17 PEAK WIND IN M.P.H.
PRELIMINARY LOCAL CLIMATOLOGICAL DATA (WS FORM: F-6) , PAGE 2
STATION: VICKSBURG
MONTH: NOVEMBER
YEAR: 2021
LATITUDE: 32 20 N
LONGITUDE: 91 2 W
[TEMPERATURE DATA] [PRECIPITATION DATA] SYMBOLS USED IN COLUMN 16
AVERAGE MONTHLY: 55.0 TOTAL FOR MONTH: 1.14 1 = FOG OR MIST
DPTR FM NORMAL: -0.9 DPTR FM NORMAL: -2.78 2 = FOG REDUCING VISIBILITY
HIGHEST: 83 ON 17 GRTST 24HR 0.50 ON 21-21 TO 1/4 MILE OR LESS
LOWEST: 30 ON 27 3 = THUNDER
SNOW, ICE PELLETS, HAIL 4 = ICE PELLETS
TOTAL MONTH: 0.0 INCH 5 = HAIL
GRTST 24HR 0.0 6 = FREEZING RAIN OR DRIZZLE
GRTST DEPTH: 0 7 = DUSTSTORM OR SANDSTORM:
VSBY 1/2 MILE OR LESS
8 = SMOKE OR HAZE
[NO. OF DAYS WITH] [WEATHER - DAYS WITH] 9 = BLOWING SNOW
X = TORNADO
MAX 32 OR BELOW: 0 0.01 INCH OR MORE: 6
MAX 90 OR ABOVE: 0 0.10 INCH OR MORE: 5
MIN 32 OR BELOW: 3 0.50 INCH OR MORE: 1
MIN 0 OR BELOW: 0 1.00 INCH OR MORE: 0
[HDD (BASE 65) ]
TOTAL THIS MO. 302 CLEAR (SCALE 0-3) 19
DPTR FM NORMAL 8 PTCLDY (SCALE 4-7) 11
TOTAL FM JUL 1 333 CLOUDY (SCALE 8-10) 0
DPTR FM NORMAL -49
[CDD (BASE 65) ]
TOTAL THIS MO. 9
DPTR FM NORMAL -12 [PRESSURE DATA]
TOTAL FM JAN 1 2869 HIGHEST SLP 30.50 ON 19
DPTR FM NORMAL 339 LOWEST SLP 29.90 ON 11
[REMARKS]
#FINAL-11-21#