000
CXUS55 KBOI 011002
CF6TWF
PRELIMINARY LOCAL CLIMATOLOGICAL DATA (WS FORM: F-6)
STATION: TWIN FALLS ID
MONTH: MARCH
YEAR: 2023
LATITUDE: 42 28 N
LONGITUDE: 114 29 W
TEMPERATURE IN F: :PCPN: SNOW: WIND :SUNSHINE: SKY :PK WND
================================================================================
1 2 3 4 5 6A 6B 7 8 9 10 11 12 13 14 15 16 17 18
12Z AVG MX 2MIN
DY MAX MIN AVG DEP HDD CDD WTR SNW DPTH SPD SPD DIR MIN PSBL S-S WX SPD DR
================================================================================
1 32 24 28 -9 37 0 T M M 13.0 21 180 M M 9 1 28 190
2 38 19 29 -8 36 0 T M M 13.6 21 270 M M 4 29 270
3 36 21 29 -9 36 0 0.02 M M 14.3 23 280 M M 8 1 35 280
4 33 20 27 -11 38 0 0.02 M M 8.1 21 240 M M 7 1 29 240
5 38 23 31 -7 34 0 T M M 11.5 26 190 M M 5 1 36 180
6 35 19 27 -12 38 0 0.03 M M 8.2 18 280 M M 6 18 24 280
7 36 12 24 -15 41 0 0.00 M M 7.5 17 90 M M 3 24 90
8 34 22 28 -11 37 0 0.02 M M 7.5 17 230 M M 6 12 24 230
9 43 21 32 -8 33 0 T M M 12.3 28 180 M M 4 1 41 180
10 54 28 41 1 24 0 0.06 M M 24.5 49 290 M M 4 12 73 290
11 43 24 34 -6 31 0 0.00 M M 7.0 17 270 M M M 250 280
12 42 28 35 -5 30 0 T M M 7.6 14 80 M M 9 1 18 80
13 51 31 41 0 24 0 0.04 M M 9.4 23 200 M M 9 1 31 190
14 55 41 48 7 17 0 T M M 17.6 40 180 M M 7 60 200
15 49 27 38 -3 27 0 0.05 M M 20.8 36 290 M M 4 1 50 290
16 43 23 33 -8 32 0 0.00 M M 9.3 18 80 M M 0 25 70
17 44 16 30 -12 35 0 0.00 M M 7.4 16 70 M M 0 22 70
18 49 18 34 -8 31 0 0.00 M M 7.7 18 170 M M 0 24 170
19 50 23 37 -5 28 0 T M M 9.3 28 180 M M 3 37 190
20 47 32 40 -2 25 0 0.04 M M 13.8 33 240 M M 7 38 51 300
21 46 31 39 -3 26 0 T M M 11.9 21 90 M M 7 18 28 90
22 42 30 36 -6 29 0 0.01 M M 11.8 18 100 M M 10 1 27 90
23 48 33 41 -2 24 0 0.04 M M 9.3 22 260 M M 9 13 31 270
24 38 26 32 -11 33 0 T M M 20.4 33 280 M M 6 18 45 290
25 36 23 30 -13 35 0 T M M 14.8 25 270 M M 5 8 33 270
26 35 22 29 -14 36 0 T M M 19.3 31 290 M M 9 8 42 280
27 42 22 32 -11 33 0 0.00 M M 11.6 31 180 M M 4 8 44 160
28 53 32 43 0 22 0 0.00 M M 14.1 32 180 M M 7 44 170
29 44 33 39 -4 26 0 0.03 M M 11.0 20 100 M M 10 1 30 90
30 36 30 33 -11 32 0 0.21 M M 15.7 23 260 M M 9 12 31 260
31 46 33 40 -4 25 0 T M M 13.7 25 250 M M 9 35 250
================================================================================
SM 1318 787 955 0 0.57 M 384.0 M 180
================================================================================
AV 42.5 25.4 12.4 FASTST M M 6 MAX(MPH)
MISC ----> 49 290 250 280
================================================================================
NOTES:
# LAST OF SEVERAL OCCURRENCES
COLUMN 17 PEAK WIND IN M.P.H.
PRELIMINARY LOCAL CLIMATOLOGICAL DATA (WS FORM: F-6) , PAGE 2
STATION: TWIN FALLS ID
MONTH: MARCH
YEAR: 2023
LATITUDE: 42 28 N
LONGITUDE: 114 29 W
[TEMPERATURE DATA] [PRECIPITATION DATA] SYMBOLS USED IN COLUMN 16
AVERAGE MONTHLY: 34.0 TOTAL FOR MONTH: 0.57 1 = FOG OR MIST
DPTR FM NORMAL: -6.9 DPTR FM NORMAL: -0.41 2 = FOG REDUCING VISIBILITY
HIGHEST: 55 ON 14 GRTST 24HR 0.21 ON 30-30 TO 1/4 MILE OR LESS
LOWEST: 12 ON 7 3 = THUNDER
SNOW, ICE PELLETS, HAIL 4 = ICE PELLETS
TOTAL MONTH: M 5 = HAIL
GRTST 24HR M ON M 6 = FREEZING RAIN OR DRIZZLE
GRTST DEPTH: M ON M 7 = DUSTSTORM OR SANDSTORM:
VSBY 1/2 MILE OR LESS
8 = SMOKE OR HAZE
[NO. OF DAYS WITH] [WEATHER - DAYS WITH] 9 = BLOWING SNOW
X = TORNADO
MAX 32 OR BELOW: 1 0.01 INCH OR MORE: 12
MAX 90 OR ABOVE: 0 0.10 INCH OR MORE: 1
MIN 32 OR BELOW: 27 0.50 INCH OR MORE: 0
MIN 0 OR BELOW: 0 1.00 INCH OR MORE: 0
[HDD (BASE 65) ]
TOTAL THIS MO. 955 CLEAR (SCALE 0-3) 5
DPTR FM NORMAL 209 PTCLDY (SCALE 4-7) 16
TOTAL FM JUL 1 5626 CLOUDY (SCALE 8-10) 10
DPTR FM NORMAL 215
[CDD (BASE 65) ]
TOTAL THIS MO. 0
DPTR FM NORMAL 0 [PRESSURE DATA]
TOTAL FM JAN 1 0 HIGHEST SLP 30.34 ON 27
DPTR FM NORMAL 0 LOWEST SLP 29.24 ON 10
[REMARKS]
#FINAL-03-23#