000
CXUS54 KSHV 030353
CF6TYR
PRELIMINARY LOCAL CLIMATOLOGICAL DATA (WS FORM: F-6)
STATION: TYLER
MONTH: JULY
YEAR: 2023
LATITUDE: 32 22 N
LONGITUDE: 95 24 W
TEMPERATURE IN F: :PCPN: SNOW: WIND :SUNSHINE: SKY :PK WND
================================================================================
1 2 3 4 5 6A 6B 7 8 9 10 11 12 13 14 15 16 17 18
12Z AVG MX 2MIN
DY MAX MIN AVG DEP HDD CDD WTR SNW DPTH SPD SPD DIR MIN PSBL S-S WX SPD DR
================================================================================
1 95 80 88 5 0 23 0.00 0.0 0 8.0 14 220 M M 1 24 230
2 92 77 85 2 0 20 0.00 0.0 0 5.5 16 280 M M 1 23 300
3 96 77 87 4 0 22 0.00 0.0 0 8.0 18 350 M M 1 3 26 350
4 94 72 83 0 0 18 0.12 0.0 0 7.5 18 360 M M 2 13 28 10
5 94 77 86 3 0 21 0.00 0.0 0 7.8 15 200 M M 1 3 23 200
6 95 76 86 2 0 21 T 0.0 0 8.1 25 180 M M 1 35 180
7 95 74 85 1 0 20 0.00 0.0 0 8.5 25 200 M M 1 31 190
8 96 75 86 2 0 21 0.00 0.0 0 9.1 28 50 M M 1 3 39 30
9 93 74 84 0 0 19 T 0.0 0 7.7 17 200 M M 2 23 210
10 95 77 86 2 0 21 0.47 0.0 0 6.5 24 280 M M 5 13 35 280
11 91 76 84 0 0 19 0.04 0.0 0 7.8 17 360 M M 2 13 23 20
12 100 80 90 6 0 25 0.00 0.0 0 12.9 22 200 M M 1 29 200
13 99 81 90 6 0 25 0.00 0.0 0 11.5 21 200 M M 1 31 200
14 99 80 90 6 0 25 0.00 0.0 0 10.9 21 210 M M 1 27 200
15 99 79 89 5 0 24 0.00 0.0 0 8.4 18 200 M M 1 25 190
16 92 77 85 1 0 20 0.03 0.0 0 6.9 18 350 M M 1 38 27 360
17 102 74 88 3 0 23 0.00 0.0 0 8.8 15 210 M M 0 22 210
18 104 79 92 7 0 27 0.00 0.0 0 10.7 18 210 M M 0 27 190
19 103 80 92 7 0 27 0.00 0.0 0 10.8 20 200 M M 0 26 190
20 101 81 91 6 0 26 0.00 0.0 0 8.4 16 210 M M 1 21 130
21 98 80 89 4 0 24 0.00 0.0 0 6.6 14 240 M M 0 19 230
22 95 78 87 2 0 22 0.00 0.0 0 7.2 12 30 M M 3 20 10
23 97 70 84 -1 0 19 0.00 0.0 0 4.3 12 60 M M 0 19 350
24 101 71 86 1 0 21 0.00 0.0 0 5.3 13 130 M M 0 18 180
25 101 75 88 3 0 23 0.00 0.0 0 7.3 14 230 M M 0 20 210
26 101 76 89 4 0 24 0.00 0.0 0 8.7 16 200 M M 0 21 220
27 100 76 88 3 0 23 0.00 0.0 0 7.6 17 190 M M 1 26 210
28 101 75 88 3 0 23 0.00 0.0 0 6.3 14 170 M M 0 24 180
29 102 77 90 5 0 25 0.00 0.0 0 5.1 12 210 M M 1 19 170
30 104 78 91 6 0 26 0.00 0.0 0 4.6 15 320 M M 1 22 310
31 104 79 92 6 0 27 0.00 0.0 0 4.7 13 110 M M 0 18 80
================================================================================
SM 3039 2381 0 704 0.66 0.0 241.5 M 30
================================================================================
AV 98.0 76.8 7.8 FASTST M M 1 MAX(MPH)
MISC ----> 28 50 39 30
================================================================================
NOTES:
# LAST OF SEVERAL OCCURRENCES
COLUMN 17 PEAK WIND IN M.P.H.
PRELIMINARY LOCAL CLIMATOLOGICAL DATA (WS FORM: F-6) , PAGE 2
STATION: TYLER
MONTH: JULY
YEAR: 2023
LATITUDE: 32 22 N
LONGITUDE: 95 24 W
[TEMPERATURE DATA] [PRECIPITATION DATA] SYMBOLS USED IN COLUMN 16
AVERAGE MONTHLY: 87.4 TOTAL FOR MONTH: 0.66 1 = FOG OR MIST
DPTR FM NORMAL: 3.0 DPTR FM NORMAL: -1.44 2 = FOG REDUCING VISIBILITY
HIGHEST: 104 ON 31,30 GRTST 24HR 0.47 ON 10-10 TO 1/4 MILE OR LESS
LOWEST: 70 ON 23 3 = THUNDER
SNOW, ICE PELLETS, HAIL 4 = ICE PELLETS
TOTAL MONTH: 0.0 INCH 5 = HAIL
GRTST 24HR 0.0 6 = FREEZING RAIN OR DRIZZLE
GRTST DEPTH: 0 7 = DUSTSTORM OR SANDSTORM:
VSBY 1/2 MILE OR LESS
8 = SMOKE OR HAZE
[NO. OF DAYS WITH] [WEATHER - DAYS WITH] 9 = BLOWING SNOW
X = TORNADO
MAX 32 OR BELOW: 0 0.01 INCH OR MORE: 4
MAX 90 OR ABOVE: 31 0.10 INCH OR MORE: 2
MIN 32 OR BELOW: 0 0.50 INCH OR MORE: 0
MIN 0 OR BELOW: 0 1.00 INCH OR MORE: 0
[HDD (BASE 65) ]
TOTAL THIS MO. 0 CLEAR (SCALE 0-3) 30
DPTR FM NORMAL 0 PTCLDY (SCALE 4-7) 1
TOTAL FM JUL 1 0 CLOUDY (SCALE 8-10) 0
DPTR FM NORMAL 0
[CDD (BASE 65) ]
TOTAL THIS MO. 704
DPTR FM NORMAL 103 [PRESSURE DATA]
TOTAL FM JAN 1 1748 HIGHEST SLP 30.11 ON 25
DPTR FM NORMAL 242 LOWEST SLP 29.77 ON 13
[REMARKS]
#FINAL-07-23#