000
CXUS54 KSHV 011400
CF6TYR
PRELIMINARY LOCAL CLIMATOLOGICAL DATA (WS FORM: F-6)
STATION: TYLER
MONTH: NOVEMBER
YEAR: 2022
LATITUDE: 32 22 N
LONGITUDE: 95 24 W
TEMPERATURE IN F: :PCPN: SNOW: WIND :SUNSHINE: SKY :PK WND
================================================================================
1 2 3 4 5 6A 6B 7 8 9 10 11 12 13 14 15 16 17 18
12Z AVG MX 2MIN
DY MAX MIN AVG DEP HDD CDD WTR SNW DPTH SPD SPD DIR MIN PSBL S-S WX SPD DR
================================================================================
1 74 55 65 3 0 0 0.00 0.0 0 6.0 14 130 M M 3 1 17 110
2 78 54 66 4 0 1 0.00 0.0 0 5.8 13 140 M M 1 18 19 140
3 83 63 73 12 0 8 T 0.0 0 10.9 18 160 M M 7 27 150
4 82 55 69 8 0 4 0.91 0.0 0 14.7 30 310 M M 9 13 45 160
5 65 47 56 -4 9 0 0.00 0.0 0 6.1 14 310 M M 1 20 300
6 79 51 65 5 0 0 0.00 0.0 0 8.1 16 180 M M 3 1 21 190
7 83 71 77 17 0 12 0.01 0.0 0 6.6 14 120 M M 6 18 18 130
8 82 70 76 17 0 11 0.00 0.0 0 7.6 13 120 M M 6 19 160
9 84 67 76 17 0 11 0.00 0.0 0 7.1 15 180 M M 5 20 140
10 77 63 70 11 0 5 0.00 0.0 0 7.0 13 160 M M 3 18 17 160
11 67 42 55 -3 10 0 0.53 0.0 0 10.8 24 330 M M 9 13 34 340
12 52 35 44 -14 21 0 0.00 0.0 0 9.0 18 350 M M 1 26 320
13 53 29 41 -17 24 0 0.00 0.0 0 6.6 14 110 M M 0 20 100
14 45 42 44 -13 21 0 0.30 0.0 0 9.4 18 280 M M 9 1 25 280
15 43 38 41 -16 24 0 0.00 0.0 0 8.5 17 350 M M 9 1 27 350
16 56 36 46 -11 19 0 0.00 0.0 0 3.6 12 20 M M 1 18 50
17 58 34 46 -10 19 0 0.00 0.0 0 3.5 9 110 M M 1 12 110
18 59 34 47 -9 18 0 0.00 0.0 0 6.7 13 10 M M 4 18 10
19 44 33 39 -17 26 0 0.00 0.0 0 6.8 14 10 M M 7 19 360
20 52 29 41 -15 24 0 0.03 0.0 0 2.6 13 80 M M 3 20 70
21 52 39 46 -9 19 0 0.01 0.0 0 2.4 9 180 M M 7 11 160
22 63 39 51 -4 14 0 0.00 0.0 0 1.4 8 120 M M 5 11 120
23 64 48 56 1 9 0 0.07 0.0 0 5.0 15 130 M M 8 19 130
24 63 55 59 5 6 0 1.12 0.0 0 6.7 15 50 M M 10 13 20 100
25 59 56 58 4 7 0 0.00 0.0 0 9.9 18 40 M M 10 1 25 50
26 60 47 54 0 11 0 0.99 0.0 0 10.0 23 260 M M 9 138 34 220
27 65 45 55 1 10 0 0.00 0.0 0 5.4 13 320 M M 0 18 290
28 70 39 55 2 10 0 0.00 0.0 0 6.6 17 180 M M 0 1 25 180
29 82 50 66 13 0 1 0.00 0.0 0 10.9 26 350 M M 5 18 38 350
30 56 37 47 -6 18 0 0.00 0.0 0 9.8 20 350 M M 0 30 10
================================================================================
SM 1950 1403 319 53 3.97 0.0 215.5 M 142
================================================================================
AV 65.0 46.8 7.2 FASTST M M 5 MAX(MPH)
MISC ----> 30 310 45 160
================================================================================
NOTES:
# LAST OF SEVERAL OCCURRENCES
COLUMN 17 PEAK WIND IN M.P.H.
PRELIMINARY LOCAL CLIMATOLOGICAL DATA (WS FORM: F-6) , PAGE 2
STATION: TYLER
MONTH: NOVEMBER
YEAR: 2022
LATITUDE: 32 22 N
LONGITUDE: 95 24 W
[TEMPERATURE DATA] [PRECIPITATION DATA] SYMBOLS USED IN COLUMN 16
AVERAGE MONTHLY: 55.9 TOTAL FOR MONTH: 3.97 1 = FOG OR MIST
DPTR FM NORMAL: -1.2 DPTR FM NORMAL: 0.71 2 = FOG REDUCING VISIBILITY
HIGHEST: 84 ON 9 GRTST 24HR 1.16 ON 23-24 TO 1/4 MILE OR LESS
LOWEST: 29 ON 20,13 3 = THUNDER
SNOW, ICE PELLETS, HAIL 4 = ICE PELLETS
TOTAL MONTH: 0.0 INCH 5 = HAIL
GRTST 24HR 0.0 6 = FREEZING RAIN OR DRIZZLE
GRTST DEPTH: 0 7 = DUSTSTORM OR SANDSTORM:
VSBY 1/2 MILE OR LESS
8 = SMOKE OR HAZE
[NO. OF DAYS WITH] [WEATHER - DAYS WITH] 9 = BLOWING SNOW
X = TORNADO
MAX 32 OR BELOW: 0 0.01 INCH OR MORE: 9
MAX 90 OR ABOVE: 0 0.10 INCH OR MORE: 5
MIN 32 OR BELOW: 2 0.50 INCH OR MORE: 4
MIN 0 OR BELOW: 0 1.00 INCH OR MORE: 1
[HDD (BASE 65) ]
TOTAL THIS MO. 319 CLEAR (SCALE 0-3) 12
DPTR FM NORMAL 53 PTCLDY (SCALE 4-7) 10
TOTAL FM JUL 1 374 CLOUDY (SCALE 8-10) 8
DPTR FM NORMAL 41
[CDD (BASE 65) ]
TOTAL THIS MO. 53
DPTR FM NORMAL 25 [PRESSURE DATA]
TOTAL FM JAN 1 3265 HIGHEST SLP 30.50 ON 16
DPTR FM NORMAL 589 LOWEST SLP 29.62 ON 4
[REMARKS]
#FINAL-11-22#