000
CXUS54 KSHV 011300
CF6TYR
PRELIMINARY LOCAL CLIMATOLOGICAL DATA (WS FORM: F-6)
STATION: TYLER
MONTH: AUGUST
YEAR: 2023
LATITUDE: 32 22 N
LONGITUDE: 95 24 W
TEMPERATURE IN F: :PCPN: SNOW: WIND :SUNSHINE: SKY :PK WND
================================================================================
1 2 3 4 5 6A 6B 7 8 9 10 11 12 13 14 15 16 17 18
12Z AVG MX 2MIN
DY MAX MIN AVG DEP HDD CDD WTR SNW DPTH SPD SPD DIR MIN PSBL S-S WX SPD DR
================================================================================
1 107 80 94 8 0 29 0.00 0.0 0 7.3 12 100 M M 0 18 90
2 106 83 95 9 0 30 0.00 0.0 0 8.0 15 240 M M 0 20 210
3 105 83 94 8 0 29 0.00 0.0 0 8.8 17 190 M M 0 23 190
4 104 84 94 8 0 29 0.00 0.0 0 8.5 16 200 M M 0 23 200
5 106 78 92 7 0 27 0.00 0.0 0 8.6 16 210 M M 0 24 210
6 103 83 93 8 0 28 0.00 0.0 0 6.9 16 210 M M 0 20 240
7 102 83 93 8 0 28 0.00 0.0 0 8.9 17 210 M M 2 25 200
8 100 83 92 7 0 27 0.00 0.0 0 9.8 20 80 M M 0 28 200
9 106 82 94 9 0 29 0.00 0.0 0 15.3 24 200 M M 0 33 210
10 106 84 95 10 0 30 0.00 0.0 0 12.9 23 200 M M 0 33 180
11 106 82 94 9 0 29 0.00 0.0 0 11.7 20 200 M M 1 26 200
12 106 81 94 9 0 29 0.00 0.0 0 12.1 21 210 M M 1 32 230
13 105 81 93 8 0 28 0.00 0.0 0 10.3 18 220 M M 0 25 200
14 106 81 94 9 0 29 0.00 0.0 0 10.7 17 360 M M 1 26 10
15 95 75 85 0 0 20 0.00 0.0 0 7.7 17 360 M M 1 24 10
16 96 67 82 -3 0 17 0.00 0.0 0 4.2 12 350 M M 0 20 330
17 106 72 89 5 0 24 0.00 0.0 0 7.5 14 140 M M 0 23 230
18 108 77 93 9 0 28 0.00 0.0 0 7.2 13 210 M M 0 17 210
19 107 83 95 11 0 30 0.00 0.0 0 6.8 13 190 M M 1 17 220
20 109 81 95 11 0 30 0.00 0.0 0 7.5 21 70 M M 0 28 20
21 107 80 94 10 0 29 0.00 0.0 0 6.0 18 80 M M 0 25 80
22 105 79 92 8 0 27 0.00 0.0 0 7.9 17 80 M M 0 24 60
23 105 79 92 8 0 27 0.00 0.0 0 4.1 13 80 M M 1 17 280
24 108 82 95 11 0 30 0.00 0.0 0 6.3 14 120 M M 0 19 30
25 108 81 95 12 0 30 0.00 0.0 0 6.5 15 160 M M 1 21 170
26 108 80 94 11 0 29 0.00 0.0 0 5.5 15 190 M M 1 20 210
27 105 75 90 7 0 25 0.34 0.0 0 8.0 25 220 M M 1 13 37 230
28 94 74 84 1 0 19 0.00 0.0 0 6.0 15 60 M M 4 18 21 30
29 97 74 86 4 0 21 0.00 0.0 0 5.3 20 30 M M 1 31 20
30 98 72 85 3 0 20 0.00 0.0 0 4.1 15 50 M M 1 25 40
31 97 74 86 4 0 21 0.00 0.0 0 6.5 14 90 M M 1 18 90
================================================================================
SM 3221 2453 0 828 0.34 0.0 246.9 M 18
================================================================================
AV103.9 79.1 8.0 FASTST M M 1 MAX(MPH)
MISC ----> 25 220 37 230
================================================================================
NOTES:
# LAST OF SEVERAL OCCURRENCES
COLUMN 17 PEAK WIND IN M.P.H.
PRELIMINARY LOCAL CLIMATOLOGICAL DATA (WS FORM: F-6) , PAGE 2
STATION: TYLER
MONTH: AUGUST
YEAR: 2023
LATITUDE: 32 22 N
LONGITUDE: 95 24 W
[TEMPERATURE DATA] [PRECIPITATION DATA] SYMBOLS USED IN COLUMN 16
AVERAGE MONTHLY: 91.5 TOTAL FOR MONTH: 0.34 1 = FOG OR MIST
DPTR FM NORMAL: 7.2 DPTR FM NORMAL: -2.27 2 = FOG REDUCING VISIBILITY
HIGHEST: 109 ON 20 GRTST 24HR 0.34 ON 27-27 TO 1/4 MILE OR LESS
LOWEST: 67 ON 16 3 = THUNDER
SNOW, ICE PELLETS, HAIL 4 = ICE PELLETS
TOTAL MONTH: 0.0 INCH 5 = HAIL
GRTST 24HR 0.0 6 = FREEZING RAIN OR DRIZZLE
GRTST DEPTH: 0 7 = DUSTSTORM OR SANDSTORM:
VSBY 1/2 MILE OR LESS
8 = SMOKE OR HAZE
[NO. OF DAYS WITH] [WEATHER - DAYS WITH] 9 = BLOWING SNOW
X = TORNADO
MAX 32 OR BELOW: 0 0.01 INCH OR MORE: 1
MAX 90 OR ABOVE: 31 0.10 INCH OR MORE: 1
MIN 32 OR BELOW: 0 0.50 INCH OR MORE: 0
MIN 0 OR BELOW: 0 1.00 INCH OR MORE: 0
[HDD (BASE 65) ]
TOTAL THIS MO. 0 CLEAR (SCALE 0-3) 30
DPTR FM NORMAL 0 PTCLDY (SCALE 4-7) 1
TOTAL FM JUL 1 0 CLOUDY (SCALE 8-10) 0
DPTR FM NORMAL 0
[CDD (BASE 65) ]
TOTAL THIS MO. 828
DPTR FM NORMAL 228 [PRESSURE DATA]
TOTAL FM JAN 1 2576 HIGHEST SLP 30.12 ON 15
DPTR FM NORMAL 470 LOWEST SLP 29.68 ON 9
[REMARKS]
#FINAL-08-23#