000
CXUS56 KPQR 011155
CF6UAO
PRELIMINARY LOCAL CLIMATOLOGICAL DATA (WS FORM: F-6)
STATION: AURORA STATE OR
MONTH: OCTOBER
YEAR: 2021
LATITUDE: 45 15 N
LONGITUDE: 122 46 W
TEMPERATURE IN F: :PCPN: SNOW: WIND :SUNSHINE: SKY :PK WND
================================================================================
1 2 3 4 5 6A 6B 7 8 9 10 11 12 13 14 15 16 17 18
12Z AVG MX 2MIN
DY MAX MIN AVG DEP HDD CDD WTR SNW DPTH SPD SPD DIR MIN PSBL S-S WX SPD DR
================================================================================
1 68 52 60 0 5 0 0.00 M M 5.4 14 10 M M 5 12 17 10
2 72 42 57 -3 8 0 0.00 M M 1.3 9 30 M M 1 12 11 30
3 71 44 58 -1 7 0 0.00 M M 3.7 12 30 M M 1 12 17 20
4 66 51 59 0 6 0 0.00 M M 2.5 8 170 M M 3 18 11 40
5 58 48 53 -6 12 0 0.27 M M 7.0 16 180 M M 5 1 22 190
6 60 45 53 -5 12 0 T M M 5.8 15 190 M M 5 21 190
7 62 40 51 -7 14 0 0.00 M M 4.3 10 10 M M 3 1 15 360
8 61 38 50 -8 15 0 0.00 M M 1.1 8 250 M M 5 12 11 190
9 65 42 54 -3 11 0 0.05 M M 4.1 14 180 M M 6 18 20 170
10 59 45 52 -5 13 0 0.14 M M 4.6 20 180 M M 7 1 25 190
11 58 40 49 -7 16 0 0.01 M M 1.2 8 40 M M 4 1 9 140
12 54 33 44 -12 21 0 0.17 M M 3.3 14 180 M M 7 12 19 190
13 54 40 47 -9 18 0 0.21 M M 3.7 12 180 M M 9 12 14 190
14 60 47 54 -1 11 0 0.03 M M 7.0 17 190 M M 8 1 23 190
15 63 41 52 -3 13 0 0.00 M M 1.0 8 250 M M 6 12 11 260
16 67 41 54 -1 11 0 0.00 M M 0.3 6 170 M M 2 12 9 170
17 63 46 55 1 10 0 0.15 M M 2.6 15 350 M M 6 12 18 350
18 58 47 53 -1 12 0 0.00 M M 2.3 8 10 M M 9 10 350
19 59 41 50 -4 15 0 0.06 M M 1.6 10 170 M M 2 18 12 170
20 62 50 56 3 9 0 0.13 M M 7.3 21 200 M M 8 18 28 190
21 69 48 59 6 6 0 0.74 M M 3.5 17 250 M M 6 1 22 240
22 59 49 54 1 11 0 0.40 M M 5.6 15 180 M M 8 1 18 200
23 55 51 53 1 12 0 0.28 M M 4.4 12 160 M M 10 1 15 180
24 59 51 55 3 10 0 0.32 M M 13.0 37 180 M M 8 1 51 180
25 M M M M M M M M M M M M M M M M M
26 56 50 53 1 12 0 0.29 M M 11.8 25 190 M M 10 18 35 180
27 58 50 54 3 11 0 0.09 M M 5.3 12 200 M M 7 1 16 200
28 68 54 61 10 4 0 T M M 11.5 21 190 M M 9 1 28 190
29 62 45 54 3 11 0 0.47 M M 5.6 15 360 M M 6 1 21 340
30 63 44 54 4 11 0 0.00 M M 12.7 21 50 M M 0 28 50
31 65 45 55 5 10 0 0.00 M M 9.2 15 10 M M 2 22 30
================================================================================
SM 1854 1360 337 0 3.81 M 152.7 M 168
================================================================================
AV 61.8 45.3 5.1 FASTST M M 6 MAX(MPH)
MISC ----> 37 180 51 180
================================================================================
NOTES:
# LAST OF SEVERAL OCCURRENCES
COLUMN 17 PEAK WIND IN M.P.H.
PRELIMINARY LOCAL CLIMATOLOGICAL DATA (WS FORM: F-6) , PAGE 2
STATION: AURORA STATE OR
MONTH: OCTOBER
YEAR: 2021
LATITUDE: 45 15 N
LONGITUDE: 122 46 W
[TEMPERATURE DATA] [PRECIPITATION DATA] SYMBOLS USED IN COLUMN 16
AVERAGE MONTHLY: 53.6 TOTAL FOR MONTH: 3.81 1 = FOG OR MIST
DPTR FM NORMAL: -1.3 DPTR FM NORMAL: 0.11 2 = FOG REDUCING VISIBILITY
HIGHEST: 72 ON 2 GRTST 24HR 1.14 ON 21-22 TO 1/4 MILE OR LESS
LOWEST: 33 ON 12 3 = THUNDER
SNOW, ICE PELLETS, HAIL 4 = ICE PELLETS
TOTAL MONTH: M 5 = HAIL
GRTST 24HR M ON M 6 = FREEZING RAIN OR DRIZZLE
GRTST DEPTH: M ON M 7 = DUSTSTORM OR SANDSTORM:
VSBY 1/2 MILE OR LESS
8 = SMOKE OR HAZE
[NO. OF DAYS WITH] [WEATHER - DAYS WITH] 9 = BLOWING SNOW
X = TORNADO
MAX 32 OR BELOW: 0 0.01 INCH OR MORE: 17
MAX 90 OR ABOVE: 0 0.10 INCH OR MORE: 12
MIN 32 OR BELOW: 0 0.50 INCH OR MORE: 1
MIN 0 OR BELOW: 0 1.00 INCH OR MORE: 0
[HDD (BASE 65) ]
TOTAL THIS MO. 337 CLEAR (SCALE 0-3) 7
DPTR FM NORMAL 20 PTCLDY (SCALE 4-7) 15
TOTAL FM JUL 1 410 CLOUDY (SCALE 8-10) 9
DPTR FM NORMAL -2
[CDD (BASE 65) ]
TOTAL THIS MO. 0
DPTR FM NORMAL -4 [PRESSURE DATA]
TOTAL FM JAN 1 711 HIGHEST SLP 30.33 ON 27
DPTR FM NORMAL 255 LOWEST SLP 29.05 ON 24
[REMARKS]
#FINAL-10-21#