000
CXUS55 KSEW 010930
CF6UIL
PRELIMINARY LOCAL CLIMATOLOGICAL DATA (WS FORM: F-6)
STATION: QUILLAYUTE WA AIRPORT
MONTH: JULY
YEAR: 2020
LATITUDE: 47 57 N
LONGITUDE: 124 33 W
TEMPERATURE IN F: :PCPN: SNOW: WIND :SUNSHINE: SKY :PK WND
================================================================================
1 2 3 4 5 6A 6B 7 8 9 10 11 12 13 14 15 16 17 18
12Z AVG MX 2MIN
DY MAX MIN AVG DEP HDD CDD WTR SNW DPTH SPD SPD DIR MIN PSBL S-S WX SPD DR
================================================================================
1 57 52 55 -2 10 0 0.05 0.0 0 4.3 13 270 M M 9 1 17 240
2 60 51 56 -2 9 0 0.05 0.0 0 4.1 12 220 M M 10 1 17 210
3 56 52 54 -4 11 0 0.14 0.0 0 2.5 10 200 M M 10 1 19 200
4 65 50 58 0 7 0 0.00 0.0 0 3.6 12 260 M M 10 1 15 220
5 67 47 57 -1 8 0 0.00 0.0 0 3.8 13 250 M M 8 12 17 260
6 65 49 57 -1 8 0 T 0.0 0 4.8 14 250 M M 9 1 19 240
7 65 53 59 1 6 0 0.01 0.0 0 3.5 14 260 M M 10 1 18 260
8 67 50 59 1 6 0 0.03 0.0 0 3.1 13 240 M M 9 1 17 240
9 65 51 58 0 7 0 0.21 0.0 0 5.6 13 280 M M 8 1 18 240
10 66 48 57 -1 8 0 0.00 0.0 0 3.7 13 260 M M 7 17 250
11 60 48 54 -5 11 0 0.50 0.0 0 4.0 13 190 M M 7 18 22 180
12 64 47 56 -3 9 0 0.01 0.0 0 4.4 13 300 M M 5 12 18 310
13 65 48 57 -2 8 0 0.00 0.0 0 4.4 14 280 M M 4 18 320
14 74 48 61 2 4 0 0.00 0.0 0 5.2 16 290 M M 4 18 22 300
15 69 54 62 3 3 0 0.00 0.0 0 4.2 13 280 M M 9 1 18 280
16 68 55 62 3 3 0 T 0.0 0 4.6 12 260 M M 10 1 14 260
17 65 49 57 -2 8 0 T 0.0 0 4.3 14 250 M M 5 1 22 270
18 73 46 60 1 5 0 0.00 0.0 0 5.4 16 300 M M 5 12 22 350
19 74 54 64 5 1 0 0.00 0.0 0 4.3 13 270 M M 4 12 15 260
20 80 51 66 6 0 1 0.00 0.0 0 5.1 14 240 M M 1 1 16 330
21 69 56 63 3 2 0 0.00 0.0 0 4.2 14 250 M M 9 1 18 240
22 65 55 60 0 5 0 0.01 0.0 0 3.7 13 260 M M 10 1 16 250
23 63 54 59 -1 6 0 T 0.0 0 4.4 12 260 M M 10 1 16 260
24 66 55 61 1 4 0 0.01 0.0 0 6.4 15 270 M M 9 1 20 260
25 69 53 61 1 4 0 0.00 0.0 0 6.0 14 340 M M 4 19 340
26 87 46 67 7 0 2 0.00 0.0 0 4.8 13 320 M M 0 18 310
27 74 50 62 2 3 0 0.00 0.0 0 4.6 13 270 M M 2 17 270
28 68 51 60 0 5 0 0.00 0.0 0 4.6 13 270 M M 6 1 16 270
29 77 46 62 2 3 0 0.00 0.0 0 4.6 14 330 M M 3 12 18 330
30 83 45 64 4 1 0 0.00 0.0 0 3.9 13 320 M M 0 17 330
31 65 51 58 -2 7 0 T 0.0 0 3.3 13 220 M M 8 18 17 210
================================================================================
SM 2111 1565 172 3 1.02 0.0 135.4 M 205
================================================================================
AV 68.1 50.5 4.4 FASTST M M 7 MAX(MPH)
MISC ----> # 16 290 # 22 180
================================================================================
NOTES:
# LAST OF SEVERAL OCCURRENCES
COLUMN 17 PEAK WIND IN M.P.H.
PRELIMINARY LOCAL CLIMATOLOGICAL DATA (WS FORM: F-6) , PAGE 2
STATION: QUILLAYUTE WA AIRPORT
MONTH: JULY
YEAR: 2020
LATITUDE: 47 57 N
LONGITUDE: 124 33 W
[TEMPERATURE DATA] [PRECIPITATION DATA] SYMBOLS USED IN COLUMN 16
AVERAGE MONTHLY: 59.3 TOTAL FOR MONTH: 1.02 1 = FOG OR MIST
DPTR FM NORMAL: 0.4 DPTR FM NORMAL: -0.96 2 = FOG REDUCING VISIBILITY
HIGHEST: 87 ON 26 GRTST 24HR 0.50 ON 11-11 TO 1/4 MILE OR LESS
LOWEST: 45 ON 30 3 = THUNDER
SNOW, ICE PELLETS, HAIL 4 = ICE PELLETS
TOTAL MONTH: 0.0 INCH 5 = HAIL
GRTST 24HR 0.0 6 = FREEZING RAIN OR DRIZZLE
GRTST DEPTH: 0 7 = DUSTSTORM OR SANDSTORM:
VSBY 1/2 MILE OR LESS
8 = SMOKE OR HAZE
[NO. OF DAYS WITH] [WEATHER - DAYS WITH] 9 = BLOWING SNOW
X = TORNADO
MAX 32 OR BELOW: 0 0.01 INCH OR MORE: 10
MAX 90 OR ABOVE: 0 0.10 INCH OR MORE: 3
MIN 32 OR BELOW: 0 0.50 INCH OR MORE: 1
MIN 0 OR BELOW: 0 1.00 INCH OR MORE: 0
[HDD (BASE 65) ]
TOTAL THIS MO. 172 CLEAR (SCALE 0-3) 5
DPTR FM NORMAL -22 PTCLDY (SCALE 4-7) 12
TOTAL FM JUL 1 172 CLOUDY (SCALE 8-10) 14
DPTR FM NORMAL -22
[CDD (BASE 65) ]
TOTAL THIS MO. 3
DPTR FM NORMAL -4 [PRESSURE DATA]
TOTAL FM JAN 1 7 HIGHEST SLP M ON M
DPTR FM NORMAL -4 LOWEST SLP 29.88 ON 22
[REMARKS]
#FINAL-07-20#