000
CXUS56 KSEW 020353
CLMUIL
CLIMATE REPORT...CORRECTED
NATIONAL WEATHER SERVICE SEATTLE
853 PM PDT FRI SEP 01 2023
...................................
...THE QUILLAYUTE WA AIRPORT CLIMATE SUMMARY FOR THE MONTH OF AUGUST 2023...
CLIMATE NORMAL PERIOD 1991 TO 2020
CLIMATE RECORD PERIOD 1966 TO 2023
WEATHER OBSERVED NORMAL DEPART LAST YEAR`S
VALUE DATE(S) VALUE FROM VALUE DATE(S)
NORMAL
................................................................
TEMPERATURE (F)
RECORD
HIGH 99 08/09/1981
LOW 36 08/26/1985
08/18/1973
HIGHEST 97 08/13 MM MM 90 08/07
LOWEST 44 08/19 MM MM 46 08/05
AVG. MAXIMUM 76.7 68.9 7.8 71.8
AVG. MINIMUM 55.6 51.1 4.5 53.6
MEAN 66.2 60.0 6.2 62.7
DAYS MAX >= 90 2 0.6 1.4 1
DAYS MAX <= 32 0 0.0 0.0 0
DAYS MIN <= 32 0 0.0 0.0 0
DAYS MIN <= 0 0 0.0 0.0 0
PRECIPITATION (INCHES)
RECORD
MAXIMUM 15.07 1991
MINIMUM 0.17 1998
TOTALS 1.15 2.64 -1.49 0.50
DAILY AVG. 0.04 0.09 -0.05 0.02
DAYS >= .01 8 8.8 -0.8 MM
DAYS >= .10 3 3.7 -0.7 MM
DAYS >= .50 1 1.3 -0.3 MM
DAYS >= 1.00 0 0.8 -0.8 MM
GREATEST
24 HR. TOTAL 0.59 08/08 TO 08/09
DEGREE DAYS
HEATING TOTAL 31 163 -132 74
SINCE 7/1 101 348 -247 MM
COOLING TOTAL 72 8 64 14
SINCE 1/1 106 19 87 MM
................................................................
WIND (MPH)
AVERAGE WIND SPEED 4.1
HIGHEST WIND SPEED/DIRECTION 20/330 DATE 08/19
HIGHEST GUST SPEED/DIRECTION 30/340 DATE 08/19
SKY COVER
POSSIBLE SUNSHINE (PERCENT) MM
AVERAGE SKY COVER 0.52
NUMBER OF DAYS FAIR 12
NUMBER OF DAYS PC 9
NUMBER OF DAYS CLOUDY 10
AVERAGE RH (PERCENT) 70
WEATHER CONDITIONS. NUMBER OF DAYS WITH
THUNDERSTORM 0 MIXED PRECIP 0
HEAVY RAIN 1 RAIN 2
LIGHT RAIN 9 FREEZING RAIN 0
LT FREEZING RAIN 0 HAIL 0
HEAVY SNOW 0 SNOW 0
LIGHT SNOW 0 SLEET 0
FOG 22 FOG W/VIS <= 1/4 MILE 6
HAZE 15
- INDICATES NEGATIVE NUMBERS.
R INDICATES RECORD WAS SET OR TIED.
MM INDICATES DATA IS MISSING.
T INDICATES TRACE AMOUNT.
$$