000
CXUS54 KHGX 011510
CF6UTS
PRELIMINARY LOCAL CLIMATOLOGICAL DATA (WS FORM: F-6)
STATION: HUNTSVILLE
MONTH: DECEMBER
YEAR: 2023
LATITUDE: 30 45 N
LONGITUDE: 95 35 W
TEMPERATURE IN F: :PCPN: SNOW: WIND :SUNSHINE: SKY :PK WND
================================================================================
1 2 3 4 5 6A 6B 7 8 9 10 11 12 13 14 15 16 17 18
12Z AVG MX 2MIN
DY MAX MIN AVG DEP HDD CDD WTR SNW DPTH SPD SPD DIR MIN PSBL S-S WX SPD DR
================================================================================
1 69 56 63 8 2 0 0.00 0.0 0 5.4 13 360 M M 9 12 17 340
2 66 50 58 3 7 0 0.00 0.0 0 4.6 9 320 M M 5 13 310
3 71 44 58 3 7 0 0.00 0.0 0 5.5 12 210 M M 0 17 200
4 67 45 56 2 9 0 0.00 0.0 0 5.7 16 10 M M 0 25 10
5 71 39 55 1 10 0 0.00 0.0 0 1.9 10 360 M M 0 12 360
6 67 41 54 0 11 0 0.00 0.0 0 3.3 12 110 M M 0 18 90
7 69 47 58 4 7 0 0.00 0.0 0 8.7 15 170 M M 3 23 180
8 79 60 70 16 0 5 T 0.0 0 11.5 21 200 M M 8 1 33 190
9 82 54 68 14 0 3 T 0.0 0 12.4 25 350 M M 6 39 330
10 57 34 46 -7 19 0 0.00 0.0 0 7.6 21 350 M M 0 34 350
11 64 32 48 -5 17 0 0.00 0.0 0 4.3 10 160 M M 0 18 160
12 66 36 51 -2 14 0 0.00 0.0 0 5.1 12 80 M M 0 20 110
13 56 41 49 -4 16 0 T 0.0 0 6.1 12 40 M M 5 17 50
14 70 48 59 6 6 0 0.00 0.0 0 6.2 15 110 M M 4 21 120
15 69 55 62 10 3 0 0.66 0.0 0 6.6 14 150 M M 9 1 21 140
16 61 46 54 2 11 0 T 0.0 0 8.5 16 360 M M 3 1 24 330
17 68 36 52 0 13 0 0.00 0.0 0 2.7 7 220 M M 0 1 13 230
18 68 43 56 4 9 0 0.00 0.0 0 4.6 12 340 M M 0 18 350
19 61 38 50 -2 15 0 0.00 0.0 0 7.3 15 150 M M 0 22 140
20 69 50 60 8 5 0 0.00 0.0 0 10.2 16 150 M M 2 24 140
21 67 55 61 9 4 0 0.00 0.0 0 5.6 13 140 M M 6 18 19 110
22 70 59 65 14 0 0 0.00 0.0 0 4.4 12 150 M M 9 1 16 140
23 71 62 67 16 0 2 0.17 0.0 0 7.5 17 160 M M 10 1 26 160
24 67 56 62 11 3 0 0.77 0.0 0 9.0 25 280 M M 6 1 34 290
25 56 41 49 -2 16 0 0.00 0.0 0 8.5 18 330 M M 0 31 320
26 58 35 47 -4 18 0 0.00 0.0 0 4.4 13 120 M M 2 19 120
27 61 42 52 1 13 0 0.00 0.0 0 6.8 15 330 M M 0 1 23 300
28 55 34 45 -6 20 0 0.00 0.0 0 5.5 18 310 M M 1 24 310
29 54 33 44 -7 21 0 0.00 0.0 0 6.3 15 240 M M 1 21 250
30 64 31 48 -3 17 0 0.00 0.0 0 4.4 10 240 M M 0 15 240
31 71 43 57 6 8 0 0.00 0.0 0 6.8 16 210 M M 1 23 220
================================================================================
SM 2044 1386 301 10 1.60 0.0 197.4 M 90
================================================================================
AV 65.9 44.7 6.4 FASTST M M 3 MAX(MPH)
MISC ----> # 25 350 39 330
================================================================================
NOTES:
# LAST OF SEVERAL OCCURRENCES
COLUMN 17 PEAK WIND IN M.P.H.
PRELIMINARY LOCAL CLIMATOLOGICAL DATA (WS FORM: F-6) , PAGE 2
STATION: HUNTSVILLE
MONTH: DECEMBER
YEAR: 2023
LATITUDE: 30 45 N
LONGITUDE: 95 35 W
[TEMPERATURE DATA] [PRECIPITATION DATA] SYMBOLS USED IN COLUMN 16
AVERAGE MONTHLY: 55.3 TOTAL FOR MONTH: 1.60 1 = FOG OR MIST
DPTR FM NORMAL: 2.8 DPTR FM NORMAL: -2.53 2 = FOG REDUCING VISIBILITY
HIGHEST: 82 ON 9 GRTST 24HR 0.94 ON 23-24 TO 1/4 MILE OR LESS
LOWEST: 31 ON 30 3 = THUNDER
SNOW, ICE PELLETS, HAIL 4 = ICE PELLETS
TOTAL MONTH: 0.0 INCH 5 = HAIL
GRTST 24HR 0.0 6 = FREEZING RAIN OR DRIZZLE
GRTST DEPTH: 0 7 = DUSTSTORM OR SANDSTORM:
VSBY 1/2 MILE OR LESS
8 = SMOKE OR HAZE
[NO. OF DAYS WITH] [WEATHER - DAYS WITH] 9 = BLOWING SNOW
X = TORNADO
MAX 32 OR BELOW: 0 0.01 INCH OR MORE: 3
MAX 90 OR ABOVE: 0 0.10 INCH OR MORE: 3
MIN 32 OR BELOW: 2 0.50 INCH OR MORE: 2
MIN 0 OR BELOW: 0 1.00 INCH OR MORE: 0
[HDD (BASE 65) ]
TOTAL THIS MO. 301 CLEAR (SCALE 0-3) 19
DPTR FM NORMAL -104 PTCLDY (SCALE 4-7) 8
TOTAL FM JUL 1 568 CLOUDY (SCALE 8-10) 4
DPTR FM NORMAL -100
[CDD (BASE 65) ]
TOTAL THIS MO. 10
DPTR FM NORMAL -8 [PRESSURE DATA]
TOTAL FM JAN 1 3968 HIGHEST SLP 30.48 ON 13
DPTR FM NORMAL 954 LOWEST SLP 29.73 ON 24
[REMARKS]
#FINAL-12-23#