911
CXUS54 KEWX 011011
CF6UVA
PRELIMINARY LOCAL CLIMATOLOGICAL DATA (WS FORM: F-6)
STATION: UVALDE
MONTH: JULY
YEAR: 2020
LATITUDE: 29 12 N
LONGITUDE: 99 44 W
TEMPERATURE IN F: :PCPN: SNOW: WIND :SUNSHINE: SKY :PK WND
================================================================================
1 2 3 4 5 6A 6B 7 8 9 10 11 12 13 14 15 16 17 18
12Z AVG MX 2MIN
DY MAX MIN AVG DEP HDD CDD WTR SNW DPTH SPD SPD DIR MIN PSBL S-S WX SPD DR
================================================================================
1 99 78 89 M 0 24 0.00 M M 10.4 16 110 M M 0 23 130
2 100 78 89 M 0 24 0.00 M M 10.5 15 130 M M 0 1 23 130
3 99 73 86 M 0 21 0.00 M M 7.3 15 130 M M 0 18 130
4 102 72 87 M 0 22 0.00 M M 6.5 14 90 M M 0 20 90
5 104 72 88 M 0 23 0.00 M M 7.0 12 120 M M 0 9 150
6 100 76 88 M 0 23 0.00 M M 7.9 15 120 M M 0 20 120
7 99 76 88 M 0 23 0.00 M M 8.2 15 130 M M 0 22 120
8 101 77 89 M 0 24 0.00 M M 9.3 15 120 M M 0 21 120
9 99 78 89 M 0 24 0.00 M M 9.7 15 120 M M 0 23 120
10 103 77 90 M 0 25 0.00 M M 10.1 17 130 M M 0 23 100
11 104 73 89 M 0 24 0.00 M M 7.0 13 180 M M 0 23 180
12 105 74 90 M 0 25 0.00 M M 6.6 10 130 M M 0 M M
13 108 73 91 M 0 26 0.00 M M 7.6 14 140 M M 0 21 140
14 106 70 88 M 0 23 0.00 M M 8.2 13 130 M M 0 20 140
15 102 72 87 M 0 22 0.00 M M 10.2 18 120 M M 0 24 120
16 100 73 87 M 0 22 0.00 M M 9.9 17 120 M M 0 22 120
17 99 73 86 M 0 21 0.00 M M 9.7 18 110 M M 0 30 110
18 94 73 84 M 0 19 0.04 M M 8.3 25 150 M M 0 30 150
19 96 74 85 M 0 20 0.00 M M 7.0 14 160 M M 0 18 130
20 99 72 86 M 0 21 0.00 M M 7.5 17 120 M M 0 23 120
21 99 75 87 M 0 22 0.00 M M 6.8 14 170 M M 2 20 170
22 99 77 88 M 0 23 0.00 M M 9.0 18 140 M M 2 24 140
23 98 75 87 M 0 22 0.00 M M 8.4 15 120 M M 2 20 130
24 101 74 88 M 0 23 0.00 M M 7.5 17 100 M M 2 29 70
25 95 76 86 M 0 21 0.00 M M 11.4 27 110 M M 3 32 110
26 91 73 82 M 0 17 0.55 M M 11.9 20 160 M M 6 27 100
27 94 75 85 M 0 20 0.01 M M 7.0 10 130 M M 6 17 130
28 97 73 85 M 0 20 0.00 M M 5.4 24 170 M M 4 36 170
29 96 70 83 M 0 18 0.00 M M 6.9 13 170 M M 4 18 200
30 94 71 83 M 0 18 0.00 M M 9.5 16 160 M M 4 22 160
31 98 73 86 M 0 21 0.00 M M 7.1 25 60 M M 5 3 36 60
================================================================================
SM 3081 2296 0 681 0.60 M 259.8 M 40
================================================================================
AV 99.4 74.1 8.4 FASTST M M 1 MAX(MPH)
MISC ----> # 27 110 # 36 170
================================================================================
NOTES:
# LAST OF SEVERAL OCCURRENCES
COLUMN 17 PEAK WIND IN M.P.H.
PRELIMINARY LOCAL CLIMATOLOGICAL DATA (WS FORM: F-6) , PAGE 2
STATION: UVALDE
MONTH: JULY
YEAR: 2020
LATITUDE: 29 12 N
LONGITUDE: 99 44 W
[TEMPERATURE DATA] [PRECIPITATION DATA] SYMBOLS USED IN COLUMN 16
AVERAGE MONTHLY: 86.7 TOTAL FOR MONTH: 0.60 1 = FOG OR MIST
DPTR FM NORMAL: M DPTR FM NORMAL: M 2 = FOG REDUCING VISIBILITY
HIGHEST: 108 ON 13 GRTST 24HR 0.55 ON 26-26 TO 1/4 MILE OR LESS
LOWEST: 70 ON 29,14 3 = THUNDER
SNOW, ICE PELLETS, HAIL 4 = ICE PELLETS
TOTAL MONTH: M 5 = HAIL
GRTST 24HR M ON M 6 = FREEZING RAIN OR DRIZZLE
GRTST DEPTH: M ON M 7 = DUSTSTORM OR SANDSTORM:
VSBY 1/2 MILE OR LESS
8 = SMOKE OR HAZE
[NO. OF DAYS WITH] [WEATHER - DAYS WITH] 9 = BLOWING SNOW
X = TORNADO
MAX 32 OR BELOW: 0 0.01 INCH OR MORE: 3
MAX 90 OR ABOVE: 31 0.10 INCH OR MORE: 1
MIN 32 OR BELOW: 0 0.50 INCH OR MORE: 1
MIN 0 OR BELOW: 0 1.00 INCH OR MORE: 0
[HDD (BASE 65) ]
TOTAL THIS MO. 0 CLEAR (SCALE 0-3) 25
DPTR FM NORMAL M PTCLDY (SCALE 4-7) 6
TOTAL FM JUL 1 0 CLOUDY (SCALE 8-10) 0
DPTR FM NORMAL M
[CDD (BASE 65) ]
TOTAL THIS MO. 681
DPTR FM NORMAL M [PRESSURE DATA]
TOTAL FM JAN 1 1846 HIGHEST SLP M ON M
DPTR FM NORMAL M LOWEST SLP M ON M
[REMARKS]
#FINAL-07-20#