000
CXUS56 KSTO 011401
CF6VCB
PRELIMINARY LOCAL CLIMATOLOGICAL DATA (WS FORM: F-6)
STATION: VACAVILLE
MONTH: FEBRUARY
YEAR: 2024
LATITUDE: 38 22 N
LONGITUDE: 121-58 E
TEMPERATURE IN F: :PCPN: SNOW: WIND :SUNSHINE: SKY :PK WND
================================================================================
1 2 3 4 5 6A 6B 7 8 9 10 11 12 13 14 15 16 17 18
12Z AVG MX 2MIN
DY MAX MIN AVG DEP HDD CDD WTR SNW DPTH SPD SPD DIR MIN PSBL S-S WX SPD DR
================================================================================
1 60 49 55 6 10 0 0.66 M M 5.2 17 270 M M 6 1 25 270
2 59 41 50 1 15 0 0.03 M M 7.4 18 220 M M 4 1 24 240
3 52 38 45 -5 20 0 0.19 M M 4.6 10 350 M M 7 1 13 350
4 58 44 51 1 14 0 2.35 M M 15.7 37 130 M M 10 1 59 140
5 59 44 52 2 13 0 0.10 M M 7.0 17 170 M M 7 1 32 180
6 59 39 49 -1 16 0 0.00 M M 2.8 12 340 M M 7 16 340
7 51 36 44 -6 21 0 0.37 M M 4.5 13 340 M M 7 1 20 150
8 53 34 44 -6 21 0 0.00 M M 2.0 9 350 M M 3 13 350
9 57 32 45 -5 20 0 0.00 M M 1.3 6 300 M M 2 1 9 360
10 63 37 50 -1 15 0 0.00 M M 8.2 22 350 M M 0 30 340
11 61 32 47 -4 18 0 0.00 M M 2.3 12 10 M M 0 16 360
12 62 35 49 -2 16 0 0.00 M M 1.2 7 80 M M 0 1 10 70
13 61 37 49 -2 16 0 0.00 M M 2.4 10 230 M M 1 15 220
14 59 44 52 1 13 0 0.14 M M 6.5 15 210 M M 9 1 23 210
15 64 46 55 3 10 0 T M M 4.6 13 180 M M 5 1 18 180
16 60 47 54 2 11 0 0.00 0.0 M 2.4 9 350 M M 1 16 350
17 55 49 52 0 13 0 0.73 M M 4.2 16 210 M M 8 1 25 200
18 65 50 58 6 7 0 0.74 M M 7.3 22 150 M M 9 1 39 160
19 62 50 56 4 9 0 0.36 M M 10.2 28 210 M M 7 18 38 200
20 62 48 55 3 10 0 0.48 M M 4.7 18 270 M M 7 1 29 280
21 62 42 52 -1 13 0 T M M 3.6 13 220 M M 3 17 220
22 63 38 51 -2 14 0 0.00 M M 2.4 8 70 M M 1 1 12 60
23 68 40 54 1 11 0 0.00 0.0 M 6.1 18 350 M M 0 26 10
24 72 40 56 3 9 0 0.00 0.0 M 4.1 10 350 M M 0 15 20
25 71 40 56 3 9 0 0.00 M M 4.3 14 220 M M 0 20 210
26 67 42 55 2 10 0 0.00 M M 6.7 16 220 M M 1 23 220
27 67 40 54 0 11 0 0.00 M M 7.6 22 340 M M 0 30 350
28 67 35 51 -3 14 0 0.00 M M 3.1 13 200 M M 0 19 180
29 60 50 55 1 10 0 0.21 M M 11.6 22 210 M M 8 1 40 200
================================================================================
SM 1779 1199 389 0 6.36 0.0 154.0 M 113
================================================================================
AV 61.3 41.3 5.3 FASTST M M 4 MAX(MPH)
MISC ----> 37 130 59 140
================================================================================
NOTES:
# LAST OF SEVERAL OCCURRENCES
COLUMN 17 PEAK WIND IN M.P.H.
PRELIMINARY LOCAL CLIMATOLOGICAL DATA (WS FORM: F-6) , PAGE 2
STATION: VACAVILLE
MONTH: FEBRUARY
YEAR: 2024
LATITUDE: 38 22 N
LONGITUDE: 121-58 E
[TEMPERATURE DATA] [PRECIPITATION DATA] SYMBOLS USED IN COLUMN 16
AVERAGE MONTHLY: 51.3 TOTAL FOR MONTH: 6.36 1 = FOG OR MIST
DPTR FM NORMAL: -0.2 DPTR FM NORMAL: 1.30 2 = FOG REDUCING VISIBILITY
HIGHEST: 72 ON 24 GRTST 24HR 2.53 ON 3- 4 TO 1/4 MILE OR LESS
LOWEST: 32 ON 11, 9 3 = THUNDER
SNOW, ICE PELLETS, HAIL 4 = ICE PELLETS
TOTAL MONTH: 0.0 INCH 5 = HAIL
GRTST 24HR 0.0 6 = FREEZING RAIN OR DRIZZLE
GRTST DEPTH: M ON M 7 = DUSTSTORM OR SANDSTORM:
VSBY 1/2 MILE OR LESS
8 = SMOKE OR HAZE
[NO. OF DAYS WITH] [WEATHER - DAYS WITH] 9 = BLOWING SNOW
X = TORNADO
MAX 32 OR BELOW: 0 0.01 INCH OR MORE: 12
MAX 90 OR ABOVE: 0 0.10 INCH OR MORE: 11
MIN 32 OR BELOW: 2 0.50 INCH OR MORE: 4
MIN 0 OR BELOW: 0 1.00 INCH OR MORE: 1
[HDD (BASE 65) ]
TOTAL THIS MO. 389 CLEAR (SCALE 0-3) 15
DPTR FM NORMAL 9 PTCLDY (SCALE 4-7) 11
TOTAL FM JUL 1 1638 CLOUDY (SCALE 8-10) 3
DPTR FM NORMAL -267
[CDD (BASE 65) ]
TOTAL THIS MO. 0
DPTR FM NORMAL 0 [PRESSURE DATA]
TOTAL FM JAN 1 0 HIGHEST SLP 30.32 ON 22
DPTR FM NORMAL 0 LOWEST SLP 29.32 ON 4
[REMARKS]
#FINAL-02-24#