000
CXUS55 KGJT 250910
CF6VEL
PRELIMINARY LOCAL CLIMATOLOGICAL DATA (WS FORM: F-6)
STATION: VERNAL UT
MONTH: APRIL
YEAR: 2024
LATITUDE: 40 27 N
LONGITUDE: 109 31 W
TEMPERATURE IN F: :PCPN: SNOW: WIND :SUNSHINE: SKY :PK WND
================================================================================
1 2 3 4 5 6A 6B 7 8 9 10 11 12 13 14 15 16 17 18
12Z AVG MX 2MIN
DY MAX MIN AVG DEP HDD CDD WTR SNW DPTH SPD SPD DIR MIN PSBL S-S WX SPD DR
================================================================================
1 51 33 42 -3 23 0 T M M 4.9 20 300 M M 6 25 290
2 58 29 44 -1 21 0 0.00 M M 4.9 15 220 M M 1 20 240
3 65 30 48 3 17 0 0.00 M M 4.3 10 320 M M 0 17 180
4 71 32 52 7 13 0 0.00 M M 7.8 25 220 M M 0 36 210
5 68 38 53 7 12 0 T M M 15.2 39 200 M M 3 8 50 200
6 52 26 39 -7 26 0 T M M 10.5 32 250 M M 4 1 48 260
7 51 19 35 -11 30 0 0.00 M M 6.9 22 230 M M 0 32 230
8 53 21 37 -9 28 0 0.00 M M 4.1 13 360 M M 0 17 350
9 58 21 40 -6 25 0 0.00 M M 4.4 14 360 M M 0 18 340
10 64 28 46 0 19 0 0.00 M M 4.3 14 340 M M 0 19 340
11 67 28 48 1 17 0 0.00 M M 4.0 12 200 M M 0 19 160
12 77 32 55 8 10 0 0.00 M M 7.3 35 190 M M 0 51 190
13 75 38 57 10 8 0 0.00 M M 5.0 20 200 M M 0 26 210
14 74 37 56 9 9 0 0.00 M M 8.6 21 180 M M 0 31 190
15 61 33 47 -1 18 0 T M M 7.3 25 210 M M 2 34 210
16 69 38 54 6 11 0 0.00 M M 6.6 18 250 M M 4 29 210
17 70 44 57 9 8 0 0.00 M M 12.2 33 260 M M 4 43 230
18 63 35 49 1 16 0 0.00 M M 6.8 17 50 M M 0 25 40
19 63 37 50 1 15 0 0.00 M M 6.2 14 50 M M 3 19 50
20 68 33 51 2 14 0 0.00 M M 5.4 15 20 M M 2 21 360
21 73 33 53 4 12 0 0.00 M M 5.2 16 290 M M 0 23 290
22 80 39 60 11 5 0 0.00 M M 8.8 29 270 M M 0 44 250
23 79 49 64 14 1 0 T M M 7.4 20 20 M M 4 28 10
24 79 43 61 11 4 0 0.00 M M 6.9 21 200 M M 0 28 190
================================================================================
SM 1589 796 362 0 T M 165.0 M 33
================================================================================
AV 66.2 33.2 6.9 FASTST M M 1 MAX(MPH)
MISC ----> 39 200 51 190
================================================================================
NOTES:
# LAST OF SEVERAL OCCURRENCES
COLUMN 17 PEAK WIND IN M.P.H.
PRELIMINARY LOCAL CLIMATOLOGICAL DATA (WS FORM: F-6) , PAGE 2
STATION: VERNAL UT
MONTH: APRIL
YEAR: 2024
LATITUDE: 40 27 N
LONGITUDE: 109 31 W
[TEMPERATURE DATA] [PRECIPITATION DATA] SYMBOLS USED IN COLUMN 16
AVERAGE MONTHLY: 49.7 TOTAL FOR MONTH: T 1 = FOG OR MIST
DPTR FM NORMAL: 2.5 DPTR FM NORMAL: -0.55 2 = FOG REDUCING VISIBILITY
HIGHEST: 80 ON 22 GRTST 24HR 0.01 ON 31- 1 TO 1/4 MILE OR LESS
LOWEST: 19 ON 7 3 = THUNDER
SNOW, ICE PELLETS, HAIL 4 = ICE PELLETS
TOTAL MONTH: M 5 = HAIL
GRTST 24HR M ON M 6 = FREEZING RAIN OR DRIZZLE
GRTST DEPTH: M ON M 7 = DUSTSTORM OR SANDSTORM:
VSBY 1/2 MILE OR LESS
8 = SMOKE OR HAZE
[NO. OF DAYS WITH] [WEATHER - DAYS WITH] 9 = BLOWING SNOW
X = TORNADO
MAX 32 OR BELOW: 0 0.01 INCH OR MORE: 0
MAX 90 OR ABOVE: 0 0.10 INCH OR MORE: 0
MIN 32 OR BELOW: 10 0.50 INCH OR MORE: 0
MIN 0 OR BELOW: 0 1.00 INCH OR MORE: 0
[HDD (BASE 65) ]
TOTAL THIS MO. 362 CLEAR (SCALE 0-3) 18
DPTR FM NORMAL -65 PTCLDY (SCALE 4-7) 6
TOTAL FM JUL 1 5750 CLOUDY (SCALE 8-10) 0
DPTR FM NORMAL -771
[CDD (BASE 65) ]
TOTAL THIS MO. 0
DPTR FM NORMAL 0 [PRESSURE DATA]
TOTAL FM JAN 1 0 HIGHEST SLP M ON M
DPTR FM NORMAL 0 LOWEST SLP 29.30 ON 5
[REMARKS]