000
CXUS55 KGJT 022110 CCA
CF6VEL
PRELIMINARY LOCAL CLIMATOLOGICAL DATA (WS FORM: F-6)
STATION: VERNAL UT
MONTH: JULY
YEAR: 2022
LATITUDE: 40 27 N
LONGITUDE: 109 31 W
TEMPERATURE IN F: :PCPN: SNOW: WIND :SUNSHINE: SKY :PK WND
================================================================================
1 2 3 4 5 6A 6B 7 8 9 10 11 12 13 14 15 16 17 18
12Z AVG MX 2MIN
DY MAX MIN AVG DEP HDD CDD WTR SNW DPTH SPD SPD DIR MIN PSBL S-S WX SPD DR
================================================================================
1 88 55 72 0 0 7 0.00 M M 5.7 25 350 M M 1 39 350
2 91 59 75 3 0 10 T M M 6.7 33 230 M M 3 3 49 230
3 92 58 75 3 0 10 T M M 7.4 25 190 M M 3 3 38 200
4 92 60 76 4 0 11 T M M 6.3 21 220 M M 3 31 180
5 93 58 76 3 0 11 T M M 5.8 22 150 M M 2 3 37 130
6 89 61 75 2 0 10 T M M 4.6 20 290 M M 1 26 280
7 91 60 76 3 0 11 0.00 M M 3.3 16 200 M M 1 28 190
8 96 55 76 3 0 11 0.00 M M 4.6 17 230 M M 0 22 230
9 100 54 77 3 0 12 0.00 M M 4.1 15 290 M M 0 23 220
10 99 61 80 6 0 15 0.00 M M 6.3 36 240 M M 0 48 250
11 95 59 77 3 0 12 0.00 M M 5.5 31 340 M M 0 3 44 330
12 96 58 77 3 0 12 T M M 6.3 25 320 M M 0 8 32 320
13 96 60 78 4 0 13 T M M 5.4 28 260 M M 0 3 39 270
14 97 64 81 7 0 16 T M M 5.7 18 280 M M 0 3 24 290
15 89 65 77 3 0 12 0.03 M M 5.1 18 190 M M 4 26 170
16 93 62 78 3 0 13 0.00 M M 5.7 18 330 M M 2 24 330
17 99 60 80 5 0 15 T M M 4.2 16 270 M M 0 22 280
18 99 66 83 8 0 18 0.00 M M 9.1 24 250 M M 0 35 240
19 96 66 81 6 0 16 T M M 8.2 24 30 M M 1 3 34 30
20 95 60 78 3 0 13 T M M 4.6 15 330 M M 0 20 330
21 98 64 81 6 0 16 0.00 M M 4.0 16 320 M M 0 24 10
22 99 63 81 6 0 16 T M M 5.4 33 270 M M 0 53 270
23 98 63 81 6 0 16 T M M 5.4 23 360 M M 1 3 32 350
24 77 59 68 -7 0 3 0.03 M M 3.1 12 120 M M 5 1 15 120
25 89 59 74 -1 0 9 0.00 M M 2.4 12 130 M M 4 16 130
26 95 60 78 3 0 13 0.00 M M 4.1 14 210 M M 0 19 200
27 96 61 79 4 0 14 0.00 M M 4.3 10 290 M M 0 15 300
28 91 60 76 1 0 11 T M M 6.1 20 60 M M 0 3 30 70
29 91 56 74 -1 0 9 0.00 M M 3.6 14 340 M M 0 19 190
30 93 59 76 1 0 11 0.00 M M 5.3 18 80 M M 1 27 80
31 94 63 79 4 0 14 0.00 M M 4.0 17 330 M M 0 28 320
================================================================================
SM 2907 1868 0 380 0.06 M 162.3 M 32
================================================================================
AV 93.8 60.3 5.2 FASTST M M 1 MAX(MPH)
MISC ----> 36 240 53 270
================================================================================
NOTES:
# LAST OF SEVERAL OCCURRENCES
COLUMN 17 PEAK WIND IN M.P.H.
PRELIMINARY LOCAL CLIMATOLOGICAL DATA (WS FORM: F-6) , PAGE 2
STATION: VERNAL UT
MONTH: JULY
YEAR: 2022
LATITUDE: 40 27 N
LONGITUDE: 109 31 W
[TEMPERATURE DATA] [PRECIPITATION DATA] SYMBOLS USED IN COLUMN 16
AVERAGE MONTHLY: 77.0 TOTAL FOR MONTH: 0.06 1 = FOG OR MIST
DPTR FM NORMAL: 3.0 DPTR FM NORMAL: -0.47 2 = FOG REDUCING VISIBILITY
HIGHEST: 100 ON 9 GRTST 24HR 0.03 ON 24-24 TO 1/4 MILE OR LESS
LOWEST: 54 ON 9 15-15 3 = THUNDER
SNOW, ICE PELLETS, HAIL 4 = ICE PELLETS
TOTAL MONTH: M 5 = HAIL
GRTST 24HR M ON M 6 = FREEZING RAIN OR DRIZZLE
GRTST DEPTH: M ON M 7 = DUSTSTORM OR SANDSTORM:
VSBY 1/2 MILE OR LESS
8 = SMOKE OR HAZE
[NO. OF DAYS WITH] [WEATHER - DAYS WITH] 9 = BLOWING SNOW
X = TORNADO
MAX 32 OR BELOW: 0 0.01 INCH OR MORE: 2
MAX 90 OR ABOVE: 26 0.10 INCH OR MORE: 0
MIN 32 OR BELOW: 0 0.50 INCH OR MORE: 0
MIN 0 OR BELOW: 0 1.00 INCH OR MORE: 0
[HDD (BASE 65) ]
TOTAL THIS MO. 0 CLEAR (SCALE 0-3) 28
DPTR FM NORMAL -1 PTCLDY (SCALE 4-7) 3
TOTAL FM JUL 1 0 CLOUDY (SCALE 8-10) 0
DPTR FM NORMAL 0
[CDD (BASE 65) ]
TOTAL THIS MO. 380
DPTR FM NORMAL 99 [PRESSURE DATA]
TOTAL FM JAN 1 545 HIGHEST SLP M ON M
DPTR FM NORMAL 130 LOWEST SLP 29.65 ON 3
[REMARKS]
#FINAL-07-22#