000
CXUS55 KGJT 011537
CLMVEL
CLIMATE REPORT
NATIONAL WEATHER SERVICE GRAND JUNCTION CO
837 AM MST THU FEB 01 2024
...................................
...THE VERNAL UT CLIMATE SUMMARY FOR THE MONTH OF JANUARY 2024...
CLIMATE NORMAL PERIOD 1991 TO 2020
CLIMATE RECORD PERIOD 9999 TO 9999
WEATHER OBSERVED NORMAL DEPART LAST YEAR`S
VALUE DATE(S) VALUE FROM VALUE DATE(S)
NORMAL
................................................................
TEMPERATURE (F)
HIGHEST 52R 01/30 MM MM 35 01/11
01/31
LOWEST -5 01/12 MM MM -20 01/31
AVG. MAXIMUM 38.9 29.5 9.4 20.7
AVG. MINIMUM 15.4 9.8 5.6 2.7
MEAN 27.1 19.7 7.4 11.7
DAYS MAX >= 90 0 0.0 0.0 0
DAYS MAX <= 32 8 19.3 -11.3 28
DAYS MIN <= 32 29 31.0 -2.0 31
DAYS MIN <= 0 3 7.1 -4.1 16
PRECIPITATION (INCHES)
TOTALS TR 0.59 -0.59 1.16
DAILY AVG. T 0.02 -0.02 0.04
DAYS >= .01 0 6.0 -6.0 10
DAYS >= .10 0 1.9 -1.9 4
DAYS >= .50 0 0.0 0.0 0
DAYS >= 1.00 0 0.0 0.0 0
GREATEST
24 HR. TOTAL T 01/22 TO 01/22 0.42
01/24 TO 01/24
01/26 TO 01/26
SNOWFALL (INCHES)
TOTALS MM MM MM MM
SINCE 7/1 MM MM MM MM
SNOWDEPTH AVG. MM MM
DAYS >= 1.0 MM MM MM MM
GREATEST
SNOW DEPTH MM MM MM
24 HR TOTAL MM MM
DEGREE DAYS
HEATING TOTAL 1161 1406 -245 1644
SINCE 7/1 3727 4268 -541 4743
COOLING TOTAL 0 0 0 0
SINCE 1/1 0 0 0 0
................................................................
WIND (MPH)
AVERAGE WIND SPEED 3.3
HIGHEST WIND SPEED/DIRECTION 32/060 DATE 01/15
HIGHEST GUST SPEED/DIRECTION 43/050 DATE 01/15
SKY COVER
POSSIBLE SUNSHINE (PERCENT) MM
AVERAGE SKY COVER 0.40
NUMBER OF DAYS FAIR 17
NUMBER OF DAYS PC 7
NUMBER OF DAYS CLOUDY 7
AVERAGE RH (PERCENT) 67
WEATHER CONDITIONS. NUMBER OF DAYS WITH
THUNDERSTORM 0 MIXED PRECIP 0
HEAVY RAIN 0 RAIN 0
LIGHT RAIN 3 FREEZING RAIN 0
LT FREEZING RAIN 0 HAIL 0
HEAVY SNOW 0 SNOW 1
LIGHT SNOW 9 SLEET 0
FOG 11 FOG W/VIS <= 1/4 MILE 0
HAZE 4
- INDICATES NEGATIVE NUMBERS.
R INDICATES RECORD WAS SET OR TIED.
MM INDICATES DATA IS MISSING.
T INDICATES TRACE AMOUNT.
$$