000
CXUS55 KVEF 010910
CF6VGT
PRELIMINARY LOCAL CLIMATOLOGICAL DATA (WS FORM: F-6)
STATION: NORTH_LAS_VEGAS NV
MONTH: JUNE
YEAR: 2020
LATITUDE: 36 12 N
LONGITUDE: 115 12 W
TEMPERATURE IN F: :PCPN: SNOW: WIND :SUNSHINE: SKY :PK WND
================================================================================
1 2 3 4 5 6A 6B 7 8 9 10 11 12 13 14 15 16 17 18
12Z AVG MX 2MIN
DY MAX MIN AVG DEP HDD CDD WTR SNW DPTH SPD SPD DIR MIN PSBL S-S WX SPD DR
================================================================================
1 101 72 87 6 0 22 0.00 M M 7.3 22 190 M M 0 29 190
2 102 79 91 10 0 26 0.00 M M 4.4 10 320 M M 0 14 320
3 106 84 95 13 0 30 0.00 M M 7.1 18 360 M M 0 27 10
4 108 80 94 12 0 29 0.00 M M 7.2 21 140 M M 0 26 140
5 104 80 92 10 0 27 0.00 M M 11.4 31 140 M M 0 37 140
6 88 69 79 -3 0 14 0.00 M M 19.0 31 170 M M 0 37 180
7 87 65 76 -7 0 11 0.00 M M 14.8 33 320 M M 0 46 310
8 81 61 71 -12 0 6 0.00 M M 15.1 36 320 M M 0 44 310
9 88 61 75 -8 0 10 0.00 M M 5.5 13 80 M M 0 16 50
10 97 69 83 -1 0 18 0.00 M M 4.4 16 80 M M 0 19 90
11 104 71 88 4 0 23 0.00 M M 6.2 20 120 M M 0 24 130
12 103 71 87 3 0 22 0.00 M M 12.8 29 170 M M 0 37 180
13 91 74 83 -1 0 18 0.00 M M 15.5 28 240 M M 0 34 230
14 95 72 84 -1 0 19 0.00 M M 7.0 15 330 M M 0 19 290
15 101 72 87 2 0 22 0.00 M M 8.2 23 170 M M 0 33 150
16 98 80 89 4 0 24 0.00 M M 17.9 28 200 M M 0 40 200
17 95 76 86 0 0 21 0.00 M M 9.1 25 330 M M 0 32 320
18 96 77 87 1 0 22 0.00 M M 6.4 20 360 M M 0 25 10
19 100 73 87 1 0 22 0.00 M M 4.7 13 150 M M 0 21 170
20 106 75 91 5 0 26 0.00 M M 6.9 20 130 M M 0 23 140
21 107 80 94 7 0 29 0.00 M M 7.1 20 120 M M 0 25 120
22 109 81 95 8 0 30 0.00 M M 6.3 15 160 M M 0 21 180
23 109 82 96 9 0 31 0.00 M M 7.6 18 170 M M 0 22 160
24 107 80 94 6 0 29 0.00 M M 7.8 17 130 M M 0 22 120
25 108 80 94 6 0 29 0.00 M M 11.6 33 320 M M 0 44 330
26 104 84 94 6 0 29 0.00 M M 7.8 20 210 M M 0 25 220
27 109 80 95 7 0 30 0.00 M M 9.0 22 150 M M 0 29 160
28 104 81 93 4 0 28 0.00 M M 23.0 39 200 M M 0 50 180
29 89 75 82 -7 0 17 0.00 M M 9.2 24 280 M M 0 32 200
30 96 73 85 -4 0 20 0.00 M M 8.0 18 320 M M 0 22 320
================================================================================
SM 2993 2257 0 684 0.00 M 288.3 M 0
================================================================================
AV 99.8 75.2 9.6 FASTST M M 0 MAX(MPH)
MISC ----> 39 200 50 180
================================================================================
NOTES:
# LAST OF SEVERAL OCCURRENCES
COLUMN 17 PEAK WIND IN M.P.H.
PRELIMINARY LOCAL CLIMATOLOGICAL DATA (WS FORM: F-6) , PAGE 2
STATION: NORTH_LAS_VEGAS NV
MONTH: JUNE
YEAR: 2020
LATITUDE: 36 12 N
LONGITUDE: 115 12 W
[TEMPERATURE DATA] [PRECIPITATION DATA] SYMBOLS USED IN COLUMN 16
AVERAGE MONTHLY: 87.5 TOTAL FOR MONTH: 0.00 1 = FOG OR MIST
DPTR FM NORMAL: 2.4 DPTR FM NORMAL: -0.09 2 = FOG REDUCING VISIBILITY
HIGHEST: 109 ON 27,23 GRTST 24HR 0.00 ON 1- 1 TO 1/4 MILE OR LESS
LOWEST: 61 ON 9, 8 3 = THUNDER
SNOW, ICE PELLETS, HAIL 4 = ICE PELLETS
TOTAL MONTH: M 5 = HAIL
GRTST 24HR M ON M 6 = FREEZING RAIN OR DRIZZLE
GRTST DEPTH: M ON M 7 = DUSTSTORM OR SANDSTORM:
VSBY 1/2 MILE OR LESS
8 = SMOKE OR HAZE
[NO. OF DAYS WITH] [WEATHER - DAYS WITH] 9 = BLOWING SNOW
X = TORNADO
MAX 32 OR BELOW: 0 0.01 INCH OR MORE: 0
MAX 90 OR ABOVE: 25 0.10 INCH OR MORE: 0
MIN 32 OR BELOW: 0 0.50 INCH OR MORE: 0
MIN 0 OR BELOW: 0 1.00 INCH OR MORE: 0
[HDD (BASE 65) ]
TOTAL THIS MO. 0 CLEAR (SCALE 0-3) 30
DPTR FM NORMAL 0 PTCLDY (SCALE 4-7) 0
TOTAL FM JUL 1 1802 CLOUDY (SCALE 8-10) 0
DPTR FM NORMAL -242
[CDD (BASE 65) ]
TOTAL THIS MO. 684
DPTR FM NORMAL 79 [PRESSURE DATA]
TOTAL FM JAN 1 1379 HIGHEST SLP M ON M
DPTR FM NORMAL 298 LOWEST SLP 29.31 ON 28
[REMARKS]
#FINAL-06-20#