709
CXUS53 KSGF 010710
CF6VIH
PRELIMINARY LOCAL CLIMATOLOGICAL DATA (WS FORM: F-6)
STATION: VICHY-ROLLA MO
MONTH: MARCH
YEAR: 2021
LATITUDE: 38 7 N
LONGITUDE: 91 46 W
TEMPERATURE IN F: :PCPN: SNOW: WIND :SUNSHINE: SKY :PK WND
================================================================================
1 2 3 4 5 6A 6B 7 8 9 10 11 12 13 14 15 16 17 18
12Z AVG MX 2MIN
DY MAX MIN AVG DEP HDD CDD WTR SNW DPTH SPD SPD DIR MIN PSBL S-S WX SPD DR
================================================================================
1 50 27 39 -1 26 0 0.00 M M 4.2 13 340 M M 0 1 18 340
2 57 28 43 3 22 0 0.00 M M 8.9 17 220 M M 0 27 230
3 69 35 52 11 13 0 0.00 M M 9.2 17 260 M M 0 25 250
4 69 30 50 9 15 0 0.00 M M 8.0 17 80 M M 0 25 90
5 50 31 41 -1 24 0 0.00 M M 9.1 16 90 M M 3 23 70
6 59 28 44 2 21 0 0.00 M M 4.0 13 260 M M 5 18 320
7 67 33 50 8 15 0 0.00 M M 9.2 17 220 M M 0 22 210
8 68 40 54 11 11 0 0.00 M M 11.0 22 210 M M 0 8 28 210
9 72 46 59 16 6 0 0.00 M M 15.8 28 190 M M 1 37 200
10 68 58 63 20 2 0 0.00 M M 19.6 31 200 M M 5 44 190
11 63 46 55 11 10 0 0.48 M M 5.8 21 190 M M 10 123 31 190
12 53 44 49 5 16 0 0.86 M M 8.7 20 90 M M 8 13 27 90
13 57 44 51 7 14 0 0.01 M M 10.1 16 90 M M 9 18 22 80
14 53 45 49 4 16 0 0.33 M M 17.1 26 90 M M 9 1 40 100
15 60 43 52 7 13 0 0.25 M M 7.0 36 210 M M 8 123 46 210
16 60 34 47 2 18 0 0.00 M M 7.1 16 70 M M 6 12 21 70
17 53 39 46 0 19 0 0.50 M M 13.1 22 30 M M 8 13 31 290
18 42 36 39 -7 26 0 0.29 M M 16.5 26 330 M M 10 1 35 330
19 53 32 43 -3 22 0 0.00 M M 10.7 20 60 M M 1 27 60
20 63 31 47 0 18 0 0.00 M M 7.7 13 160 M M 0 20 170
21 67 43 55 8 10 0 0.00 M M 13.1 24 190 M M 0 33 180
22 65 44 55 8 10 0 0.00 M M 11.2 21 140 M M 1 29 170
23 62 50 56 8 9 0 0.31 M M 15.3 28 180 M M 8 1 41 160
24 60 45 53 5 12 0 0.00 M M 12.7 29 240 M M 5 39 230
25 52 44 48 0 17 0 0.41 M M 9.1 28 110 M M 7 1 37 110
26 64 35 50 1 15 0 T M M 6.2 16 160 M M 3 1 24 150
27 79 44 62 13 3 0 T M M 11.7 24 300 M M 3 3 35 300
28 55 33 44 -5 21 0 0.00 M M 12.4 24 300 M M 2 35 320
29 70 37 54 4 11 0 0.00 M M 15.5 23 190 M M 0 36 200
30 71 48 60 10 5 0 0.00 M M 14.4 24 190 M M 6 32 180
31 52 34 43 -7 22 0 0.00 M M 11.7 28 300 M M 1 41 290
================================================================================
SM 1883 1207 462 0 3.44 M 336.1 M 119
================================================================================
AV 60.7 38.9 10.8 FASTST M M 4 MAX(MPH)
MISC ----> 36 210 46 210
================================================================================
NOTES:
# LAST OF SEVERAL OCCURRENCES
COLUMN 17 PEAK WIND IN M.P.H.
PRELIMINARY LOCAL CLIMATOLOGICAL DATA (WS FORM: F-6) , PAGE 2
STATION: VICHY-ROLLA MO
MONTH: MARCH
YEAR: 2021
LATITUDE: 38 7 N
LONGITUDE: 91 46 W
[TEMPERATURE DATA] [PRECIPITATION DATA] SYMBOLS USED IN COLUMN 16
AVERAGE MONTHLY: 49.8 TOTAL FOR MONTH: 3.44 1 = FOG OR MIST
DPTR FM NORMAL: 4.5 DPTR FM NORMAL: -0.01 2 = FOG REDUCING VISIBILITY
HIGHEST: 79 ON 27 GRTST 24HR 0.86 ON 12-12 TO 1/4 MILE OR LESS
LOWEST: 27 ON 1 3 = THUNDER
SNOW, ICE PELLETS, HAIL 4 = ICE PELLETS
TOTAL MONTH: M 5 = HAIL
GRTST 24HR M ON M 6 = FREEZING RAIN OR DRIZZLE
GRTST DEPTH: M ON M 7 = DUSTSTORM OR SANDSTORM:
VSBY 1/2 MILE OR LESS
8 = SMOKE OR HAZE
[NO. OF DAYS WITH] [WEATHER - DAYS WITH] 9 = BLOWING SNOW
X = TORNADO
MAX 32 OR BELOW: 0 0.01 INCH OR MORE: 9
MAX 90 OR ABOVE: 0 0.10 INCH OR MORE: 8
MIN 32 OR BELOW: 7 0.50 INCH OR MORE: 2
MIN 0 OR BELOW: 0 1.00 INCH OR MORE: 0
[HDD (BASE 65) ]
TOTAL THIS MO. 462 CLEAR (SCALE 0-3) 16
DPTR FM NORMAL -152 PTCLDY (SCALE 4-7) 10
TOTAL FM JUL 1 4225 CLOUDY (SCALE 8-10) 5
DPTR FM NORMAL -179
[CDD (BASE 65) ]
TOTAL THIS MO. 0
DPTR FM NORMAL -4 [PRESSURE DATA]
TOTAL FM JAN 1 0 HIGHEST SLP M ON M
DPTR FM NORMAL -4 LOWEST SLP 29.51 ON 23
[REMARKS]
#FINAL-03-21#