000
CXUS52 KTAE 010800
CF6VLD
PRELIMINARY LOCAL CLIMATOLOGICAL DATA (WS FORM: F-6)
STATION: VALDOSTA
MONTH: MARCH
YEAR: 2020
LATITUDE: 30 46 N
LONGITUDE: 83 17 W
TEMPERATURE IN F: :PCPN: SNOW: WIND :SUNSHINE: SKY :PK WND
================================================================================
1 2 3 4 5 6A 6B 7 8 9 10 11 12 13 14 15 16 17 18
12Z AVG MX 2MIN
DY MAX MIN AVG DEP HDD CDD WTR SNW DPTH SPD SPD DIR MIN PSBL S-S WX SPD DR
================================================================================
1 69 33 51 -6 14 0 0.00 0.0 0 2.2 12 170 M M 0 1 16 170
2 75 44 60 2 5 0 0.00 0.0 0 6.1 21 180 M M 4 26 180
3 80 61 71 13 0 6 0.47 0.0 0 7.4 16 210 M M 7 13 29 210
4 78 60 69 11 0 4 1.75 0.0 0 5.1 22 10 M M 10 13 29 360
5 74 55 65 7 0 0 0.28 0.0 0 7.4 16 40 M M 9 13 26 210
6 68 47 58 0 7 0 T M 0 5.4 24 360 M M 4 1 31 360
7 61 35 48 -11 17 0 0.00 0.0 0 8.2 20 10 M M 1 24 10
8 70 35 53 -6 12 0 0.00 0.0 0 4.8 13 130 M M 1 20 140
9 76 48 62 3 3 0 0.00 0.0 0 5.1 16 160 M M 3 21 150
10 78 55 67 8 0 2 0.00 0.0 0 3.1 15 180 M M 1 19 170
11 81 51 66 7 0 1 0.00 0.0 0 2.7 12 180 M M 4 18 16 200
12 83 56 70 10 0 5 0.00 0.0 0 2.5 9 190 M M 3 12 14 210
13 82 60 71 11 0 6 0.00 0.0 0 1.1 7 320 M M 4 13 310
14 86 55 71 11 0 6 0.00 0.0 0 1.2 9 160 M M 0 1 12 170
15 87 58 73 13 0 8 0.00 0.0 0 1.7 9 10 M M 1 13 360
16 76 64 70 10 0 5 T 0.0 0 6.6 13 100 M M 7 20 110
17 82 63 73 13 0 8 0.03 0.0 0 5.4 14 190 M M 8 138 17 180
18 87 60 74 14 0 9 T 0.0 0 3.9 15 170 M M 3 12 19 160
19 88 59 74 13 0 9 0.00 0.0 0 4.8 18 170 M M 1 1 35 170
20 87 59 73 12 0 8 0.00 0.0 0 3.1 10 190 M M 3 1 18 190
21 84 58 71 10 0 6 0.00 0.0 0 1.3 12 190 M M 7 12 15 190
22 86 63 75 14 0 10 0.00 0.0 0 5.3 15 170 M M 2 1 20 180
23 84 64 74 13 0 9 0.00 0.0 0 5.1 10 110 M M 6 18 15 140
24 86 64 75 14 0 10 0.00 0.0 0 5.5 15 200 M M 6 1 24 190
25 89 68 79 17 0 14 0.00 0.0 0 4.3 10 260 M M 6 18 220
26 89 59 74 12 0 9 0.00 0.0 0 2.4 10 100 M M 1 1 18 110
27 88 63 76 14 0 11 0.00 0.0 0 3.6 10 190 M M 5 1 17 190
28 90 64 77 15 0 12 0.00 0.0 0 4.3 15 200 M M 4 128 22 180
29 88 65 77 15 0 12 0.00 0.0 0 3.6 12 180 M M 3 1 18 180
30 88 61 75 13 0 10 0.00 0.0 0 1.3 16 10 M M 1 128 19 20
31 84 59 72 10 0 7 1.54 0.0 0 4.2 23 190 M M 6 138 31 210
================================================================================
SM 2524 1746 58 187 4.07 0.0 128.7 M 121
================================================================================
AV 81.4 56.3 4.2 FASTST M M 4 MAX(MPH)
MISC ----> # 24 360 # 35 170
================================================================================
NOTES:
# LAST OF SEVERAL OCCURRENCES
COLUMN 17 PEAK WIND IN M.P.H.
PRELIMINARY LOCAL CLIMATOLOGICAL DATA (WS FORM: F-6) , PAGE 2
STATION: VALDOSTA
MONTH: MARCH
YEAR: 2020
LATITUDE: 30 46 N
LONGITUDE: 83 17 W
[TEMPERATURE DATA] [PRECIPITATION DATA] SYMBOLS USED IN COLUMN 16
AVERAGE MONTHLY: 68.9 TOTAL FOR MONTH: 4.07 1 = FOG OR MIST
DPTR FM NORMAL: 8.8 DPTR FM NORMAL: -0.80 2 = FOG REDUCING VISIBILITY
HIGHEST: 90 ON 28 GRTST 24HR 1.75 ON 4- 4 TO 1/4 MILE OR LESS
LOWEST: 33 ON 1 3 = THUNDER
SNOW, ICE PELLETS, HAIL 4 = ICE PELLETS
TOTAL MONTH: 0.0 INCH 5 = HAIL
GRTST 24HR 0.0 6 = FREEZING RAIN OR DRIZZLE
GRTST DEPTH: 0 7 = DUSTSTORM OR SANDSTORM:
VSBY 1/2 MILE OR LESS
8 = SMOKE OR HAZE
[NO. OF DAYS WITH] [WEATHER - DAYS WITH] 9 = BLOWING SNOW
X = TORNADO
MAX 32 OR BELOW: 0 0.01 INCH OR MORE: 5
MAX 90 OR ABOVE: 1 0.10 INCH OR MORE: 4
MIN 32 OR BELOW: 0 0.50 INCH OR MORE: 2
MIN 0 OR BELOW: 0 1.00 INCH OR MORE: 2
[HDD (BASE 65) ]
TOTAL THIS MO. 58 CLEAR (SCALE 0-3) 14
DPTR FM NORMAL -128 PTCLDY (SCALE 4-7) 15
TOTAL FM JUL 1 1115 CLOUDY (SCALE 8-10) 2
DPTR FM NORMAL -451
[CDD (BASE 65) ]
TOTAL THIS MO. 187
DPTR FM NORMAL 154 [PRESSURE DATA]
TOTAL FM JAN 1 276 HIGHEST SLP 30.60 ON 8
DPTR FM NORMAL 233 LOWEST SLP 29.65 ON 31
[REMARKS]
#FINAL-03-20#