000
CXUS52 KFFC 011010
CF6VPC
PRELIMINARY LOCAL CLIMATOLOGICAL DATA (WS FORM: F-6)
STATION: CARTERSVILLE
MONTH: MAY
YEAR: 2021
LATITUDE: 34 7 N
LONGITUDE: 84 51 W
TEMPERATURE IN F: :PCPN: SNOW: WIND :SUNSHINE: SKY :PK WND
================================================================================
1 2 3 4 5 6A 6B 7 8 9 10 11 12 13 14 15 16 17 18
12Z AVG MX 2MIN
DY MAX MIN AVG DEP HDD CDD WTR SNW DPTH SPD SPD DIR MIN PSBL S-S WX SPD DR
================================================================================
1 79 48 64 0 1 0 0.00 0.0 M 1.3 8 280 M M 1 M M
2 82 52 67 2 0 2 0.00 M M 4.0 10 150 M M 3 18 99
3 75 66 71 6 0 6 1.85 0.0 M 3.7 14 180 M M 8 1 15 99
4 75 63 69 4 0 4 2.18 0.0 M 5.1 13 110 M M 9 1 22 110
5 75 57 66 1 0 1 0.01 0.0 M 4.6 15 M M M 7 12 21 M
6 72 48 60 -6 5 0 0.00 0.0 M 4.9 16 290 M M 1 33 280
7 68 46 57 -9 8 0 0.00 0.0 M 5.0 12 330 M M 2 22 330
8 73 45 59 -7 6 0 0.00 M M 2.6 10 270 M M 5 15 99
9 84 50 67 1 0 2 0.44 M M 6.2 17 190 M M 2 1 24 210
10 72 61 67 0 0 2 0.25 M M 4.0 12 180 M M 9 1 20 180
11 70 57 64 -3 1 0 0.00 0.0 M 1.8 8 250 M M 5 14 99
12 61 50 56 -11 9 0 0.21 M M 4.4 13 60 M M 10 1 17 99
13 52 46 49 -19 16 0 0.00 M M 0.7 4 120 M M 3 M M
14 73 45 59 -9 6 0 0.00 M M 1.8 7 260 M M 1 2 M M
15 77 48 63 -5 2 0 0.00 M M 1.6 7 280 M M 2 M M
16 81 52 67 -1 0 2 0.00 0.0 M 2.4 7 200 M M 2 M M
17 82 68 75 6 0 10 0.00 0.0 M 4.7 9 150 M M 2 15 170
18 79 64 72 3 0 7 0.00 0.0 M 5.2 10 100 M M 5 21 100
19 81 66 74 5 0 9 0.00 0.0 M 8.8 16 100 M M 4 22 100
20 82 63 73 4 0 8 0.00 0.0 M 6.9 13 110 M M 5 23 100
21 86 57 72 2 0 7 0.00 M M 3.6 9 130 M M 2 1 16 80
22 84 61 73 3 0 8 0.00 M M 1.5 6 99 M M 2 M M
23 88 59 74 4 0 9 0.00 M M 1.7 7 270 M M 2 16 99
24 88 61 75 5 0 10 0.00 M M 0.8 6 290 M M 1 1 M M
25 90 63 77 6 0 12 0.00 M M 1.5 7 290 M M 2 1 13 290
26 88 63 76 5 0 11 0.00 M M 2.3 10 270 M M 1 1 15 99
27 86 66 76 5 0 11 0.00 M M 2.6 10 220 M M 5 8 15 180
28 84 66 75 3 0 10 1.00 M M 4.3 12 240 M M 5 12 27 0
29 73 57 65 -7 0 0 0.00 M M 7.5 13 290 M M 6 20 290
30 73 54 64 -8 1 0 0.00 M M 5.4 10 320 M M 4 20 320
31 79 50 65 -7 0 0 0.00 M M 2.3 9 140 M M 4 13 90
================================================================================
SM 2412 1752 55 131 5.94 0.0 113.3 M 120
================================================================================
AV 77.8 56.5 3.7 FASTST M M 4 MAX(MPH)
MISC ----> 17 190 33 280
================================================================================
NOTES:
# LAST OF SEVERAL OCCURRENCES
COLUMN 17 PEAK WIND IN M.P.H.
PRELIMINARY LOCAL CLIMATOLOGICAL DATA (WS FORM: F-6) , PAGE 2
STATION: CARTERSVILLE
MONTH: MAY
YEAR: 2021
LATITUDE: 34 7 N
LONGITUDE: 84 51 W
[TEMPERATURE DATA] [PRECIPITATION DATA] SYMBOLS USED IN COLUMN 16
AVERAGE MONTHLY: 67.2 TOTAL FOR MONTH: 5.94 1 = FOG OR MIST
DPTR FM NORMAL: -1.1 DPTR FM NORMAL: 2.27 2 = FOG REDUCING VISIBILITY
HIGHEST: 90 ON 25 GRTST 24HR 2.18 ON 4- 4 TO 1/4 MILE OR LESS
LOWEST: 45 ON 14, 8 3 = THUNDER
SNOW, ICE PELLETS, HAIL 4 = ICE PELLETS
TOTAL MONTH: 0.0 INCH 5 = HAIL
GRTST 24HR 0.0 6 = FREEZING RAIN OR DRIZZLE
GRTST DEPTH: M ON M 7 = DUSTSTORM OR SANDSTORM:
VSBY 1/2 MILE OR LESS
8 = SMOKE OR HAZE
[NO. OF DAYS WITH] [WEATHER - DAYS WITH] 9 = BLOWING SNOW
X = TORNADO
MAX 32 OR BELOW: 0 0.01 INCH OR MORE: 7
MAX 90 OR ABOVE: 1 0.10 INCH OR MORE: 6
MIN 32 OR BELOW: 0 0.50 INCH OR MORE: 3
MIN 0 OR BELOW: 0 1.00 INCH OR MORE: 2
[HDD (BASE 65) ]
TOTAL THIS MO. 55 CLEAR (SCALE 0-3) 15
DPTR FM NORMAL 13 PTCLDY (SCALE 4-7) 13
TOTAL FM JUL 1 2614 CLOUDY (SCALE 8-10) 3
DPTR FM NORMAL -501
[CDD (BASE 65) ]
TOTAL THIS MO. 131
DPTR FM NORMAL -15 [PRESSURE DATA]
TOTAL FM JAN 1 188 HIGHEST SLP M ON M
DPTR FM NORMAL 4 LOWEST SLP M ON M
[REMARKS]
#FINAL-05-21#