000
CXUS52 KMLB 010624
CF6VRB
PRELIMINARY LOCAL CLIMATOLOGICAL DATA (WS FORM: F-6)
STATION: VERO BEACH
MONTH: JUNE
YEAR: 2021
LATITUDE: 27 39 N
LONGITUDE: 80 25 W
TEMPERATURE IN F: :PCPN: SNOW: WIND :SUNSHINE: SKY :PK WND
================================================================================
1 2 3 4 5 6A 6B 7 8 9 10 11 12 13 14 15 16 17 18
12Z AVG MX 2MIN
DY MAX MIN AVG DEP HDD CDD WTR SNW DPTH SPD SPD DIR MIN PSBL S-S WX SPD DR
================================================================================
1 85 73 79 0 0 14 0.25 0.0 0 9.7 17 80 M M 4 1 24 70
2 86 70 78 -1 0 13 0.50 0.0 0 7.2 22 110 M M 5 18 29 90
3 85 72 79 0 0 14 0.31 0.0 0 8.4 21 130 M M 4 138 26 130
4 87 71 79 -1 0 14 T 0.0 0 9.3 21 130 M M 4 3 24 120
5 88 72 80 0 0 15 0.00 0.0 0 11.3 22 120 M M 2 1 26 130
6 89 78 84 4 0 19 T 0.0 0 14.2 24 130 M M 3 1 31 130
7 88 73 81 1 0 16 0.00 0.0 0 11.4 20 130 M M 1 25 140
8 88 71 80 0 0 15 0.00 0.0 0 9.4 20 140 M M 3 1 26 140
9 88 76 82 2 0 17 0.00 0.0 0 9.9 16 120 M M 1 19 120
10 88 70 79 -1 0 14 0.00 0.0 0 8.8 18 140 M M 1 23 130
11 91 74 83 3 0 18 0.00 0.0 0 9.7 22 130 M M 2 3 26 130
12 93 75 84 4 0 19 0.03 0.0 0 6.3 20 130 M M 3 13 23 330
13 95 74 85 5 0 20 T 0.0 0 7.4 21 350 M M 2 3 23 350
14 94 75 85 4 0 20 0.01 0.0 0 9.4 22 210 M M 2 3 29 160
15 92 74 83 2 0 18 0.27 0.0 0 9.7 35 250 M M 2 13 41 270
16 89 71 80 -1 0 15 1.68 0.0 0 7.9 24 320 M M 4 13 34 320
17 88 71 80 -1 0 15 0.04 0.0 0 4.3 15 220 M M 2 18 240
18 88 73 81 0 0 16 0.00 0.0 0 5.2 13 120 M M 1 16 110
19 89 78 84 3 0 19 T 0.0 0 10.9 21 140 M M 2 13 25 150
20 94 72 83 2 0 18 0.67 0.0 0 6.4 20 320 M M 4 138 25 320
21 93 74 84 3 0 19 0.28 0.0 0 7.0 24 200 M M 2 138 31 210
22 93 73 83 2 0 18 0.05 0.0 0 6.8 22 130 M M 3 3 30 130
23 88 73 81 0 0 16 T 0.0 0 5.0 17 270 M M 2 3 22 250
24 88 69 79 -2 0 14 T 0.0 0 5.3 15 80 M M 1 3 19 120
25 86 73 80 -1 0 15 0.06 0.0 0 7.8 16 90 M M 2 13 24 90
26 87 77 82 1 0 17 0.06 0.0 0 7.4 20 110 M M 3 13 25 120
27 87 77 82 1 0 17 T 0.0 0 9.4 18 120 M M 2 23 90
28 88 77 83 2 0 18 0.00 0.0 0 8.2 16 110 M M 2 20 120
29 86 74 80 -2 0 15 0.44 0.0 M 7.6 20 100 M M 3 13 30 100
30 88 73 81 -1 0 16 T 0.0 0 6.7 18 140 M M 3 18 24 130
================================================================================
SM 2669 2203 0 494 4.65 0.0 248.0 M 75
================================================================================
AV 89.0 73.4 8.3 FASTST M M 3 MAX(MPH)
MISC ----> 35 250 41 270
================================================================================
NOTES:
# LAST OF SEVERAL OCCURRENCES
COLUMN 17 PEAK WIND IN M.P.H.
PRELIMINARY LOCAL CLIMATOLOGICAL DATA (WS FORM: F-6) , PAGE 2
STATION: VERO BEACH
MONTH: JUNE
YEAR: 2021
LATITUDE: 27 39 N
LONGITUDE: 80 25 W
[TEMPERATURE DATA] [PRECIPITATION DATA] SYMBOLS USED IN COLUMN 16
AVERAGE MONTHLY: 81.2 TOTAL FOR MONTH: 4.65 1 = FOG OR MIST
DPTR FM NORMAL: 0.6 DPTR FM NORMAL: -2.11 2 = FOG REDUCING VISIBILITY
HIGHEST: 95 ON 13 GRTST 24HR 1.72 ON 16-17 TO 1/4 MILE OR LESS
LOWEST: 69 ON 24 3 = THUNDER
SNOW, ICE PELLETS, HAIL 4 = ICE PELLETS
TOTAL MONTH: 0.0 INCH 5 = HAIL
GRTST 24HR 0.0 6 = FREEZING RAIN OR DRIZZLE
GRTST DEPTH: 0 7 = DUSTSTORM OR SANDSTORM:
VSBY 1/2 MILE OR LESS
8 = SMOKE OR HAZE
[NO. OF DAYS WITH] [WEATHER - DAYS WITH] 9 = BLOWING SNOW
X = TORNADO
MAX 32 OR BELOW: 0 0.01 INCH OR MORE: 14
MAX 90 OR ABOVE: 8 0.10 INCH OR MORE: 8
MIN 32 OR BELOW: 0 0.50 INCH OR MORE: 3
MIN 0 OR BELOW: 0 1.00 INCH OR MORE: 1
[HDD (BASE 65) ]
TOTAL THIS MO. 0 CLEAR (SCALE 0-3) 23
DPTR FM NORMAL 0 PTCLDY (SCALE 4-7) 7
TOTAL FM JUL 1 359 CLOUDY (SCALE 8-10) 0
DPTR FM NORMAL -40
[CDD (BASE 65) ]
TOTAL THIS MO. 494
DPTR FM NORMAL 28 [PRESSURE DATA]
TOTAL FM JAN 1 1497 HIGHEST SLP M ON M
DPTR FM NORMAL 144 LOWEST SLP 29.84 ON 13
[REMARKS]
#FINAL-06-21#