000
CXUS51 KBTV 110242
CF6VSF
PRELIMINARY LOCAL CLIMATOLOGICAL DATA (WS FORM: F-6)
STATION: SPRINGFIELD VT
MONTH: APRIL
YEAR: 2021
LATITUDE: 43 19 N
LONGITUDE: 72 31 W
TEMPERATURE IN F: :PCPN: SNOW: WIND :SUNSHINE: SKY :PK WND
================================================================================
1 2 3 4 5 6A 6B 7 8 9 10 11 12 13 14 15 16 17 18
12Z AVG MX 2MIN
DY MAX MIN AVG DEP HDD CDD WTR SNW DPTH SPD SPD DIR MIN PSBL S-S WX SPD DR
================================================================================
1 49 26 38 1 27 0 0.06 M M 7.9 18 330 M M 10 1 28 330
2 31 22 27 -11 38 0 T M M 5.8 17 270 M M 9 29 280
3 48 16 32 -6 33 0 0.00 M M 4.0 16 260 M M 1 23 260
4 56 20 38 -1 27 0 0.00 M M 4.6 18 270 M M 2 26 270
5 55 42 49 10 16 0 0.00 M M 11.7 25 300 M M 0 39 280
6 63 38 51 11 14 0 0.00 M M 5.6 15 350 M M 2 23 320
7 67 37 52 12 13 0 0.00 M M 4.0 14 10 M M 3 20 360
8 72 36 54 14 11 0 0.00 M M 1.1 9 120 M M 0 14 280
9 74 37 56 15 9 0 0.00 M M 3.1 14 150 M M 0 19 140
10 77 48 63 22 2 0 0.00 M M 1.9 10 310 M M 4 17 310
11 68 42 55 13 10 0 0.00 M M 4.7 20 160 M M 0 24 160
12 55 36 46 4 19 0 T M M 4.0 17 80 M M 7 128 22 100
13 66 35 51 8 14 0 0.00 M M 2.6 13 90 M M 8 12 18 60
14 70 48 59 16 6 0 T M M 2.1 12 130 M M 8 16 130
15 52 32 42 -2 23 0 0.87 M M 2.4 13 110 M M 10 1 18 90
16 38 32 35 -9 30 0 0.75 M M 3.5 9 360 M M 10 1 14 360
17 48 32 40 -4 25 0 T M M 3.5 13 340 M M 10 128 19 340
18 58 30 44 -1 21 0 0.00 M M 3.0 15 260 M M 9 128 21 280
19 62 36 49 4 16 0 0.00 M M 2.8 16 250 M M 5 18 21 250
20 63 32 48 2 17 0 0.04 M M 5.5 29 270 M M 6 18 39 290
21 48 30 39 -7 26 0 0.23 M M 3.6 16 270 M M 10 1238 24 320
22 40 27 34 -13 31 0 0.01 M M 11.1 26 290 M M 9 8 38 330
23 57 34 46 -1 19 0 0.00 M M 9.6 25 260 M M 4 37 260
24 68 32 50 2 15 0 0.00 M M 5.1 20 250 M M 1 27 260
25 60 42 51 3 14 0 T M M 2.6 18 280 M M 6 18 27 270
26 51 35 43 -6 22 0 T M M 10.4 25 290 M M 4 37 330
27 64 33 49 0 16 0 0.10 M M 5.1 18 270 M M 3 24 270
28 61 45 53 4 12 0 0.56 M M 1.2 10 280 M M 9 13 12 280
29 54 50 52 2 13 0 0.86 M M 1.8 7 50 M M 10 1 10 40
30 57 37 47 -3 18 0 0.39 M M 10.8 25 270 M M 10 1 41 310
================================================================================
SM 1732 1042 557 0 3.87 M 145.1 M 170
================================================================================
AV 57.7 34.7 4.8 FASTST M M 6 MAX(MPH)
MISC ----> 29 270 41 310
================================================================================
NOTES:
# LAST OF SEVERAL OCCURRENCES
COLUMN 17 PEAK WIND IN M.P.H.
PRELIMINARY LOCAL CLIMATOLOGICAL DATA (WS FORM: F-6) , PAGE 2
STATION: SPRINGFIELD VT
MONTH: APRIL
YEAR: 2021
LATITUDE: 43 19 N
LONGITUDE: 72 31 W
[TEMPERATURE DATA] [PRECIPITATION DATA] SYMBOLS USED IN COLUMN 16
AVERAGE MONTHLY: 46.2 TOTAL FOR MONTH: 3.87 1 = FOG OR MIST
DPTR FM NORMAL: 2.4 DPTR FM NORMAL: 0.52 2 = FOG REDUCING VISIBILITY
HIGHEST: 77 ON 10 GRTST 24HR 1.44 ON 15-16 TO 1/4 MILE OR LESS
LOWEST: 16 ON 3 3 = THUNDER
SNOW, ICE PELLETS, HAIL 4 = ICE PELLETS
TOTAL MONTH: M 5 = HAIL
GRTST 24HR M ON M 6 = FREEZING RAIN OR DRIZZLE
GRTST DEPTH: M ON M 7 = DUSTSTORM OR SANDSTORM:
VSBY 1/2 MILE OR LESS
8 = SMOKE OR HAZE
[NO. OF DAYS WITH] [WEATHER - DAYS WITH] 9 = BLOWING SNOW
X = TORNADO
MAX 32 OR BELOW: 1 0.01 INCH OR MORE: 10
MAX 90 OR ABOVE: 0 0.10 INCH OR MORE: 7
MIN 32 OR BELOW: 12 0.50 INCH OR MORE: 4
MIN 0 OR BELOW: 0 1.00 INCH OR MORE: 0
[HDD (BASE 65) ]
TOTAL THIS MO. 557 CLEAR (SCALE 0-3) 8
DPTR FM NORMAL -80 PTCLDY (SCALE 4-7) 11
TOTAL FM JUL 1 6556 CLOUDY (SCALE 8-10) 11
DPTR FM NORMAL -477
[CDD (BASE 65) ]
TOTAL THIS MO. 0
DPTR FM NORMAL -1 [PRESSURE DATA]
TOTAL FM JAN 1 0 HIGHEST SLP 30.32 ON 3
DPTR FM NORMAL -1 LOWEST SLP 29.25 ON 30
[REMARKS]
#FINAL-04-21#