000
CXUS51 KBTV 010800
CF6VSF
PRELIMINARY LOCAL CLIMATOLOGICAL DATA (WS FORM: F-6)
STATION: SPRINGFIELD VT
MONTH: JANUARY
YEAR: 2024
LATITUDE: 43 19 N
LONGITUDE: 72 31 W
TEMPERATURE IN F: :PCPN: SNOW: WIND :SUNSHINE: SKY :PK WND
================================================================================
1 2 3 4 5 6A 6B 7 8 9 10 11 12 13 14 15 16 17 18
12Z AVG MX 2MIN
DY MAX MIN AVG DEP HDD CDD WTR SNW DPTH SPD SPD DIR MIN PSBL S-S WX SPD DR
================================================================================
1 31 18 25 3 40 0 T M M 4.0 13 300 M M 6 1 17 310
2 39 15 27 5 38 0 0.00 M M 1.0 8 180 M M 1 18 11 200
3 36 23 30 8 35 0 0.00 M M 0.4 6 180 M M 9 1 7 200
4 39 18 29 7 36 0 T M M 5.4 16 290 M M 6 18 24 310
5 31 14 23 1 42 0 0.00 M M 4.9 14 270 M M 6 19 260
6 33 26 30 9 35 0 0.04 M M 4.7 16 100 M M 10 1 24 100
7 26 22 24 3 41 0 0.43 M M 1.7 12 60 M M 10 12 17 50
8 36 19 28 7 37 0 T M M 3.7 18 290 M M 5 1 25 280
9 38 16 27 6 38 0 1.01 M M 0.8 8 120 M M 6 12 11 130
10 46 33 40 19 25 0 1.26 M M 6.7 22 260 M M 10 1 31 280
11 39 31 35 14 30 0 T M M 6.1 20 270 M M 10 1 27 290
12 44 28 36 16 29 0 T M M 2.4 12 90 M M 4 1 15 90
13 42 34 38 18 27 0 0.80 M M 5.4 25 250 M M 10 12 41 230
14 35 22 29 9 36 0 T M M 10.4 24 270 M M 8 18 33 260
15 26 12 19 -1 46 0 0.00 M M 2.9 14 260 M M 1 8 19 260
16 23 14 19 -1 46 0 0.28 M M 2.1 14 310 M M 9 12 22 320
17 21 6 14 -6 51 0 T M M 5.8 17 270 M M 4 8 24 270
18 27 5 16 -4 49 0 T M M 3.3 15 270 M M 6 8 20 250
19 24 8 16 -4 49 0 0.00 M M 4.2 13 280 M M 4 18 18 280
20 12 8 10 -10 55 0 T M M 7.3 13 280 M M 6 8 22 300
21 20 8 14 -6 51 0 0.00 M M 7.8 17 320 M M 2 8 29 310
22 36 1 19 -1 46 0 0.00 M M 3.4 12 320 M M 3 1 16 320
23 38 30 34 14 31 0 T T M 4.7 21 310 M M 10 1 30 310
24 34 29 32 12 33 0 0.27 M M 1.8 7 140 M M 10 1 9 150
25 42 33 38 18 27 0 0.07 M M 0.7 8 160 M M 10 1 10 160
26 37 33 35 15 30 0 0.69 M M 0.2 5 300 M M 10 1 5 290
27 41 31 36 16 29 0 0.01 M M 0.9 9 280 M M 10 12 12 280
28 37 32 35 15 30 0 0.07 M M 0.8 7 70 M M 10 1 10 60
29 35 29 32 12 33 0 T M M 6.1 14 320 M M 10 1 21 340
30 31 26 29 9 36 0 0.00 M M 2.6 10 160 M M 10 12 140
31 32 25 29 9 36 0 0.00 M M 2.0 8 160 M M 10 1 10 170
================================================================================
SM 1031 649 1167 0 4.93 T 114.2 M 226
================================================================================
AV 33.3 20.9 3.7 FASTST M M 7 MAX(MPH)
MISC ----> 25 250 41 230
================================================================================
NOTES:
# LAST OF SEVERAL OCCURRENCES
COLUMN 17 PEAK WIND IN M.P.H.
PRELIMINARY LOCAL CLIMATOLOGICAL DATA (WS FORM: F-6) , PAGE 2
STATION: SPRINGFIELD VT
MONTH: JANUARY
YEAR: 2024
LATITUDE: 43 19 N
LONGITUDE: 72 31 W
[TEMPERATURE DATA] [PRECIPITATION DATA] SYMBOLS USED IN COLUMN 16
AVERAGE MONTHLY: 27.1 TOTAL FOR MONTH: 4.93 1 = FOG OR MIST
DPTR FM NORMAL: 6.6 DPTR FM NORMAL: 2.13 2 = FOG REDUCING VISIBILITY
HIGHEST: 46 ON 10 GRTST 24HR 1.26 ON 10-10 TO 1/4 MILE OR LESS
LOWEST: 1 ON 22 3 = THUNDER
SNOW, ICE PELLETS, HAIL 4 = ICE PELLETS
TOTAL MONTH: T 5 = HAIL
GRTST 24HR T ON 23-23 6 = FREEZING RAIN OR DRIZZLE
GRTST DEPTH: M ON M 7 = DUSTSTORM OR SANDSTORM:
VSBY 1/2 MILE OR LESS
8 = SMOKE OR HAZE
[NO. OF DAYS WITH] [WEATHER - DAYS WITH] 9 = BLOWING SNOW
X = TORNADO
MAX 32 OR BELOW: 12 0.01 INCH OR MORE: 11
MAX 90 OR ABOVE: 0 0.10 INCH OR MORE: 7
MIN 32 OR BELOW: 27 0.50 INCH OR MORE: 4
MIN 0 OR BELOW: 0 1.00 INCH OR MORE: 2
[HDD (BASE 65) ]
TOTAL THIS MO. 1167 CLEAR (SCALE 0-3) 3
DPTR FM NORMAL -212 PTCLDY (SCALE 4-7) 11
TOTAL FM JUL 1 3433 CLOUDY (SCALE 8-10) 17
DPTR FM NORMAL -748
[CDD (BASE 65) ]
TOTAL THIS MO. 0
DPTR FM NORMAL 0 [PRESSURE DATA]
TOTAL FM JAN 1 0 HIGHEST SLP 30.60 ON 24
DPTR FM NORMAL 0 LOWEST SLP 28.93 ON 10
[REMARKS]
#FINAL-01-24#