000
CXUS53 KLBF 010925
CLMVTN
CLIMATE REPORT
NATIONAL WEATHER SERVICE NORTH PLATTE NE
425 AM CDT SAT JUL 01 2023
...................................
...THE VALENTINE CLIMATE SUMMARY FOR THE MONTH OF JUNE 2023...
CLIMATE NORMAL PERIOD 1991 TO 2020
CLIMATE RECORD PERIOD 1885 TO 2023
WEATHER OBSERVED NORMAL DEPART LAST YEAR`S
VALUE DATE(S) VALUE FROM VALUE DATE(S)
NORMAL
................................................................
TEMPERATURE (F)
RECORD
HIGH 110 06/24/1988
LOW 30 06/14/1969
HIGHEST 95 06/19 99 -4 104 06/29
LOWEST 44 06/12 40 4 41 06/02
AVG. MAXIMUM 81.8 83.0 -1.2 85.5
AVG. MINIMUM 56.3 54.9 1.4 56.0
MEAN 69.1 69.0 0.1 70.7
DAYS MAX >= 90 2 6.3 -4.3 11
DAYS MAX <= 32 0 0.0 0.0 0
DAYS MIN <= 32 0 0.0 0.0 0
DAYS MIN <= 0 0 0.0 0.0 0
PRECIPITATION (INCHES)
RECORD
MAXIMUM 8.63 2014
MINIMUM 0.32 1918
TOTALS 5.81 3.96 1.85 1.53
DAILY AVG. 0.19 0.13 0.06 0.05
DAYS >= .01 10 11.2 -1.2 8
DAYS >= .10 8 6.4 1.6 4
DAYS >= .50 3 2.6 0.4 1
DAYS >= 1.00 2 1.0 1.0 0
GREATEST
24 HR. TOTAL 2.53 06/10 TO 06/10 0.83 06/05 TO 06/05
SNOWFALL (INCHES)
RECORDS
TOTAL T 2002
TOTALS 0.0 0.0 0.0 0.0
SINCE 7/1 65.8 34.2 31.6 MM
SNOWDEPTH AVG. 0 0
DAYS >= 1.0 0 0.0 0.0 0
GREATEST
SNOW DEPTH 0 0 MM
24 HR TOTAL 0.0
DEGREE DAYS
HEATING TOTAL 27 47 -20 29
SINCE 7/1 7365 6691 674 MM
COOLING TOTAL 156 165 -9 209
SINCE 1/1 214 204 10 MM
................................................................
WIND (MPH)
AVERAGE WIND SPEED 8.1
HIGHEST WIND SPEED/DIRECTION 37/340 DATE 06/24
HIGHEST GUST SPEED/DIRECTION 58/350 DATE 06/27
SKY COVER
POSSIBLE SUNSHINE (PERCENT) MM
AVERAGE SKY COVER 0.24
NUMBER OF DAYS FAIR 22
NUMBER OF DAYS PC 7
NUMBER OF DAYS CLOUDY 1
AVERAGE RH (PERCENT) 66
WEATHER CONDITIONS. NUMBER OF DAYS WITH
THUNDERSTORM 15 MIXED PRECIP 0
HEAVY RAIN 7 RAIN 5
LIGHT RAIN 14 FREEZING RAIN 0
LT FREEZING RAIN 0 HAIL 0
HEAVY SNOW 0 SNOW 0
LIGHT SNOW 0 SLEET 0
FOG 15 FOG W/VIS <= 1/4 MILE 1
HAZE 6
- INDICATES NEGATIVE NUMBERS.
R INDICATES RECORD WAS SET OR TIED.
MM INDICATES DATA IS MISSING.
T INDICATES TRACE AMOUNT.
$$