000
CXUS56 KLOX 011155
CF6WJF
PRELIMINARY LOCAL CLIMATOLOGICAL DATA (WS FORM: F-6)
STATION: LANCASTER FOX FIELD CA
MONTH: AUGUST
YEAR: 2022
LATITUDE: 34 43 N
LONGITUDE: 118 13 W
TEMPERATURE IN F: :PCPN: SNOW: WIND :SUNSHINE: SKY :PK WND
================================================================================
1 2 3 4 5 6A 6B 7 8 9 10 11 12 13 14 15 16 17 18
12Z AVG MX 2MIN
DY MAX MIN AVG DEP HDD CDD WTR SNW DPTH SPD SPD DIR MIN PSBL S-S WX SPD DR
================================================================================
1 99 74 87 4 0 22 0.00 M M 10.2 23 240 M M 1 30 240
2 99 74 87 4 0 22 0.00 M M 11.9 25 220 M M 0 31 240
3 104 80 92 9 0 27 0.00 M M 11.5 26 220 M M 1 32 220
4 101 78 90 7 0 25 T M M 10.7 23 270 M M 1 3 28 280
5 96 74 85 2 0 20 0.00 M M 11.0 24 250 M M 1 28 250
6 101 66 84 2 0 19 0.00 M M 7.3 21 230 M M 0 26 240
7 105 63 84 2 0 19 0.00 M M 7.6 25 250 M M 0 31 250
8 103 70 87 5 0 22 0.00 M M 9.2 26 220 M M 0 34 220
9 100 79 90 8 0 25 0.00 M M 13.2 25 240 M M 0 32 230
10 98 71 85 3 0 20 0.00 M M 12.7 25 260 M M 0 31 220
11 103 72 88 6 0 23 0.00 M M 10.9 23 250 M M 0 30 250
12 105 68 87 5 0 22 0.00 M M 11.0 24 270 M M 0 29 270
13 104 70 87 5 0 22 0.00 M M 11.3 24 280 M M 0 29 280
14 104 71 88 6 0 23 0.00 M M 11.4 24 240 M M 0 29 250
15 106 66 86 4 0 21 0.00 M M 7.7 22 240 M M 0 26 250
16 107 66 87 5 0 22 0.00 M M 8.0 25 220 M M 0 30 220
17 105 76 91 10 0 26 0.00 M M 12.1 26 240 M M 0 33 240
18 106 74 90 9 0 25 0.00 M M 11.0 25 240 M M 0 32 240
19 106 77 92 11 0 27 0.00 M M 11.7 30 270 M M 0 35 270
20 103 74 89 8 0 24 0.00 M M 13.9 26 240 M M 0 33 240
21 102 77 90 9 0 25 0.00 M M 15.8 25 240 M M 0 32 220
22 106 78 92 11 0 27 0.00 M M 17.2 32 270 M M 0 36 270
23 109 69 89 9 0 24 0.00 M M 9.3 25 250 M M 0 31 250
24 104 73 89 9 0 24 0.00 M M 13.8 30 220 M M 0 37 220
25 102 76 89 9 0 24 0.00 M M 13.9 29 240 M M 0 34 240
26 105 68 87 7 0 22 0.00 M M 9.8 24 240 M M 0 30 220
27 98 72 85 5 0 20 0.00 M M 15.7 32 250 M M 0 37 240
28 95 72 84 4 0 19 0.00 M M 14.3 24 250 M M 0 29 260
29 101 66 84 5 0 19 0.00 M M 8.6 21 250 M M 0 26 250
30 104 66 85 6 0 20 0.00 M M 7.4 20 250 M M 0 23 250
31 109 64 87 8 0 22 0.00 M M 6.8 24 270 M M 0 29 260
================================================================================
SM 3190 2224 0 702 T M 346.9 M 4
================================================================================
AV102.9 71.7 11.2 FASTST M M 0 MAX(MPH)
MISC ----> # 32 270 # 37 220
================================================================================
NOTES:
# LAST OF SEVERAL OCCURRENCES
COLUMN 17 PEAK WIND IN M.P.H.
PRELIMINARY LOCAL CLIMATOLOGICAL DATA (WS FORM: F-6) , PAGE 2
STATION: LANCASTER FOX FIELD CA
MONTH: AUGUST
YEAR: 2022
LATITUDE: 34 43 N
LONGITUDE: 118 13 W
[TEMPERATURE DATA] [PRECIPITATION DATA] SYMBOLS USED IN COLUMN 16
AVERAGE MONTHLY: 87.3 TOTAL FOR MONTH: T 1 = FOG OR MIST
DPTR FM NORMAL: 6.0 DPTR FM NORMAL: -0.01 2 = FOG REDUCING VISIBILITY
HIGHEST: 109 ON 31,23 GRTST 24HR T ON 31- 1 TO 1/4 MILE OR LESS
LOWEST: 63 ON 7 3 = THUNDER
SNOW, ICE PELLETS, HAIL 4 = ICE PELLETS
TOTAL MONTH: M 5 = HAIL
GRTST 24HR M ON M 6 = FREEZING RAIN OR DRIZZLE
GRTST DEPTH: M ON M 7 = DUSTSTORM OR SANDSTORM:
VSBY 1/2 MILE OR LESS
8 = SMOKE OR HAZE
[NO. OF DAYS WITH] [WEATHER - DAYS WITH] 9 = BLOWING SNOW
X = TORNADO
MAX 32 OR BELOW: 0 0.01 INCH OR MORE: 0
MAX 90 OR ABOVE: 31 0.10 INCH OR MORE: 0
MIN 32 OR BELOW: 0 0.50 INCH OR MORE: 0
MIN 0 OR BELOW: 0 1.00 INCH OR MORE: 0
[HDD (BASE 65) ]
TOTAL THIS MO. 0 CLEAR (SCALE 0-3) 31
DPTR FM NORMAL 0 PTCLDY (SCALE 4-7) 0
TOTAL FM JUL 1 0 CLOUDY (SCALE 8-10) 0
DPTR FM NORMAL 0
[CDD (BASE 65) ]
TOTAL THIS MO. 702
DPTR FM NORMAL 198 [PRESSURE DATA]
TOTAL FM JAN 1 1981 HIGHEST SLP 30.04 ON 1
DPTR FM NORMAL 415 LOWEST SLP 29.68 ON 23
[REMARKS]
#FINAL-08-22#