000
CXUS56 KMTR 010900
CF6WVI
PRELIMINARY LOCAL CLIMATOLOGICAL DATA (WS FORM: F-6)
STATION: WATSONVILLE AIRPORT
MONTH: JULY
YEAR: 2022
LATITUDE: 36 55 N
LONGITUDE: 121 47 W
TEMPERATURE IN F: :PCPN: SNOW: WIND :SUNSHINE: SKY :PK WND
================================================================================
1 2 3 4 5 6A 6B 7 8 9 10 11 12 13 14 15 16 17 18
12Z AVG MX 2MIN
DY MAX MIN AVG DEP HDD CDD WTR SNW DPTH SPD SPD DIR MIN PSBL S-S WX SPD DR
================================================================================
1 68 52 60 -2 5 0 0.00 M M 5.1 13 120 M M 7 21 180
2 71 53 62 0 3 0 0.00 M M 4.2 12 120 M M 6 17 200
3 68 52 60 -2 5 0 0.00 M M 5.0 15 250 M M 5 20 240
4 75 47 61 -1 4 0 0.00 M M 4.8 16 250 M M 6 1 22 260
5 75 58 67 5 0 2 0.00 M M 6.3 17 260 M M 6 1 24 270
6 72 55 64 2 1 0 T M M 6.4 16 250 M M 8 1 23 240
7 77 55 66 4 0 1 0.00 M M 4.2 12 180 M M 4 19 200
8 76 52 64 2 1 0 0.00 M M 5.3 13 150 M M 1 19 150
9 73 53 63 1 2 0 0.00 M M 3.8 13 160 M M 4 1 16 150
10 71 48 60 -2 5 0 0.00 M M 4.0 13 210 M M 4 12 19 210
11 71 51 61 -1 4 0 0.00 M M 4.0 13 240 M M 6 12 19 240
12 71 55 63 1 2 0 0.00 M M 5.0 14 260 M M 8 1 20 250
13 72 55 64 2 1 0 0.05 M M 5.1 15 250 M M 7 1 21 260
14 74 55 65 3 0 0 0.00 M M 4.4 13 160 M M 5 1 17 170
15 75 47 61 -1 4 0 0.00 M M 4.1 12 200 M M 2 12 20 200
16 73 51 62 0 3 0 0.00 M M 5.2 13 190 M M 3 1 17 210
17 70 50 60 -2 5 0 0.00 M M 4.1 13 190 M M 3 1 18 180
18 81 52 67 5 0 2 0.00 M M 4.5 13 190 M M 2 1 17 220
19 73 50 62 -1 3 0 0.00 M M 4.9 12 150 M M 3 12 16 170
20 72 52 62 -1 3 0 0.00 M M 4.4 13 180 M M 6 1 17 180
21 73 50 62 -1 3 0 0.00 M M 4.0 12 160 M M 4 12 16 200
22 76 47 62 -1 3 0 0.00 M M 4.0 12 160 M M 2 12 17 160
23 70 50 60 -3 5 0 T M M 5.1 13 200 M M 6 1 20 190
24 66 49 58 -5 7 0 0.00 M M 4.7 13 210 M M 8 1 20 250
25 67 52 60 -3 5 0 0.00 M M 5.3 13 250 M M 7 1 19 260
26 68 55 62 -1 3 0 T M M 6.0 15 270 M M 8 1 19 220
27 69 52 61 -2 4 0 0.01 M M 4.2 14 230 M M 6 1 19 250
28 73 52 63 0 2 0 T M M 4.7 12 130 M M 4 12 17 220
29 72 52 62 -1 3 0 0.00 M M 5.2 12 170 M M 6 1 18 200
30 71 56 64 1 1 0 0.00 M M 5.0 12 220 M M 6 16 220
31 80 55 68 5 0 3 0.00 M M 3.9 12 210 M M 2 1 17 250
================================================================================
SM 2243 1613 87 8 0.06 M 146.9 M 155
================================================================================
AV 72.4 52.0 4.7 FASTST M M 5 MAX(MPH)
MISC ----> 17 260 24 270
================================================================================
NOTES:
# LAST OF SEVERAL OCCURRENCES
COLUMN 17 PEAK WIND IN M.P.H.
PRELIMINARY LOCAL CLIMATOLOGICAL DATA (WS FORM: F-6) , PAGE 2
STATION: WATSONVILLE AIRPORT
MONTH: JULY
YEAR: 2022
LATITUDE: 36 55 N
LONGITUDE: 121 47 W
[TEMPERATURE DATA] [PRECIPITATION DATA] SYMBOLS USED IN COLUMN 16
AVERAGE MONTHLY: 62.2 TOTAL FOR MONTH: 0.06 1 = FOG OR MIST
DPTR FM NORMAL: -0.3 DPTR FM NORMAL: 0.04 2 = FOG REDUCING VISIBILITY
HIGHEST: 81 ON 18 GRTST 24HR 0.05 ON 13-13 TO 1/4 MILE OR LESS
LOWEST: 47 ON 22,15 3 = THUNDER
SNOW, ICE PELLETS, HAIL 4 = ICE PELLETS
TOTAL MONTH: M 5 = HAIL
GRTST 24HR M ON M 6 = FREEZING RAIN OR DRIZZLE
GRTST DEPTH: M ON M 7 = DUSTSTORM OR SANDSTORM:
VSBY 1/2 MILE OR LESS
8 = SMOKE OR HAZE
[NO. OF DAYS WITH] [WEATHER - DAYS WITH] 9 = BLOWING SNOW
X = TORNADO
MAX 32 OR BELOW: 0 0.01 INCH OR MORE: 2
MAX 90 OR ABOVE: 0 0.10 INCH OR MORE: 0
MIN 32 OR BELOW: 0 0.50 INCH OR MORE: 0
MIN 0 OR BELOW: 0 1.00 INCH OR MORE: 0
[HDD (BASE 65) ]
TOTAL THIS MO. 87 CLEAR (SCALE 0-3) 8
DPTR FM NORMAL -4 PTCLDY (SCALE 4-7) 23
TOTAL FM JUL 1 87 CLOUDY (SCALE 8-10) 0
DPTR FM NORMAL -6
[CDD (BASE 65) ]
TOTAL THIS MO. 8
DPTR FM NORMAL -5 [PRESSURE DATA]
TOTAL FM JAN 1 42 HIGHEST SLP M ON M
DPTR FM NORMAL 7 LOWEST SLP 29.85 ON 17
[REMARKS]
#FINAL-07-22#