000
CXAK56 PAJK 011310
CF6YAK
PRELIMINARY LOCAL CLIMATOLOGICAL DATA (WS FORM: F-6)
STATION: YAKUTAT
MONTH: MAY
YEAR: 2023
LATITUDE: 59 31 N
LONGITUDE: 139 40 W
TEMPERATURE IN F: :PCPN: SNOW: WIND :SUNSHINE: SKY :PK WND
================================================================================
1 2 3 4 5 6A 6B 7 8 9 10 11 12 13 14 15 16 17 18
12Z AVG MX 2MIN
DY MAX MIN AVG DEP HDD CDD WTR SNW DPTH SPD SPD DIR MIN PSBL S-S WX SPD DR
================================================================================
1 43 38 41 -1 24 0 1.68 M M 9.8 21 120 M M 10 1 30 130
2 43 36 40 -3 25 0 1.14 M M 4.6 10 250 M M 10 1 14 80
3 42 34 38 -5 27 0 0.07 M M 4.6 13 110 M M 10 1 15 90
4 48 31 40 -3 25 0 0.17 M M 2.8 21 180 M M 7 1 27 200
5 51 28 40 -3 25 0 0.00 M M 3.8 13 260 M M 1 1 16 220
6 49 29 39 -5 26 0 0.00 M M 3.8 12 240 M M 3 1 19 260
7 50 28 39 -5 26 0 0.00 M M 3.8 14 220 M M 5 12 19 220
8 48 38 43 -1 22 0 0.20 M M 5.8 13 160 M M 8 1 17 180
9 52 38 45 1 20 0 T M M 4.6 15 130 M M 6 21 130
10 54 38 46 2 19 0 0.00 M M 5.7 18 160 M M 5 25 160
11 54 45 50 5 15 0 0.23 M M 6.2 14 60 M M 10 1 19 90
12 54 45 50 5 15 0 0.83 M M 8.4 22 120 M M 10 1 33 120
13 55 44 50 5 15 0 0.06 M M 4.8 12 160 M M 10 1 16 120
14 60 38 49 4 16 0 0.00 M M 4.1 13 230 M M 3 1 16 270
15 58 34 46 1 19 0 0.00 M M 5.1 15 220 M M 3 12 19 220
16 61 39 50 4 15 0 0.00 M M 4.6 12 270 M M 3 12 15 290
17 59 37 48 2 17 0 0.00 M M 4.6 14 220 M M 0 18 17 230
18 77 34 56 10 9 0 0.00 M M 2.3 10 240 M M 2 12 14 280
19 60 48 54 8 11 0 0.30 M M 11.6 25 120 M M 8 1 39 130
20 51 45 48 2 17 0 T M M 4.8 9 280 M M 9 18 12 300
21 53 44 49 2 16 0 0.00 M M 7.5 16 230 M M 9 22 240
22 52 36 44 -3 21 0 0.09 M M 4.6 10 240 M M 7 1 14 290
23 54 36 45 -2 20 0 0.02 M M 2.6 13 230 M M 7 16 210
24 50 45 48 1 17 0 0.13 M M 5.9 15 110 M M 10 18 22 120
25 57 46 52 4 13 0 0.49 M M 8.2 20 120 M M 10 18 28 130
26 48 41 45 -3 20 0 0.51 M M 6.6 15 170 M M 10 1 22 190
27 48 41 45 -3 20 0 2.23 M M 13.3 23 120 M M 10 1 38 120
28 48 43 46 -2 19 0 1.14 M M 5.8 13 120 M M 10 1 18 120
29 49 41 45 -3 20 0 0.81 M M 5.0 14 110 M M 9 1 18 150
30 48 39 44 -5 21 0 0.06 M M 3.9 12 120 M M 9 1 15 150
31 50 41 46 -3 19 0 0.43 M M 5.2 13 160 M M 10 1 17 170
================================================================================
SM 1626 1200 594 0 10.59 M 174.4 M 224
================================================================================
AV 52.5 38.7 5.6 FASTST M M 7 MAX(MPH)
MISC ----> 25 120 39 130
================================================================================
NOTES:
# LAST OF SEVERAL OCCURRENCES
COLUMN 17 PEAK WIND IN M.P.H.
PRELIMINARY LOCAL CLIMATOLOGICAL DATA (WS FORM: F-6) , PAGE 2
STATION: YAKUTAT
MONTH: MAY
YEAR: 2023
LATITUDE: 59 31 N
LONGITUDE: 139 40 W
[TEMPERATURE DATA] [PRECIPITATION DATA] SYMBOLS USED IN COLUMN 16
AVERAGE MONTHLY: 45.6 TOTAL FOR MONTH: 10.59 1 = FOG OR MIST
DPTR FM NORMAL: 0.0 DPTR FM NORMAL: 2.74 2 = FOG REDUCING VISIBILITY
HIGHEST: 77 ON 18 GRTST 24HR 2.64 ON 27-28 TO 1/4 MILE OR LESS
LOWEST: 28 ON 7, 5 3 = THUNDER
SNOW, ICE PELLETS, HAIL 4 = ICE PELLETS
TOTAL MONTH: M 5 = HAIL
GRTST 24HR M ON M 6 = FREEZING RAIN OR DRIZZLE
GRTST DEPTH: M ON M 7 = DUSTSTORM OR SANDSTORM:
VSBY 1/2 MILE OR LESS
8 = SMOKE OR HAZE
[NO. OF DAYS WITH] [WEATHER - DAYS WITH] 9 = BLOWING SNOW
X = TORNADO
MAX 32 OR BELOW: 0 0.01 INCH OR MORE: 19
MAX 90 OR ABOVE: 0 0.10 INCH OR MORE: 14
MIN 32 OR BELOW: 4 0.50 INCH OR MORE: 7
MIN 0 OR BELOW: 0 1.00 INCH OR MORE: 4
[HDD (BASE 65) ]
TOTAL THIS MO. 594 CLEAR (SCALE 0-3) 5
DPTR FM NORMAL -6 PTCLDY (SCALE 4-7) 10
TOTAL FM JUL 1 7870 CLOUDY (SCALE 8-10) 16
DPTR FM NORMAL -444
[CDD (BASE 65) ]
TOTAL THIS MO. 0
DPTR FM NORMAL 0 [PRESSURE DATA]
TOTAL FM JAN 1 0 HIGHEST SLP 30.44 ON 14
DPTR FM NORMAL 0 LOWEST SLP 29.61 ON 28
[REMARKS]
#FINAL-05-23#