000
CXUS51 KPBZ 010730
CF6ZZV
PRELIMINARY LOCAL CLIMATOLOGICAL DATA (WS FORM: F-6)
STATION: ZANESVILLE OH
MONTH: OCTOBER
YEAR: 2022
LATITUDE: 39 56 N
LONGITUDE: 81 54 W
TEMPERATURE IN F: :PCPN: SNOW: WIND :SUNSHINE: SKY :PK WND
================================================================================
1 2 3 4 5 6A 6B 7 8 9 10 11 12 13 14 15 16 17 18
12Z AVG MX 2MIN
DY MAX MIN AVG DEP HDD CDD WTR SNW DPTH SPD SPD DIR MIN PSBL S-S WX SPD DR
================================================================================
1 58 51 55 -5 10 0 0.12 M M 6.6 13 30 M M 8 1 19 350
2 68 47 58 -2 7 0 0.00 M M 8.2 17 10 M M 7 23 10
3 65 41 53 -6 12 0 0.00 M M 4.7 15 60 M M 0 20 70
4 67 41 54 -5 11 0 0.00 M M 4.1 13 50 M M 0 17 360
5 73 37 55 -3 10 0 0.00 M M 1.1 9 300 M M 0 12 330
6 70 44 57 -1 8 0 0.00 M M 2.4 10 190 M M 3 1 13 180
7 58 39 49 -9 16 0 0.00 M M 6.3 14 330 M M 8 18 310
8 56 35 46 -11 19 0 0.00 M M 3.4 13 270 M M 3 1 16 270
9 61 31 46 -11 19 0 0.00 M M 4.0 16 260 M M 0 20 250
10 69 36 53 -4 12 0 0.00 M M 3.3 13 260 M M 1 18 240
11 71 39 55 -1 10 0 0.00 M M 2.4 13 190 M M 0 16 190
12 73 45 59 3 6 0 0.11 M M 8.2 18 190 M M 4 1 24 180
13 64 46 55 0 10 0 0.46 M M 7.7 15 270 M M 7 1 25 300
14 63 35 49 -6 16 0 0.00 M M 6.8 24 200 M M 1 33 200
15 60 40 50 -5 15 0 0.00 M M 8.1 18 170 M M 1 25 290
16 67 37 52 -2 13 0 0.00 M M 4.8 14 200 M M 4 18 210
17 54 40 47 -7 18 0 0.00 M M 13.0 23 260 M M 6 31 270
18 45 36 41 -13 24 0 0.04 M M 10.7 22 250 M M 10 1 32 260
19 47 32 40 -13 25 0 0.09 M M 9.2 21 260 M M 7 1 28 270
20 54 30 42 -11 23 0 0.00 M M 6.2 21 240 M M 3 26 250
21 66 34 50 -2 15 0 0.00 M M 7.3 21 200 M M 0 26 200
22 74 41 58 6 7 0 0.00 M M 5.1 13 170 M M 0 17 180
23 76 44 60 8 5 0 0.00 M M 1.5 12 160 M M 0 14 160
24 76 40 58 7 7 0 0.00 M M 2.0 12 130 M M 0 17 150
25 74 44 59 8 6 0 0.00 M M 4.8 15 160 M M 0 19 150
26 65 48 57 6 8 0 0.22 M M 9.9 22 270 M M 10 18 30 270
27 57 44 51 1 14 0 0.00 M M 6.1 12 40 M M 5 17 60
28 62 39 51 1 14 0 0.00 M M 2.6 9 50 M M 0 12 120
29 66 32 49 -1 16 0 0.00 M M 1.8 13 100 M M 0 16 110
30 66 36 51 2 14 0 0.08 M M 2.7 8 100 M M 2 11 110
31 69 55 62 13 3 0 0.18 M M 5.6 16 270 M M 9 1 23 280
================================================================================
SM 1994 1239 393 0 1.30 M 170.6 M 99
================================================================================
AV 64.3 40.0 5.5 FASTST M M 3 MAX(MPH)
MISC ----> 24 200 33 200
================================================================================
NOTES:
# LAST OF SEVERAL OCCURRENCES
COLUMN 17 PEAK WIND IN M.P.H.
PRELIMINARY LOCAL CLIMATOLOGICAL DATA (WS FORM: F-6) , PAGE 2
STATION: ZANESVILLE OH
MONTH: OCTOBER
YEAR: 2022
LATITUDE: 39 56 N
LONGITUDE: 81 54 W
[TEMPERATURE DATA] [PRECIPITATION DATA] SYMBOLS USED IN COLUMN 16
AVERAGE MONTHLY: 52.1 TOTAL FOR MONTH: 1.30 1 = FOG OR MIST
DPTR FM NORMAL: -2.2 DPTR FM NORMAL: -1.51 2 = FOG REDUCING VISIBILITY
HIGHEST: 76 ON 24,23 GRTST 24HR 0.57 ON 12-13 TO 1/4 MILE OR LESS
LOWEST: 30 ON 20 3 = THUNDER
SNOW, ICE PELLETS, HAIL 4 = ICE PELLETS
TOTAL MONTH: M 5 = HAIL
GRTST 24HR M ON M 6 = FREEZING RAIN OR DRIZZLE
GRTST DEPTH: M ON M 7 = DUSTSTORM OR SANDSTORM:
VSBY 1/2 MILE OR LESS
8 = SMOKE OR HAZE
[NO. OF DAYS WITH] [WEATHER - DAYS WITH] 9 = BLOWING SNOW
X = TORNADO
MAX 32 OR BELOW: 0 0.01 INCH OR MORE: 8
MAX 90 OR ABOVE: 0 0.10 INCH OR MORE: 5
MIN 32 OR BELOW: 4 0.50 INCH OR MORE: 0
MIN 0 OR BELOW: 0 1.00 INCH OR MORE: 0
[HDD (BASE 65) ]
TOTAL THIS MO. 393 CLEAR (SCALE 0-3) 17
DPTR FM NORMAL 49 PTCLDY (SCALE 4-7) 11
TOTAL FM JUL 1 486 CLOUDY (SCALE 8-10) 3
DPTR FM NORMAL 62
[CDD (BASE 65) ]
TOTAL THIS MO. 0
DPTR FM NORMAL -14 [PRESSURE DATA]
TOTAL FM JAN 1 907 HIGHEST SLP 30.44 ON 28
DPTR FM NORMAL -5 LOWEST SLP 29.64 ON 13
[REMARKS]
#FINAL-10-22#